{"id":1551,"date":"2025-08-10T12:28:23","date_gmt":"2025-08-10T10:28:23","guid":{"rendered":"https:\/\/www.27-215.pl\/?post_type=product&#038;p=1551"},"modified":"2026-04-04T08:52:53","modified_gmt":"2026-04-04T06:52:53","slug":"palacio-forte-cbd-zel-do-masazu-z-cbd-600-ml","status":"publish","type":"product","link":"https:\/\/27-215.pl\/index.php\/produkt\/palacio-forte-cbd-zel-do-masazu-z-cbd-600-ml\/","title":{"rendered":"PALACIO Forte CBD \u2013 \u017bel do masa\u017cu z CBD 600 ml"},"content":{"rendered":"<p data-start=\"247\" data-end=\"625\">Odczuwasz napi\u0119cie mi\u0119\u015bniowe, b\u00f3le plec\u00f3w lub staw\u00f3w? \ud83d\udcaa <strong data-start=\"304\" data-end=\"325\">PALACIO Forte CBD<\/strong> to specjalistyczny \u017cel do masa\u017cu, kt\u00f3ry \u0142\u0105czy <strong data-start=\"372\" data-end=\"412\">dzia\u0142anie regeneruj\u0105ce i relaksuj\u0105ce<\/strong> z moc\u0105 naturalnych sk\u0142adnik\u00f3w \u2013 w tym <strong data-start=\"451\" data-end=\"473\">CBD (kannabidiolu)<\/strong> i <strong data-start=\"476\" data-end=\"495\">oleju konopnego<\/strong>. Dzi\u0119ki zawarto\u015bci olejk\u00f3w eterycznych i zi\u00f3\u0142 \u017cel <strong data-start=\"546\" data-end=\"624\">przyspiesza regeneracj\u0119, wspiera kr\u0105\u017cenie i rozlu\u017ania napi\u0119te partie cia\u0142a<\/strong>.<\/p>\n<p data-start=\"627\" data-end=\"1021\">\ud83e\uddd8\u200d\u2642\ufe0f <strong data-start=\"633\" data-end=\"676\">Redukuje napi\u0119cie mi\u0119\u015bniowe i zm\u0119czenie<\/strong><br data-start=\"676\" data-end=\"679\" \/>\ud83d\udc86 <strong data-start=\"682\" data-end=\"727\">Dzia\u0142a relaksuj\u0105co i wspomaga regeneracj\u0119<\/strong><br data-start=\"727\" data-end=\"730\" \/>\ud83e\uddb5 <strong data-start=\"733\" data-end=\"784\">Poprawia elastyczno\u015b\u0107 mi\u0119\u015bni i ruchomo\u015b\u0107 staw\u00f3w<\/strong><br data-start=\"784\" data-end=\"787\" \/>\ud83d\udca7 <strong data-start=\"790\" data-end=\"844\">Szybko si\u0119 wch\u0142ania, nie pozostawia t\u0142ustego filmu<\/strong><br data-start=\"844\" data-end=\"847\" \/>\ud83c\udf31 <strong data-start=\"850\" data-end=\"894\">94,2% sk\u0142adnik\u00f3w pochodzenia naturalnego<\/strong><br data-start=\"894\" data-end=\"897\" \/>\ud83c\udf3f <strong data-start=\"900\" data-end=\"940\">Zio\u0142owy zapach i uczucie od\u015bwie\u017cenia<\/strong><br data-start=\"940\" data-end=\"943\" \/>\ud83d\udd2c <strong data-start=\"946\" data-end=\"976\">Testowany dermatologicznie<\/strong><br data-start=\"976\" data-end=\"979\" \/>\u26a0\ufe0f <strong data-start=\"982\" data-end=\"1021\">Nie stosowa\u0107 u dzieci poni\u017cej 3 lat<\/strong><\/p>\n<h3 data-start=\"1023\" data-end=\"1041\">\u2705 W\u0142a\u015bciwo\u015bci:<\/h3>\n<ul data-start=\"1043\" data-end=\"1266\">\n<li data-start=\"1043\" data-end=\"1091\">\n<p data-start=\"1045\" data-end=\"1091\">\u0141agodzi b\u00f3le plec\u00f3w, karku, bark\u00f3w i ko\u0144czyn<\/p>\n<\/li>\n<li data-start=\"1092\" data-end=\"1143\">\n<p data-start=\"1094\" data-end=\"1143\">Os\u0142abia skurcze mi\u0119\u015bni i dzia\u0142a przeciwzapalnie<\/p>\n<\/li>\n<li data-start=\"1144\" data-end=\"1199\">\n<p data-start=\"1146\" data-end=\"1199\">Doskona\u0142y po wysi\u0142ku fizycznym lub stresuj\u0105cym dniu<\/p>\n<\/li>\n<li data-start=\"1200\" data-end=\"1266\">\n<p data-start=\"1202\" data-end=\"1266\">Idealny do masa\u017cy relaksacyjnych, sportowych i regeneracyjnych<\/p>\n<\/li>\n<\/ul>\n<h3 data-start=\"1268\" data-end=\"1293\">\ud83c\udf31 Sk\u0142adniki aktywne:<\/h3>\n<ul data-start=\"1295\" data-end=\"1679\">\n<li data-start=\"1295\" data-end=\"1365\">\n<p data-start=\"1297\" data-end=\"1365\"><strong data-start=\"1297\" data-end=\"1313\">Olej konopny<\/strong> \u2013 nawil\u017ca, regeneruje, wspiera elastyczno\u015b\u0107 sk\u00f3ry<\/p>\n<\/li>\n<li data-start=\"1366\" data-end=\"1440\">\n<p data-start=\"1368\" data-end=\"1440\"><strong data-start=\"1368\" data-end=\"1389\">CBD (kannabidiol)<\/strong> \u2013 dzia\u0142a przeciwb\u00f3lowo, przeciwzapalnie i koj\u0105co<\/p>\n<\/li>\n<li data-start=\"1441\" data-end=\"1510\">\n<p data-start=\"1443\" data-end=\"1510\"><strong data-start=\"1443\" data-end=\"1467\">Olejek eukaliptusowy<\/strong> \u2013 od\u015bwie\u017ca, pobudza kr\u0105\u017cenie i rozlu\u017ania<\/p>\n<\/li>\n<li data-start=\"1511\" data-end=\"1565\">\n<p data-start=\"1513\" data-end=\"1565\"><strong data-start=\"1513\" data-end=\"1524\">Kamfora<\/strong> \u2013 dzia\u0142a rozgrzewaj\u0105co i przeciwb\u00f3lowo<\/p>\n<\/li>\n<li data-start=\"1566\" data-end=\"1615\">\n<p data-start=\"1568\" data-end=\"1615\"><strong data-start=\"1568\" data-end=\"1578\">Mentol<\/strong> \u2013 zapewnia efekt ch\u0142odzenia i ulgi<\/p>\n<\/li>\n<li data-start=\"1616\" data-end=\"1679\">\n<p data-start=\"1618\" data-end=\"1679\"><strong data-start=\"1618\" data-end=\"1639\">Ekstrakty zio\u0142owe<\/strong> \u2013 dzia\u0142aj\u0105 \u0142agodz\u0105co i piel\u0119gnacyjnie<\/p>\n<\/li>\n<\/ul>\n<h3 data-start=\"1681\" data-end=\"1701\">\ud83e\uddf4 Jak stosowa\u0107?<\/h3>\n<p data-start=\"1703\" data-end=\"1925\">Na\u0142\u00f3\u017c \u017cel na wybrane partie cia\u0142a \u2013 szczeg\u00f3lnie na plecy, kark, nogi lub miejsca odczuwalnego napi\u0119cia. Wmasuj dok\u0142adnie, a\u017c do ca\u0142kowitego wch\u0142oni\u0119cia.<br data-start=\"1855\" data-end=\"1858\" \/>\ud83d\udca1 Im d\u0142u\u017cej masujesz, tym <strong data-start=\"1885\" data-end=\"1924\">lepsze i bardziej odczuwalne efekty<\/strong>.<\/p>\n<p data-start=\"1927\" data-end=\"1996\">\u26a0\ufe0f Tylko do u\u017cytku zewn\u0119trznego. Nie stosowa\u0107 u dzieci poni\u017cej 3 lat.<\/p>\n<h3 data-start=\"1998\" data-end=\"2050\">\ud83c\udf3f CBD \u2013 naturalne ukojenie i wsparcie dla cia\u0142a<\/h3>\n<p data-start=\"2052\" data-end=\"2501\"><strong data-start=\"2052\" data-end=\"2073\">Kannabidiol (CBD)<\/strong> to jeden z najbardziej cenionych sk\u0142adnik\u00f3w w produktach do masa\u017cu. Pozyskiwany z konopi, <strong data-start=\"2164\" data-end=\"2219\">dzia\u0142a przeciwzapalnie, przeciwb\u00f3lowo i relaksuj\u0105co<\/strong>, pomagaj\u0105c rozlu\u017ani\u0107 spi\u0119te mi\u0119\u015bnie i z\u0142agodzi\u0107 b\u00f3l. Dodatkowo <strong data-start=\"2283\" data-end=\"2312\">CBD wspiera zdrowie sk\u00f3ry<\/strong> \u2013 nawil\u017ca j\u0105, dzia\u0142a antyoksydacyjnie i poprawia elastyczno\u015b\u0107. Odpowiedni dla wszystkich typ\u00f3w sk\u00f3ry, idealny dla os\u00f3b szukaj\u0105cych <strong data-start=\"2444\" data-end=\"2500\">naturalnego wsparcia w regeneracji i redukcji stresu<\/strong>.<\/p>\n","protected":false},"excerpt":{"rendered":"<p>Odczuwasz napi\u0119cie mi\u0119\u015bniowe, b\u00f3le plec\u00f3w lub staw\u00f3w? \ud83d\udcaa PALACIO Forte CBD to specjalistyczny \u017cel do masa\u017cu, kt\u00f3ry \u0142\u0105czy dzia\u0142anie regeneruj\u0105ce i relaksuj\u0105ce z moc\u0105 naturalnych sk\u0142adnik\u00f3w \u2013 w tym CBD (kannabidiolu) i oleju konopnego. Dzi\u0119ki zawarto\u015bci olejk\u00f3w eterycznych i zi\u00f3\u0142 \u017cel przyspiesza regeneracj\u0119, wspiera kr\u0105\u017cenie i rozlu\u017ania napi\u0119te partie cia\u0142a. \ud83e\uddd8\u200d\u2642\ufe0f Redukuje napi\u0119cie mi\u0119\u015bniowe i [&hellip;]<\/p>\n","protected":false},"featured_media":1561,"template":"","meta":[],"product_brand":[22],"product_cat":[21],"product_tag":[],"class_list":{"0":"post-1551","1":"product","2":"type-product","3":"status-publish","4":"has-post-thumbnail","6":"product_brand-palacio","7":"product_cat-palacio","9":"first","10":"instock","11":"taxable","12":"shipping-taxable","13":"purchasable","14":"product-type-simple"},"_links":{"self":[{"href":"https:\/\/27-215.pl\/index.php\/wp-json\/wp\/v2\/product\/1551","targetHints":{"allow":["GET"]}}],"collection":[{"href":"https:\/\/27-215.pl\/index.php\/wp-json\/wp\/v2\/product"}],"about":[{"href":"https:\/\/27-215.pl\/index.php\/wp-json\/wp\/v2\/types\/product"}],"wp:featuredmedia":[{"embeddable":true,"href":"https:\/\/27-215.pl\/index.php\/wp-json\/wp\/v2\/media\/1561"}],"wp:attachment":[{"href":"https:\/\/27-215.pl\/index.php\/wp-json\/wp\/v2\/media?parent=1551"}],"wp:term":[{"taxonomy":"product_brand","embeddable":true,"href":"https:\/\/27-215.pl\/index.php\/wp-json\/wp\/v2\/product_brand?post=1551"},{"taxonomy":"product_cat","embeddable":true,"href":"https:\/\/27-215.pl\/index.php\/wp-json\/wp\/v2\/product_cat?post=1551"},{"taxonomy":"product_tag","embeddable":true,"href":"https:\/\/27-215.pl\/index.php\/wp-json\/wp\/v2\/product_tag?post=1551"}],"curies":[{"name":"wp","href":"https:\/\/api.w.org\/{rel}","templated":true}]}}