{"id":1597,"date":"2025-09-15T10:42:57","date_gmt":"2025-09-15T08:42:57","guid":{"rendered":"https:\/\/www.27-215.pl\/?post_type=product&#038;p=1597"},"modified":"2026-04-04T08:53:00","modified_gmt":"2026-04-04T06:53:00","slug":"pleva-eliksir-mlodosci-z-mleczkiem-pszczelim-30g","status":"publish","type":"product","link":"https:\/\/27-215.pl\/index.php\/produkt\/pleva-eliksir-mlodosci-z-mleczkiem-pszczelim-30g\/","title":{"rendered":"Pleva Eliksir m\u0142odo\u015bci z mleczkiem pszczelim 30g"},"content":{"rendered":"<p data-start=\"203\" data-end=\"525\">Przywr\u00f3\u0107 swojej sk\u00f3rze j\u0119drno\u015b\u0107, elastyczno\u015b\u0107 i naturalny blask \ud83c\udf6f <strong data-start=\"270\" data-end=\"290\">Eliksir m\u0142odo\u015bci<\/strong> od Pleva to krem stworzony dla sk\u00f3ry 45+, kt\u00f3ra potrzebuje wsparcia w walce ze zmarszczkami, utrat\u0105 kolagenu i przebarwieniami. Naturalne sk\u0142adniki dzia\u0142aj\u0105 kompleksowo \u2013 regeneruj\u0105, nawil\u017caj\u0105 i chroni\u0105 przed codziennymi stresorami.<\/p>\n<p data-start=\"527\" data-end=\"1134\">\ud83d\udc1d <strong data-start=\"530\" data-end=\"550\">Mleczko pszczele<\/strong> \u2013 bogactwo witamin i sk\u0142adnik\u00f3w od\u017cywczych wspomagaj\u0105cych regeneracj\u0119 sk\u00f3ry.<br data-start=\"627\" data-end=\"630\" \/>\ud83d\udca7 <strong data-start=\"633\" data-end=\"647\">Pentavitin<\/strong> \u2013 naturalny sk\u0142adnik zapewniaj\u0105cy nawil\u017cenie przez nawet 72 godziny.<br data-start=\"716\" data-end=\"719\" \/>\ud83c\udf3f <strong data-start=\"722\" data-end=\"752\">EPS White (ekstrakt z alg)<\/strong> \u2013 pomaga wyr\u00f3wna\u0107 koloryt oraz ograniczy\u0107 przebarwienia sk\u00f3ry.<br data-start=\"815\" data-end=\"818\" \/>\ud83e\udd65 <strong data-start=\"821\" data-end=\"852\">Mas\u0142o shea i olej makadamia<\/strong> \u2013 od\u017cywiaj\u0105, zmi\u0119kczaj\u0105 i regeneruj\u0105.<br data-start=\"890\" data-end=\"893\" \/>\ud83c\udf31 <strong data-start=\"896\" data-end=\"941\">Ceramidy ro\u015blinne (Vegetal Ceramides BGS)<\/strong> \u2013 wspieraj\u0105 barier\u0119 ochronn\u0105 sk\u00f3ry i wzmacniaj\u0105 jej funkcj\u0119 ochronn\u0105.<br data-start=\"1011\" data-end=\"1014\" \/>\ud83c\udf1f <strong data-start=\"1017\" data-end=\"1034\">d\u2019Orientine S<\/strong> \u2013 naturalny sk\u0142adnik z pestek daktyla, kt\u00f3ry wyg\u0142adza zmarszczki i chroni przed ich powstawaniem.<\/p>\n<p data-start=\"1136\" data-end=\"1278\">Efekt? <strong data-start=\"1143\" data-end=\"1216\">Sk\u00f3ra staje si\u0119 bardziej napi\u0119ta, wyg\u0142adzona, promienna i odm\u0142odzona.<\/strong> Widoczne rezultaty ju\u017c po 28 dniach regularnego stosowania.<\/p>\n<h3 data-start=\"1280\" data-end=\"1302\">\ud83c\udf38 Jak stosowa\u0107?<\/h3>\n<p data-start=\"1303\" data-end=\"1511\">Oczy\u015b\u0107 sk\u00f3r\u0119 twarzy i szyi, na\u0142\u00f3\u017c niewielk\u0105 ilo\u015b\u0107 kremu i delikatnie wklep opuszkami palc\u00f3w. Stosuj <strong data-start=\"1403\" data-end=\"1440\">raz dziennie, najlepiej wieczorem<\/strong>. Krem szybko si\u0119 wch\u0142ania (do 3 minut), nie zostawia t\u0142ustego filmu.<\/p>\n<p data-start=\"1513\" data-end=\"1710\">\ud83e\uddfe Sk\u0142adniki: aqua, mas\u0142o shea, olej makadamia, mleczko pszczele, ekstrakt z r\u00f3\u017cy, Pentavitin, EPS White, Ceramidy ro\u015blinne, d\u2019Orientine S (z pestek daktyla), naturalne oleje i sk\u0142adniki od\u017cywcze<\/p>\n<p data-start=\"1712\" data-end=\"1733\">\u2696\ufe0f Pojemno\u015b\u0107: 30 ml<\/p>\n","protected":false},"excerpt":{"rendered":"<p>Przywr\u00f3\u0107 swojej sk\u00f3rze j\u0119drno\u015b\u0107, elastyczno\u015b\u0107 i naturalny blask \ud83c\udf6f Eliksir m\u0142odo\u015bci od Pleva to krem stworzony dla sk\u00f3ry 45+, kt\u00f3ra potrzebuje wsparcia w walce ze zmarszczkami, utrat\u0105 kolagenu i przebarwieniami. Naturalne sk\u0142adniki dzia\u0142aj\u0105 kompleksowo \u2013 regeneruj\u0105, nawil\u017caj\u0105 i chroni\u0105 przed codziennymi stresorami. \ud83d\udc1d Mleczko pszczele \u2013 bogactwo witamin i sk\u0142adnik\u00f3w od\u017cywczych wspomagaj\u0105cych regeneracj\u0119 sk\u00f3ry.\ud83d\udca7 Pentavitin [&hellip;]<\/p>\n","protected":false},"featured_media":1598,"template":"","meta":[],"product_brand":[27],"product_cat":[28],"product_tag":[],"class_list":{"0":"post-1597","1":"product","2":"type-product","3":"status-publish","4":"has-post-thumbnail","6":"product_brand-pleva","7":"product_cat-pleva","9":"first","10":"instock","11":"taxable","12":"shipping-taxable","13":"purchasable","14":"product-type-simple"},"_links":{"self":[{"href":"https:\/\/27-215.pl\/index.php\/wp-json\/wp\/v2\/product\/1597","targetHints":{"allow":["GET"]}}],"collection":[{"href":"https:\/\/27-215.pl\/index.php\/wp-json\/wp\/v2\/product"}],"about":[{"href":"https:\/\/27-215.pl\/index.php\/wp-json\/wp\/v2\/types\/product"}],"wp:featuredmedia":[{"embeddable":true,"href":"https:\/\/27-215.pl\/index.php\/wp-json\/wp\/v2\/media\/1598"}],"wp:attachment":[{"href":"https:\/\/27-215.pl\/index.php\/wp-json\/wp\/v2\/media?parent=1597"}],"wp:term":[{"taxonomy":"product_brand","embeddable":true,"href":"https:\/\/27-215.pl\/index.php\/wp-json\/wp\/v2\/product_brand?post=1597"},{"taxonomy":"product_cat","embeddable":true,"href":"https:\/\/27-215.pl\/index.php\/wp-json\/wp\/v2\/product_cat?post=1597"},{"taxonomy":"product_tag","embeddable":true,"href":"https:\/\/27-215.pl\/index.php\/wp-json\/wp\/v2\/product_tag?post=1597"}],"curies":[{"name":"wp","href":"https:\/\/api.w.org\/{rel}","templated":true}]}}