{"id":2537,"date":"2025-11-06T09:57:56","date_gmt":"2025-11-06T08:57:56","guid":{"rendered":"https:\/\/www.27-215.pl\/?post_type=product&#038;p=2537"},"modified":"2026-04-17T08:12:03","modified_gmt":"2026-04-17T06:12:03","slug":"putorius-ziolowy-balsam-extra-silny-w-tubie-150-ml","status":"publish","type":"product","link":"https:\/\/27-215.pl\/index.php\/produkt\/putorius-ziolowy-balsam-extra-silny-w-tubie-150-ml\/","title":{"rendered":"Balsam Putorius Zio\u0142owy extra silny, 150 ml, w tubie"},"content":{"rendered":"<p data-start=\"0\" data-end=\"118\"><strong data-start=\"0\" data-end=\"54\">Balsam Putorius Zio\u0142owy extra silny w tubie 150 ml<\/strong> \ud83d\udcaa\ud83c\udf3f<\/p>\n<p data-start=\"0\" data-end=\"118\">Zm\u0119czona, obci\u0105\u017cona sk\u00f3ra znajdzie ulg\u0119 dzi\u0119ki mocy regeneracji<\/p>\n<p data-start=\"120\" data-end=\"413\">Por\u0119czna tuba z intensywnie dzia\u0142aj\u0105cym zio\u0142owym balsamem to idealny wyb\u00f3r dla os\u00f3b, kt\u00f3re s\u0105 aktywne, pracuj\u0105 fizycznie lub walcz\u0105 ze zm\u0119czeniem mi\u0119\u015bni i sk\u00f3ry. Bogata kompozycja naturalnych ekstrakt\u00f3w pozwala na rozlu\u017anienie, regeneracj\u0119 i przywr\u00f3cenie sk\u00f3rze komfortu, g\u0142adko\u015bci i elastyczno\u015bci.<\/p>\n<p data-start=\"415\" data-end=\"770\">\u2705 <strong data-start=\"417\" data-end=\"436\">Dlaczego warto u\u017cywa\u0107 tego balsamu?<\/strong><br data-start=\"436\" data-end=\"439\" \/>\u2022 przynosi sk\u00f3rze mi\u0119kko\u015b\u0107, elastyczno\u015b\u0107 i zdrowy wygl\u0105d<br data-start=\"498\" data-end=\"501\" \/>\u2022 wspiera proces regeneracji i odbudowy sk\u00f3ry<br data-start=\"539\" data-end=\"542\" \/>\u2022 jest pomocny w przypadku egzem\u00f3w i innych problem\u00f3w sk\u00f3rnych<br data-start=\"587\" data-end=\"590\" \/>\u2022 zapewnia ulg\u0119 po intensywnym wysi\u0142ku i d\u0142ugim staniu<br data-start=\"632\" data-end=\"635\" \/>\u2022 koi, od\u015bwie\u017ca i \u0142agodzi napi\u0119cia sk\u00f3ry<br data-start=\"675\" data-end=\"678\" \/>\u2022 pomaga w redukowaniu obrz\u0119k\u00f3w i zm\u0119czenia mi\u0119\u015bni<br data-start=\"720\" data-end=\"723\" \/>\u2022 wspiera naturalny proces odnowy kom\u00f3rek i regeneracji tkanek<\/p>\n<p data-start=\"772\" data-end=\"1307\">\ud83c\udf3f <strong data-start=\"775\" data-end=\"802\">Unikalna kompozycja zi\u00f3\u0142:<\/strong><br data-start=\"802\" data-end=\"805\" \/>Balsam zawiera wyselekcjonowane ekstrakty ro\u015blinne, znane z ich piel\u0119gnuj\u0105cych i koj\u0105cych w\u0142a\u015bciwo\u015bci:<br data-start=\"904\" data-end=\"907\" \/>\u2022 <strong data-start=\"909\" data-end=\"965\">\u017cywokost lekarski, arnika g\u00f3rska, nagietek, rumianek<\/strong> \u2013 regeneracja i ukojenie sk\u00f3ry<br data-start=\"990\" data-end=\"993\" \/>\u2022 <strong data-start=\"995\" data-end=\"1045\">kasztanowiec, ja\u0142owiec, wrotycz, ginkgo biloba<\/strong> \u2013 wsparcie mikrokr\u0105\u017cenia i redukcja obrz\u0119k\u00f3w<br data-start=\"1094\" data-end=\"1097\" \/>\u2022 <strong data-start=\"1099\" data-end=\"1159\">rozmaryn, mi\u0119ta pieprzowa, eukaliptus, tymianek, oregano<\/strong> \u2013 od\u015bwie\u017cenie, odpr\u0119\u017cenie i komfort sk\u00f3ry<br data-start=\"1195\" data-end=\"1198\" \/>\u2022 <strong data-start=\"1200\" data-end=\"1254\">olejek cytrusowy, lawenda, czarna porzeczka, wrzos<\/strong> \u2013 aromaterapia i piel\u0119gnacja sk\u00f3ry<\/p>\n<p data-start=\"1309\" data-end=\"1547\">\ud83e\uddf4 <strong data-start=\"1312\" data-end=\"1330\">Jak stosowa\u0107:<\/strong><br data-start=\"1330\" data-end=\"1333\" \/>Nanie\u015b\u0107 niewielk\u0105 ilo\u015b\u0107 balsamu na sk\u00f3r\u0119 i delikatnie wmasowa\u0107. Zalecane jest stosowanie kilka razy dziennie, zgodnie z potrzebami.<br data-start=\"1436\" data-end=\"1439\" \/>Balsam przeznaczony jest wy\u0142\u0105cznie do u\u017cytku zewn\u0119trznego. Nale\u017cy unika\u0107 kontaktu z oczami i ranami. Nie zalecany dla dzieci poni\u017cej 3 roku \u017cycia.<\/p>\n<p data-start=\"1549\" data-end=\"1575\">\ud83d\udce6 <strong data-start=\"1552\" data-end=\"1566\">Pojemno\u015b\u0107:<\/strong> 150 ml<\/p>\n","protected":false},"excerpt":{"rendered":"<p>Balsam Putorius Zio\u0142owy extra silny w tubie 150 ml \ud83d\udcaa\ud83c\udf3f Zm\u0119czona, obci\u0105\u017cona sk\u00f3ra znajdzie ulg\u0119 dzi\u0119ki mocy regeneracji Por\u0119czna tuba z intensywnie dzia\u0142aj\u0105cym zio\u0142owym balsamem to idealny wyb\u00f3r dla os\u00f3b, kt\u00f3re s\u0105 aktywne, pracuj\u0105 fizycznie lub walcz\u0105 ze zm\u0119czeniem mi\u0119\u015bni i sk\u00f3ry. Bogata kompozycja naturalnych ekstrakt\u00f3w pozwala na rozlu\u017anienie, regeneracj\u0119 i przywr\u00f3cenie sk\u00f3rze komfortu, g\u0142adko\u015bci [&hellip;]<\/p>\n","protected":false},"featured_media":33575,"template":"","meta":[],"product_brand":[26],"product_cat":[25],"product_tag":[],"class_list":{"0":"post-2537","1":"product","2":"type-product","3":"status-publish","4":"has-post-thumbnail","6":"product_brand-putorius","7":"product_cat-putorius","9":"first","10":"outofstock","11":"taxable","12":"shipping-taxable","13":"purchasable","14":"product-type-simple"},"_links":{"self":[{"href":"https:\/\/27-215.pl\/index.php\/wp-json\/wp\/v2\/product\/2537","targetHints":{"allow":["GET"]}}],"collection":[{"href":"https:\/\/27-215.pl\/index.php\/wp-json\/wp\/v2\/product"}],"about":[{"href":"https:\/\/27-215.pl\/index.php\/wp-json\/wp\/v2\/types\/product"}],"wp:featuredmedia":[{"embeddable":true,"href":"https:\/\/27-215.pl\/index.php\/wp-json\/wp\/v2\/media\/33575"}],"wp:attachment":[{"href":"https:\/\/27-215.pl\/index.php\/wp-json\/wp\/v2\/media?parent=2537"}],"wp:term":[{"taxonomy":"product_brand","embeddable":true,"href":"https:\/\/27-215.pl\/index.php\/wp-json\/wp\/v2\/product_brand?post=2537"},{"taxonomy":"product_cat","embeddable":true,"href":"https:\/\/27-215.pl\/index.php\/wp-json\/wp\/v2\/product_cat?post=2537"},{"taxonomy":"product_tag","embeddable":true,"href":"https:\/\/27-215.pl\/index.php\/wp-json\/wp\/v2\/product_tag?post=2537"}],"curies":[{"name":"wp","href":"https:\/\/api.w.org\/{rel}","templated":true}]}}