{"id":2539,"date":"2025-11-06T10:02:15","date_gmt":"2025-11-06T09:02:15","guid":{"rendered":"https:\/\/www.27-215.pl\/?post_type=product&#038;p=2539"},"modified":"2026-04-17T08:11:51","modified_gmt":"2026-04-17T06:11:51","slug":"putorius-ziolowy-balsam-rozgrzewajacy-w-tubie-150-ml","status":"publish","type":"product","link":"https:\/\/27-215.pl\/index.php\/produkt\/putorius-ziolowy-balsam-rozgrzewajacy-w-tubie-150-ml\/","title":{"rendered":"Balsam rozgrzewaj\u0105cy Putorius Zio\u0142owy, 150 ml, w wygodnej tubie"},"content":{"rendered":"<p data-start=\"0\" data-end=\"101\"><strong data-start=\"0\" data-end=\"56\">Rozgrzewaj\u0105cy balsam Putorius Zio\u0142owy w tubie 150 ml<\/strong> \ud83d\udd25\ud83c\udf3f<\/p>\n<p data-start=\"0\" data-end=\"101\">Regeneracja, ulga i ciep\u0142o po intensywnym wysi\u0142ku<\/p>\n<p data-start=\"103\" data-end=\"477\">Wydajny balsam rozgrzewaj\u0105cy w praktycznej tubie to idealny wyb\u00f3r dla os\u00f3b, kt\u00f3re potrzebuj\u0105 skutecznej pomocy dla zm\u0119czonej sk\u00f3ry, mi\u0119\u015bni i staw\u00f3w. Zawiera naturalne ekstrakty zi\u00f3\u0142 oraz chili, co daje przyjemny efekt rozgrzewaj\u0105cy, kt\u00f3ry pomaga rozlu\u017ani\u0107 napi\u0119te partie cia\u0142a i przynosi ulg\u0119 po ca\u0142ym dniu, szczeg\u00f3lnie dla os\u00f3b aktywnych i pracuj\u0105cych fizycznie.<\/p>\n<p data-start=\"479\" data-end=\"837\">\u2705 <strong data-start=\"481\" data-end=\"500\">Dlaczego jest to dobry wyb\u00f3r?<\/strong><br data-start=\"500\" data-end=\"503\" \/>\u2022 wspiera rozlu\u017anienie mi\u0119\u015bni i staw\u00f3w poprzez rozgrzewanie sk\u00f3ry<br data-start=\"561\" data-end=\"564\" \/>\u2022 przyspiesza regeneracj\u0119 i odnow\u0119 kom\u00f3rek sk\u00f3ry<br data-start=\"611\" data-end=\"614\" \/>\u2022 pomaga w przypadku egzem\u00f3w i innych problem\u00f3w sk\u00f3rnych<br data-start=\"659\" data-end=\"662\" \/>\u2022 zapewnia ulg\u0119 po intensywnym wysi\u0142ku fizycznym i d\u0142ugim staniu<br data-start=\"714\" data-end=\"717\" \/>\u2022 od\u015bwie\u017ca i wspiera regeneracj\u0119 sk\u00f3ry, jednocze\u015bnie j\u0105 koj\u0105c<br data-start=\"760\" data-end=\"763\" \/>\u2022 wspomaga redukcj\u0119 obrz\u0119k\u00f3w<br data-start=\"791\" data-end=\"794\" \/>\u2022 \u0142agodzi st\u0142uczenia i napi\u0119cia mi\u0119\u015bniowe<\/p>\n<p data-start=\"839\" data-end=\"1401\">\ud83c\udf3f <strong data-start=\"842\" data-end=\"883\">Natura inspiruje nasze sk\u0142adniki aktywne:<\/strong><br data-start=\"883\" data-end=\"886\" \/>Balsam zawiera bogat\u0105 kompozycj\u0119 ekstrakt\u00f3w ro\u015blinnych, znanych ze swoich piel\u0119gnuj\u0105cych, regeneruj\u0105cych i rozgrzewaj\u0105cych w\u0142a\u015bciwo\u015bci:<br data-start=\"1013\" data-end=\"1016\" \/>\u2022 <strong data-start=\"1018\" data-end=\"1044\">chili, kamfora, mentol<\/strong> \u2013 pobudzaj\u0105, rozgrzewaj\u0105 i wspieraj\u0105 rozlu\u017anienie<br data-start=\"1094\" data-end=\"1097\" \/>\u2022 <strong data-start=\"1099\" data-end=\"1153\">kasztanowiec, \u017cywokost, arnika, nagietek, rumianek<\/strong> \u2013 przyspieszaj\u0105 regeneracj\u0119, zapewniaj\u0105 ulg\u0119 i odnow\u0119 sk\u00f3ry<br data-start=\"1203\" data-end=\"1206\" \/>\u2022 <strong data-start=\"1208\" data-end=\"1259\">rozmaryn, mi\u0119ta pieprzowa, tymianek, eukaliptus<\/strong> \u2013 naturalne od\u015bwie\u017cenie i ukojenie<br data-start=\"1294\" data-end=\"1297\" \/>\u2022 <strong data-start=\"1299\" data-end=\"1350\">lawenda, czarna porzeczka, wrzos, ginkgo biloba<\/strong> \u2013 piel\u0119gnacja i aromaterapia relaksuj\u0105ca<\/p>\n<p data-start=\"1403\" data-end=\"1664\">\ud83e\uddf4 <strong data-start=\"1406\" data-end=\"1424\">Jak stosowa\u0107:<\/strong><br data-start=\"1424\" data-end=\"1427\" \/>Nanie\u015b\u0107 niewielk\u0105 ilo\u015b\u0107 balsamu na sk\u00f3r\u0119 i delikatnie wmasowa\u0107. Mo\u017ce by\u0107 stosowany kilka razy dziennie, w zale\u017cno\u015bci od potrzeb.<br data-start=\"1540\" data-end=\"1543\" \/>Przeznaczony tylko do u\u017cytku zewn\u0119trznego. Nale\u017cy unika\u0107 stosowania na rany i kontaktu z oczami. Nie zalecany dla dzieci poni\u017cej 3 roku \u017cycia.<\/p>\n<p data-start=\"1666\" data-end=\"1692\">\ud83d\udce6 <strong data-start=\"1669\" data-end=\"1683\">Pojemno\u015b\u0107 opakowania:<\/strong> 150 ml<\/p>\n","protected":false},"excerpt":{"rendered":"<p>Rozgrzewaj\u0105cy balsam Putorius Zio\u0142owy w tubie 150 ml \ud83d\udd25\ud83c\udf3f Regeneracja, ulga i ciep\u0142o po intensywnym wysi\u0142ku Wydajny balsam rozgrzewaj\u0105cy w praktycznej tubie to idealny wyb\u00f3r dla os\u00f3b, kt\u00f3re potrzebuj\u0105 skutecznej pomocy dla zm\u0119czonej sk\u00f3ry, mi\u0119\u015bni i staw\u00f3w. Zawiera naturalne ekstrakty zi\u00f3\u0142 oraz chili, co daje przyjemny efekt rozgrzewaj\u0105cy, kt\u00f3ry pomaga rozlu\u017ani\u0107 napi\u0119te partie cia\u0142a i [&hellip;]<\/p>\n","protected":false},"featured_media":33573,"template":"","meta":[],"product_brand":[26],"product_cat":[25],"product_tag":[],"class_list":{"0":"post-2539","1":"product","2":"type-product","3":"status-publish","4":"has-post-thumbnail","6":"product_brand-putorius","7":"product_cat-putorius","9":"first","10":"outofstock","11":"taxable","12":"shipping-taxable","13":"purchasable","14":"product-type-simple"},"_links":{"self":[{"href":"https:\/\/27-215.pl\/index.php\/wp-json\/wp\/v2\/product\/2539","targetHints":{"allow":["GET"]}}],"collection":[{"href":"https:\/\/27-215.pl\/index.php\/wp-json\/wp\/v2\/product"}],"about":[{"href":"https:\/\/27-215.pl\/index.php\/wp-json\/wp\/v2\/types\/product"}],"wp:featuredmedia":[{"embeddable":true,"href":"https:\/\/27-215.pl\/index.php\/wp-json\/wp\/v2\/media\/33573"}],"wp:attachment":[{"href":"https:\/\/27-215.pl\/index.php\/wp-json\/wp\/v2\/media?parent=2539"}],"wp:term":[{"taxonomy":"product_brand","embeddable":true,"href":"https:\/\/27-215.pl\/index.php\/wp-json\/wp\/v2\/product_brand?post=2539"},{"taxonomy":"product_cat","embeddable":true,"href":"https:\/\/27-215.pl\/index.php\/wp-json\/wp\/v2\/product_cat?post=2539"},{"taxonomy":"product_tag","embeddable":true,"href":"https:\/\/27-215.pl\/index.php\/wp-json\/wp\/v2\/product_tag?post=2539"}],"curies":[{"name":"wp","href":"https:\/\/api.w.org\/{rel}","templated":true}]}}