{"id":2545,"date":"2025-11-06T10:09:22","date_gmt":"2025-11-06T09:09:22","guid":{"rendered":"https:\/\/www.27-215.pl\/?post_type=product&#038;p=2545"},"modified":"2026-04-17T08:11:10","modified_gmt":"2026-04-17T06:11:10","slug":"putorius-ziolowy-balsam-w-tubie-z-aloesem-150-ml","status":"publish","type":"product","link":"https:\/\/27-215.pl\/index.php\/produkt\/putorius-ziolowy-balsam-w-tubie-z-aloesem-150-ml\/","title":{"rendered":"Balsam zio\u0142owy Putorius w tubie, z dodatkiem aloesu, 150 ml"},"content":{"rendered":"<p data-start=\"0\" data-end=\"115\"><strong data-start=\"0\" data-end=\"52\">Balsam Putorius Zio\u0142owy w tubie z aloesem 150 ml<\/strong> \ud83c\udf3f\ud83e\uddf4\u2744\ufe0f<\/p>\n<p data-start=\"0\" data-end=\"115\">Doskona\u0142a piel\u0119gnacja koj\u0105co-regeneruj\u0105ca z efektem od\u015bwie\u017cenia<\/p>\n<p data-start=\"117\" data-end=\"466\">Por\u0119czna tuba z zio\u0142owym balsamem i aloesem to idealny wyb\u00f3r dla os\u00f3b poszukuj\u0105cych ulgi dla zm\u0119czonych, suchych lub podra\u017cnionych partii cia\u0142a. W\u0142a\u015bciwo\u015bci aloesu, kt\u00f3re s\u0105 \u0142agodz\u0105ce, nawil\u017caj\u0105ce i regeneruj\u0105ce, sprawiaj\u0105, \u017ce balsam jest skutecznym rozwi\u0105zaniem na zm\u0119czenie po d\u0142ugim dniu, przesuszenie sk\u00f3ry spowodowane warunkami atmosferycznymi lub zm\u0119czenie n\u00f3g.<\/p>\n<p data-start=\"468\" data-end=\"847\">\u2705 <strong data-start=\"470\" data-end=\"489\">Dlaczego warto wybra\u0107 ten balsam?<\/strong><br data-start=\"489\" data-end=\"492\" \/>\u2022 zapewnia ulg\u0119 zm\u0119czonym mi\u0119\u015bniom i sk\u00f3rze po wysi\u0142ku lub d\u0142ugim staniu<br data-start=\"564\" data-end=\"567\" \/>\u2022 dzia\u0142a od\u015bwie\u017caj\u0105co, ch\u0142odzi i koi podra\u017cnienia<br data-start=\"605\" data-end=\"608\" \/>\u2022 wspomaga regeneracj\u0119 sk\u00f3ry i przyspiesza odnow\u0119 kom\u00f3rkow\u0105<br data-start=\"669\" data-end=\"672\" \/>\u2022 pomaga w przypadku obrz\u0119k\u00f3w, st\u0142ucze\u0144 oraz uczucia ci\u0119\u017ckich n\u00f3g<br data-start=\"735\" data-end=\"738\" data-is-only-node=\"\" \/>\u2022 \u0142agodzi sucho\u015b\u0107, p\u0119kanie i szorstko\u015b\u0107 sk\u00f3ry<br data-start=\"788\" data-end=\"791\" \/>\u2022 jest r\u00f3wnie\u017c idealny jako balsam do masa\u017cu n\u00f3g po wysi\u0142ku<\/p>\n<p data-start=\"849\" data-end=\"966\">\ud83c\udf3f <strong data-start=\"852\" data-end=\"890\">Jakie sk\u0142adniki aktywne znajdziesz w tym balsamie?<\/strong><br data-start=\"890\" data-end=\"893\" \/>Balsam \u0142\u0105czy koj\u0105ce w\u0142a\u015bciwo\u015bci aloesu z bogactwem ekstrakt\u00f3w ro\u015blinnych:<\/p>\n<p data-start=\"968\" data-end=\"1378\">\u2022 <strong data-start=\"970\" data-end=\"1025\">aloes, nagietek, rumianek, mi\u0119ta pieprzowa, lawenda<\/strong> \u2013 zapewniaj\u0105 nawil\u017cenie, ukojenie i regeneracj\u0119<br data-start=\"1062\" data-end=\"1065\" \/>\u2022 <strong data-start=\"1067\" data-end=\"1121\">kasztanowiec, \u017cywokost, arnika, ja\u0142owiec, tymianek<\/strong> \u2013 wspieraj\u0105 organizm w przypadku obrz\u0119k\u00f3w, st\u0142ucze\u0144 i zm\u0119czenia mi\u0119\u015bni<br data-start=\"1180\" data-end=\"1183\" \/>\u2022 <strong data-start=\"1185\" data-end=\"1254\">rozmaryn, eukaliptus, kosodrzewina, jedlica, sosna, wrzos, rzepik<\/strong> \u2013 pobudzaj\u0105, zapewniaj\u0105 \u015bwie\u017co\u015b\u0107 i komfort sk\u00f3ry<br data-start=\"1293\" data-end=\"1296\" \/>\u2022 <strong data-start=\"1298\" data-end=\"1345\">delikatny dodatek chilli, kamfory i mentolu<\/strong> \u2013 daj\u0105 ch\u0142odz\u0105co-od\u015bwie\u017caj\u0105cy efekt<\/p>\n<p data-start=\"1380\" data-end=\"1633\">\ud83e\uddf4 <strong data-start=\"1383\" data-end=\"1401\">Spos\u00f3b stosowania:<\/strong><br data-start=\"1401\" data-end=\"1404\" \/>Wmasuj niewielk\u0105 ilo\u015b\u0107 balsamu w sk\u00f3r\u0119 a\u017c do wch\u0142oni\u0119cia. Mo\u017cna stosowa\u0107 kilka razy dziennie wed\u0142ug potrzeb.<br data-start=\"1504\" data-end=\"1507\" \/>Przeznaczony tylko do u\u017cytku zewn\u0119trznego. Nale\u017cy unika\u0107 kontaktu z oczami i nie stosowa\u0107 na otwarte rany. Produkt nie jest odpowiedni dla dzieci poni\u017cej 3 lat.<\/p>\n<p data-start=\"1635\" data-end=\"1661\">\ud83d\udce6 <strong data-start=\"1638\" data-end=\"1652\">Pojemno\u015b\u0107:<\/strong> 150 ml<\/p>\n","protected":false},"excerpt":{"rendered":"<p>Balsam Putorius Zio\u0142owy w tubie z aloesem 150 ml \ud83c\udf3f\ud83e\uddf4\u2744\ufe0f Doskona\u0142a piel\u0119gnacja koj\u0105co-regeneruj\u0105ca z efektem od\u015bwie\u017cenia Por\u0119czna tuba z zio\u0142owym balsamem i aloesem to idealny wyb\u00f3r dla os\u00f3b poszukuj\u0105cych ulgi dla zm\u0119czonych, suchych lub podra\u017cnionych partii cia\u0142a. W\u0142a\u015bciwo\u015bci aloesu, kt\u00f3re s\u0105 \u0142agodz\u0105ce, nawil\u017caj\u0105ce i regeneruj\u0105ce, sprawiaj\u0105, \u017ce balsam jest skutecznym rozwi\u0105zaniem na zm\u0119czenie po d\u0142ugim [&hellip;]<\/p>\n","protected":false},"featured_media":33567,"template":"","meta":[],"product_brand":[26],"product_cat":[25],"product_tag":[],"class_list":{"0":"post-2545","1":"product","2":"type-product","3":"status-publish","4":"has-post-thumbnail","6":"product_brand-putorius","7":"product_cat-putorius","9":"first","10":"outofstock","11":"taxable","12":"shipping-taxable","13":"purchasable","14":"product-type-simple"},"_links":{"self":[{"href":"https:\/\/27-215.pl\/index.php\/wp-json\/wp\/v2\/product\/2545","targetHints":{"allow":["GET"]}}],"collection":[{"href":"https:\/\/27-215.pl\/index.php\/wp-json\/wp\/v2\/product"}],"about":[{"href":"https:\/\/27-215.pl\/index.php\/wp-json\/wp\/v2\/types\/product"}],"wp:featuredmedia":[{"embeddable":true,"href":"https:\/\/27-215.pl\/index.php\/wp-json\/wp\/v2\/media\/33567"}],"wp:attachment":[{"href":"https:\/\/27-215.pl\/index.php\/wp-json\/wp\/v2\/media?parent=2545"}],"wp:term":[{"taxonomy":"product_brand","embeddable":true,"href":"https:\/\/27-215.pl\/index.php\/wp-json\/wp\/v2\/product_brand?post=2545"},{"taxonomy":"product_cat","embeddable":true,"href":"https:\/\/27-215.pl\/index.php\/wp-json\/wp\/v2\/product_cat?post=2545"},{"taxonomy":"product_tag","embeddable":true,"href":"https:\/\/27-215.pl\/index.php\/wp-json\/wp\/v2\/product_tag?post=2545"}],"curies":[{"name":"wp","href":"https:\/\/api.w.org\/{rel}","templated":true}]}}

Balsam ziołowy Putorius w tubie, z dodatkiem aloesu, 150 ml

<p data-start="0" data-end="115"><strong data-start="0" data-end="52">Balsam Putorius Ziołowy w tubie z aloesem 150 ml</strong> 🌿🧴❄️</p>
<p data-start="0" data-end="115">Doskonała pielęgnacja kojąco-regenerująca z efektem odświeżenia</p>
<p data-start="117" data-end="466">Poręczna tuba z ziołowym balsamem i aloesem to idealny wybór dla osób poszukujących ulgi dla zmęczonych, suchych lub podrażnionych partii ciała. Właściwości aloesu, które są łagodzące, nawilżające i regenerujące, sprawiają, że balsam jest skutecznym rozwiązaniem na zmęczenie po długim dniu, przesuszenie skóry spowodowane warunkami atmosferycznymi lub zmęczenie nóg.</p>
<p data-start="468" data-end="847">✅ <strong data-start="470" data-end="489">Dlaczego warto wybrać ten balsam?</strong><br data-start="489" data-end="492" />• zapewnia ulgę zmęczonym mięśniom i skórze po wysiłku lub długim staniu<br data-start="564" data-end="567" />• działa odświeżająco, chłodzi i koi podrażnienia<br data-start="605" data-end="608" />• wspomaga regenerację skóry i przyspiesza odnowę komórkową<br data-start="669" data-end="672" />• pomaga w przypadku obrzęków, stłuczeń oraz uczucia ciężkich nóg<br data-start="735" data-end="738" data-is-only-node="" />• łagodzi suchość, pękanie i szorstkość skóry<br data-start="788" data-end="791" />• jest również idealny jako balsam do masażu nóg po wysiłku</p>
<p data-start="849" data-end="966">🌿 <strong data-start="852" data-end="890">Jakie składniki aktywne znajdziesz w tym balsamie?</strong><br data-start="890" data-end="893" />Balsam łączy kojące właściwości aloesu z bogactwem ekstraktów roślinnych:</p>
<p data-start="968" data-end="1378">• <strong data-start="970" data-end="1025">aloes, nagietek, rumianek, mięta pieprzowa, lawenda</strong> – zapewniają nawilżenie, ukojenie i regenerację<br data-start="1062" data-end="1065" />• <strong data-start="1067" data-end="1121">kasztanowiec, żywokost, arnika, jałowiec, tymianek</strong> – wspierają organizm w przypadku obrzęków, stłuczeń i zmęczenia mięśni<br data-start="1180" data-end="1183" />• <strong data-start="1185" data-end="1254">rozmaryn, eukaliptus, kosodrzewina, jedlica, sosna, wrzos, rzepik</strong> – pobudzają, zapewniają świeżość i komfort skóry<br data-start="1293" data-end="1296" />• <strong data-start="1298" data-end="1345">delikatny dodatek chilli, kamfory i mentolu</strong> – dają chłodząco-odświeżający efekt</p>
<p data-start="1380" data-end="1633">🧴 <strong data-start="1383" data-end="1401">Sposób stosowania:</strong><br data-start="1401" data-end="1404" />Wmasuj niewielką ilość balsamu w skórę aż do wchłonięcia. Można stosować kilka razy dziennie według potrzeb.<br data-start="1504" data-end="1507" />Przeznaczony tylko do użytku zewnętrznego. Należy unikać kontaktu z oczami i nie stosować na otwarte rany. Produkt nie jest odpowiedni dla dzieci poniżej 3 lat.</p>
<p data-start="1635" data-end="1661">📦 <strong data-start="1638" data-end="1652">Pojemność:</strong> 150 ml</p>

<p>Balsam Putorius Ziołowy w tubie z aloesem 150 ml 🌿🧴❄️ Doskonała pielęgnacja kojąco-regenerująca z efektem odświeżenia Poręczna tuba z ziołowym balsamem i aloesem to idealny wybór dla osób poszukujących ulgi dla zmęczonych, suchych lub podrażnionych partii ciała. Właściwości aloesu, które są łagodzące, nawilżające i regenerujące, sprawiają, że balsam jest skutecznym rozwiązaniem na zmęczenie po długim [&hellip;]</p>
