{"id":2688,"date":"2025-11-23T14:49:49","date_gmt":"2025-11-23T13:49:49","guid":{"rendered":"https:\/\/www.27-215.pl\/?post_type=product&#038;p=2688"},"modified":"2026-04-17T08:09:12","modified_gmt":"2026-04-17T06:09:12","slug":"mleczko-pszczele-royal-jelly-600-32-kapsulki","status":"publish","type":"product","link":"https:\/\/27-215.pl\/index.php\/produkt\/mleczko-pszczele-royal-jelly-600-32-kapsulki\/","title":{"rendered":"Kapsu\u0142ki Mleczka Pszczelego Royal Jelly 600 &#8211; opakowanie 32 sztuk"},"content":{"rendered":"<h3 data-start=\"0\" data-end=\"50\">Mleczko Pszczele Royal Jelly 600 \u2013 32 kapsu\u0142ek<\/h3>\n<p data-start=\"52\" data-end=\"473\">Dla os\u00f3b, kt\u00f3re dbaj\u0105 o swoj\u0105 witalno\u015b\u0107, kondycj\u0119 fizyczn\u0105 i psychiczn\u0105, suplement diety Mleczko Pszczele Royal Jelly 600 to idealne rozwi\u0105zanie. Ta wyj\u0105tkowa substancja, nazywana \u201eeliksirem \u017cycia\u201d, jest produkowana przez pszczo\u0142y specjalnie dla kr\u00f3lowej matki i zawiera wiele cennych sk\u0142adnik\u00f3w, w tym aminokwasy, witaminy (zw\u0142aszcza z grupy B, w tym kwas pantotenowy), biopierwiastki, enzymy, wolne kwasy t\u0142uszczowe, fosfolipidy, sterole i woski.<\/p>\n<h4 data-start=\"475\" data-end=\"497\">\u2728 Spos\u00f3b u\u017cycia<\/h4>\n<p data-start=\"498\" data-end=\"664\">Zalecane dzienne spo\u017cycie to 1-2 kapsu\u0142ki, najlepiej na czczo, popijaj\u0105c obficie wod\u0105. Preparat mo\u017cna stosowa\u0107 przez maksymalnie trzy miesi\u0105ce, po czym nale\u017cy zrobi\u0107 przerw\u0119 trwaj\u0105c\u0105 jeden miesi\u0105c.<\/p>\n<h4 data-start=\"666\" data-end=\"691\">\ud83c\udf3f Dlaczego warto?<\/h4>\n<ul data-start=\"692\" data-end=\"908\">\n<li data-start=\"692\" data-end=\"773\">\n<p data-start=\"694\" data-end=\"773\">Zawiera a\u017c 1200 mg \u015bwie\u017cego mleczka pszczelego, co odpowiada 400 mg liofilizatu<\/p>\n<\/li>\n<li data-start=\"774\" data-end=\"855\">\n<p data-start=\"776\" data-end=\"855\">Wspomaga naturaln\u0105 witalno\u015b\u0107, kondycj\u0119 psychofizyczn\u0105 oraz og\u00f3ln\u0105 sprawno\u015b\u0107 organizmu<\/p>\n<\/li>\n<li data-start=\"856\" data-end=\"908\">\n<p data-start=\"858\" data-end=\"908\">Dost\u0119pne w wygodnej formie kapsu\u0142ek, idealnych do codziennego stosowania<\/p>\n<\/li>\n<\/ul>\n<h4 data-start=\"910\" data-end=\"940\">\u2139\ufe0f Dodatkowe informacje<\/h4>\n<p data-start=\"941\" data-end=\"1272\">Osoby uczulone na produkty pochodzenia pszczelego nie powinny stosowa\u0107 tego suplementu.<br data-start=\"1007\" data-end=\"1010\" \/>Przechowywa\u0107 w suchym miejscu, w temperaturze poni\u017cej 25 \u00b0C, oraz z dala od dzieci.<br data-start=\"1094\" data-end=\"1097\" \/>Pami\u0119taj, \u017ce suplement diety nie mo\u017ce zast\u0105pi\u0107 zr\u00f3\u017cnicowanej diety &#8211; wa\u017cne jest przestrzeganie zasad zdrowego \u017cywienia i stylu \u017cycia.<br data-start=\"1244\" data-end=\"1247\" \/>Ten suplement zawiera cukier.<\/p>\n<h4 data-start=\"1274\" data-end=\"1289\">\ud83e\uddf4 Sk\u0142ad<\/h4>\n<p data-start=\"1290\" data-end=\"1417\">Sk\u0142adnikiem aktywnym jest liofilizowane mleczko pszczele, a jako substancje wype\u0142niaj\u0105ce i sk\u0142adniki kapsu\u0142ki u\u017cyto glukoz\u0119 i \u017celatyn\u0119. Kapsu\u0142ki s\u0105 wolne od barwnik\u00f3w.<\/p>\n<h4 data-start=\"1419\" data-end=\"1449\">\ud83d\udce6 Pojemno\u015b\u0107: 32 kapsu\u0142ki<\/h4>\n","protected":false},"excerpt":{"rendered":"<p>Mleczko Pszczele Royal Jelly 600 \u2013 32 kapsu\u0142ek Dla os\u00f3b, kt\u00f3re dbaj\u0105 o swoj\u0105 witalno\u015b\u0107, kondycj\u0119 fizyczn\u0105 i psychiczn\u0105, suplement diety Mleczko Pszczele Royal Jelly 600 to idealne rozwi\u0105zanie. Ta wyj\u0105tkowa substancja, nazywana \u201eeliksirem \u017cycia\u201d, jest produkowana przez pszczo\u0142y specjalnie dla kr\u00f3lowej matki i zawiera wiele cennych sk\u0142adnik\u00f3w, w tym aminokwasy, witaminy (zw\u0142aszcza z grupy [&hellip;]<\/p>\n","protected":false},"featured_media":33539,"template":"","meta":[],"product_brand":[70],"product_cat":[69],"product_tag":[],"class_list":{"0":"post-2688","1":"product","2":"type-product","3":"status-publish","4":"has-post-thumbnail","6":"product_brand-apipolfarma","7":"product_cat-apipolfarma","9":"first","10":"outofstock","11":"taxable","12":"shipping-taxable","13":"purchasable","14":"product-type-simple"},"_links":{"self":[{"href":"https:\/\/27-215.pl\/index.php\/wp-json\/wp\/v2\/product\/2688","targetHints":{"allow":["GET"]}}],"collection":[{"href":"https:\/\/27-215.pl\/index.php\/wp-json\/wp\/v2\/product"}],"about":[{"href":"https:\/\/27-215.pl\/index.php\/wp-json\/wp\/v2\/types\/product"}],"wp:featuredmedia":[{"embeddable":true,"href":"https:\/\/27-215.pl\/index.php\/wp-json\/wp\/v2\/media\/33539"}],"wp:attachment":[{"href":"https:\/\/27-215.pl\/index.php\/wp-json\/wp\/v2\/media?parent=2688"}],"wp:term":[{"taxonomy":"product_brand","embeddable":true,"href":"https:\/\/27-215.pl\/index.php\/wp-json\/wp\/v2\/product_brand?post=2688"},{"taxonomy":"product_cat","embeddable":true,"href":"https:\/\/27-215.pl\/index.php\/wp-json\/wp\/v2\/product_cat?post=2688"},{"taxonomy":"product_tag","embeddable":true,"href":"https:\/\/27-215.pl\/index.php\/wp-json\/wp\/v2\/product_tag?post=2688"}],"curies":[{"name":"wp","href":"https:\/\/api.w.org\/{rel}","templated":true}]}}