{"id":2698,"date":"2025-11-25T12:48:52","date_gmt":"2025-11-25T11:48:52","guid":{"rendered":"https:\/\/www.27-215.pl\/?post_type=product&#038;p=2698"},"modified":"2026-04-04T08:53:51","modified_gmt":"2026-04-04T06:53:51","slug":"propolis-forte-30-tabletek-pomaranczowych","status":"publish","type":"product","link":"https:\/\/27-215.pl\/index.php\/produkt\/propolis-forte-30-tabletek-pomaranczowych\/","title":{"rendered":"Propolis Forte &#8211; tabletki pomara\u0144czowe w ilo\u015bci 30 sztuk"},"content":{"rendered":"<h3 data-start=\"0\" data-end=\"54\">Propolis Forte o smaku pomara\u0144czowym \u2013 suplement diety w 30 tabletkach<\/h3>\n<p data-start=\"56\" data-end=\"395\">Dost\u0119pny w formie tabletek do ssania o przyjemnym smaku pomara\u0144czowym, zawiera standaryzowany ekstrakt z propolisu oraz kompleks witamin z grupy B. Produkt ten jest przeznaczony dla dzieci powy\u017cej 3. roku \u017cycia oraz doros\u0142ych. Zalecany jest w przypadku dolegliwo\u015bci takich jak drapanie, sucho\u015b\u0107 lub \u0142askotanie w gardle, uczucie dyskomfortu w gardle oraz trudno\u015bci z prze\u0142ykaniem.<\/p>\n<h4 data-start=\"397\" data-end=\"419\">\u2728 Jak stosowa\u0107<\/h4>\n<p data-start=\"420\" data-end=\"487\">Zalecane jest ssanie powoli 1 tabletce co 3\u20135 godzin, przy czym zwykle stosuje si\u0119 3\u20135 tabletek dziennie.<\/p>\n<h4 data-start=\"489\" data-end=\"514\">\ud83c\udf3f Dlaczego Propolis Forte?<\/h4>\n<ul data-start=\"515\" data-end=\"862\">\n<li data-start=\"515\" data-end=\"672\">\n<p data-start=\"517\" data-end=\"672\">Zawiera on standaryzowany ekstrakt propolisowy (EEP) oraz kompleks witamin z grupy B, kt\u00f3re wspomagaj\u0105 utrzymanie prawid\u0142owego stanu b\u0142on \u015bluzowych i pomagaj\u0105 zmniejszy\u0107 zm\u0119czenie<\/p>\n<\/li>\n<li data-start=\"673\" data-end=\"722\">\n<p data-start=\"675\" data-end=\"722\">Smak pomara\u0144czowy dodatkowo zwi\u0119ksza komfort stosowania suplementu<\/p>\n<\/li>\n<li data-start=\"723\" data-end=\"770\">\n<p data-start=\"725\" data-end=\"770\">Bez cukru, co sprawia, \u017ce jest odpowiedni tak\u017ce dla os\u00f3b z cukrzyc\u0105<\/p>\n<\/li>\n<li data-start=\"771\" data-end=\"862\">\n<p data-start=\"773\" data-end=\"862\">Wygodna forma tabletek do ssania sprawia, \u017ce jest odpowiedni dla dzieci od 3. roku \u017cycia i doros\u0142ych<\/p>\n<\/li>\n<\/ul>\n<h4 data-start=\"864\" data-end=\"894\">\u2139\ufe0f Informacje dodatkowe<\/h4>\n<p data-start=\"895\" data-end=\"1194\">Nale\u017cy unika\u0107 stosowania u os\u00f3b uczulonych na produkty pszczelarskie.<br data-start=\"947\" data-end=\"950\" \/>Zalecane jest przechowywanie w miejscu suchym, w temperaturze poni\u017cej 25 \u00b0C i w spos\u00f3b niedost\u0119pny dla dzieci.<br data-start=\"1044\" data-end=\"1047\" \/>Pami\u0119taj, \u017ce suplement diety nie mo\u017ce zast\u0119powa\u0107 zr\u00f3\u017cnicowanej diety. Wa\u017cne jest prowadzenie zdrowego trybu \u017cycia i stosowanie zr\u00f3wnowa\u017conego \u017cywienia.<\/p>\n<h4 data-start=\"1196\" data-end=\"1211\">\ud83e\uddf4 Sk\u0142adniki<\/h4>\n<p data-start=\"1212\" data-end=\"1654\">Mannitol (substancja wype\u0142niaj\u0105ca); standaryzowany ekstrakt propolisowy (EEP); kwas cytrynowy (regulator kwasowo\u015bci); dwutlenek krzemu i sole magnezowe kwas\u00f3w t\u0142uszczowych (substancje przeciwzbrylaj\u0105ce); niacyna (amid kwasu nikotynowego); kwas pantotenowy (D-pantotenian wapnia); ryboflawina (witamina B2); tiamina (monoazotan tiaminy); biotyna (D-biotyna); aromaty: pomara\u0144czowy, cytrynowy; mentol naturalny; substancja s\u0142odz\u0105ca \u2013 sukraloza.<\/p>\n<h4 data-start=\"1656\" data-end=\"1686\">\ud83d\udce6 Ilo\u015b\u0107 tabletek: 30<\/h4>\n","protected":false},"excerpt":{"rendered":"<p>Propolis Forte o smaku pomara\u0144czowym \u2013 suplement diety w 30 tabletkach Dost\u0119pny w formie tabletek do ssania o przyjemnym smaku pomara\u0144czowym, zawiera standaryzowany ekstrakt z propolisu oraz kompleks witamin z grupy B. Produkt ten jest przeznaczony dla dzieci powy\u017cej 3. roku \u017cycia oraz doros\u0142ych. Zalecany jest w przypadku dolegliwo\u015bci takich jak drapanie, sucho\u015b\u0107 lub \u0142askotanie [&hellip;]<\/p>\n","protected":false},"featured_media":33505,"template":"","meta":[],"product_brand":[70],"product_cat":[69],"product_tag":[],"class_list":{"0":"post-2698","1":"product","2":"type-product","3":"status-publish","4":"has-post-thumbnail","6":"product_brand-apipolfarma","7":"product_cat-apipolfarma","9":"first","10":"outofstock","11":"taxable","12":"shipping-taxable","13":"purchasable","14":"product-type-simple"},"_links":{"self":[{"href":"https:\/\/27-215.pl\/index.php\/wp-json\/wp\/v2\/product\/2698","targetHints":{"allow":["GET"]}}],"collection":[{"href":"https:\/\/27-215.pl\/index.php\/wp-json\/wp\/v2\/product"}],"about":[{"href":"https:\/\/27-215.pl\/index.php\/wp-json\/wp\/v2\/types\/product"}],"wp:featuredmedia":[{"embeddable":true,"href":"https:\/\/27-215.pl\/index.php\/wp-json\/wp\/v2\/media\/33505"}],"wp:attachment":[{"href":"https:\/\/27-215.pl\/index.php\/wp-json\/wp\/v2\/media?parent=2698"}],"wp:term":[{"taxonomy":"product_brand","embeddable":true,"href":"https:\/\/27-215.pl\/index.php\/wp-json\/wp\/v2\/product_brand?post=2698"},{"taxonomy":"product_cat","embeddable":true,"href":"https:\/\/27-215.pl\/index.php\/wp-json\/wp\/v2\/product_cat?post=2698"},{"taxonomy":"product_tag","embeddable":true,"href":"https:\/\/27-215.pl\/index.php\/wp-json\/wp\/v2\/product_tag?post=2698"}],"curies":[{"name":"wp","href":"https:\/\/api.w.org\/{rel}","templated":true}]}}