{"id":2700,"date":"2025-11-25T12:50:52","date_gmt":"2025-11-25T11:50:52","guid":{"rendered":"https:\/\/www.27-215.pl\/?post_type=product&#038;p=2700"},"modified":"2026-04-04T08:53:52","modified_gmt":"2026-04-04T06:53:52","slug":"propolis-forte-spray-20-ml","status":"publish","type":"product","link":"https:\/\/27-215.pl\/index.php\/produkt\/propolis-forte-spray-20-ml\/","title":{"rendered":"Spray Propolis Forte &#8211; pojemno\u015b\u0107 20 ml"},"content":{"rendered":"<h3 data-start=\"0\" data-end=\"49\"><span class=\"entity-underline hover:entity-accent inline cursor-pointer align-baseline\"><span class=\"whitespace-normal\">Propolis Forte Spray<\/span><\/span> \u2013 20 ml<\/h3>\n<p data-start=\"51\" data-end=\"366\">Preparat w postaci sprayu, przeznaczony do stosowania w jamie ustnej oraz gardle, zawiera naturalny ekstrakt z propolisu oraz olejki eteryczne, takie jak pomara\u0144czowy i mi\u0119towy. Produkt ten wspomaga ochron\u0119 b\u0142on \u015bluzowych, \u0142agodzi uczucie sucho\u015bci i drapania, a tak\u017ce pomaga w sytuacjach, gdy usta i gard\u0142o s\u0105 podra\u017cnione.<\/p>\n<h4 data-start=\"368\" data-end=\"390\">\u2728 Spos\u00f3b u\u017cycia<\/h4>\n<p data-start=\"391\" data-end=\"623\">Zalecane jest rozpylanie 1-3 dawek preparatu w jamie ustnej maksymalnie 4 razy dziennie lub w razie potrzeby. Ka\u017cda dawka dostarcza oko\u0142o 165 mg ekstraktu propolisowego.<br data-start=\"533\" data-end=\"536\" \/>Nale\u017cy unika\u0107 stosowania w przypadku uczulenia na kt\u00f3rykolwiek sk\u0142adnik produktu lub samego propolisu.<\/p>\n<h4 data-start=\"625\" data-end=\"650\">\ud83c\udf3f Dlaczego warto?<\/h4>\n<ul data-start=\"651\" data-end=\"1102\">\n<li data-start=\"651\" data-end=\"746\">\n<p data-start=\"653\" data-end=\"746\">Zawiera standaryzowany ekstrakt propolisowy, kt\u00f3ry wspomaga b\u0142ony \u015bluzowe w jamie ustnej i gardle.<\/p>\n<\/li>\n<li data-start=\"747\" data-end=\"913\">\n<p data-start=\"749\" data-end=\"913\">Wzbogacony jest o olejek pomara\u0144czowy (Citrus aurantium dulcis) i olejek mi\u0119towy (Mentha arvensis), kt\u00f3re posiadaj\u0105 w\u0142a\u015bciwo\u015bci \u0142agodz\u0105ce i antyoksydacyjne.<\/p>\n<\/li>\n<li data-start=\"914\" data-end=\"999\">\n<p data-start=\"916\" data-end=\"999\">Forma sprayu u\u0142atwia aplikacj\u0119 w trudno dost\u0119pnych miejscach, takich jak jama ustna i gard\u0142o.<\/p>\n<\/li>\n<li data-start=\"1000\" data-end=\"1102\">\n<p data-start=\"1002\" data-end=\"1102\">Produkt nie zawiera konserwant\u00f3w oraz cukru, dzi\u0119ki czemu mo\u017ce by\u0107 stosowany przez osoby ze szczeg\u00f3lnymi wymaganiami dietetycznymi.<\/p>\n<\/li>\n<\/ul>\n<h4 data-start=\"1104\" data-end=\"1134\">\u2139\ufe0f Dodatkowe informacje<\/h4>\n<p data-start=\"1135\" data-end=\"1536\">Stosowanie preparatu jest przeciwwskazane u dzieci oraz u os\u00f3b z uczuleniem na produkty pszczele lub kt\u00f3rykolwiek sk\u0142adnik preparatu. Produkt zawiera oko\u0142o 0,5 ml alkoholu etylowego w dziennej porcji. Zalecane jest przechowywanie w suchym miejscu, w temperaturze poni\u017cej 25 \u00b0C, z dala od dzieci. Suplement diety nie mo\u017ce zast\u0119powa\u0107 zr\u00f3\u017cnicowanej diety \u2014 wa\u017cne jest stosowanie zr\u00f3wnowa\u017conej diety i zdrowego trybu \u017cycia.<\/p>\n<h4 data-start=\"1538\" data-end=\"1553\">\ud83e\uddf4 Sk\u0142ad<\/h4>\n<p data-start=\"1554\" data-end=\"1638\">Glycerin, Alcohol, Aqua, Propolis, Citrus Aurantium Dulcis Oil, Mentha Arvensis Oil.<\/p>\n<h4 data-start=\"1640\" data-end=\"1664\">\ud83d\udce6 Pojemno\u015b\u0107: 20 ml<\/h4>\n","protected":false},"excerpt":{"rendered":"<p>Propolis Forte Spray \u2013 20 ml Preparat w postaci sprayu, przeznaczony do stosowania w jamie ustnej oraz gardle, zawiera naturalny ekstrakt z propolisu oraz olejki eteryczne, takie jak pomara\u0144czowy i mi\u0119towy. Produkt ten wspomaga ochron\u0119 b\u0142on \u015bluzowych, \u0142agodzi uczucie sucho\u015bci i drapania, a tak\u017ce pomaga w sytuacjach, gdy usta i gard\u0142o s\u0105 podra\u017cnione. \u2728 Spos\u00f3b [&hellip;]<\/p>\n","protected":false},"featured_media":33503,"template":"","meta":[],"product_brand":[70],"product_cat":[69],"product_tag":[],"class_list":{"0":"post-2700","1":"product","2":"type-product","3":"status-publish","4":"has-post-thumbnail","6":"product_brand-apipolfarma","7":"product_cat-apipolfarma","9":"first","10":"outofstock","11":"taxable","12":"shipping-taxable","13":"purchasable","14":"product-type-simple"},"_links":{"self":[{"href":"https:\/\/27-215.pl\/index.php\/wp-json\/wp\/v2\/product\/2700","targetHints":{"allow":["GET"]}}],"collection":[{"href":"https:\/\/27-215.pl\/index.php\/wp-json\/wp\/v2\/product"}],"about":[{"href":"https:\/\/27-215.pl\/index.php\/wp-json\/wp\/v2\/types\/product"}],"wp:featuredmedia":[{"embeddable":true,"href":"https:\/\/27-215.pl\/index.php\/wp-json\/wp\/v2\/media\/33503"}],"wp:attachment":[{"href":"https:\/\/27-215.pl\/index.php\/wp-json\/wp\/v2\/media?parent=2700"}],"wp:term":[{"taxonomy":"product_brand","embeddable":true,"href":"https:\/\/27-215.pl\/index.php\/wp-json\/wp\/v2\/product_brand?post=2700"},{"taxonomy":"product_cat","embeddable":true,"href":"https:\/\/27-215.pl\/index.php\/wp-json\/wp\/v2\/product_cat?post=2700"},{"taxonomy":"product_tag","embeddable":true,"href":"https:\/\/27-215.pl\/index.php\/wp-json\/wp\/v2\/product_tag?post=2700"}],"curies":[{"name":"wp","href":"https:\/\/api.w.org\/{rel}","templated":true}]}}