{"id":2785,"date":"2025-12-05T14:41:46","date_gmt":"2025-12-05T13:41:46","guid":{"rendered":"https:\/\/www.27-215.pl\/?post_type=product&#038;p=2785"},"modified":"2026-04-11T11:02:25","modified_gmt":"2026-04-11T09:02:25","slug":"palacio-lawendowy-krem-do-twarzy-50-ml","status":"publish","type":"product","link":"https:\/\/27-215.pl\/index.php\/produkt\/palacio-lawendowy-krem-do-twarzy-50-ml\/","title":{"rendered":"Krem do twarzy Lawendowy PALACIO, 50 ml"},"content":{"rendered":"<p data-start=\"0\" data-end=\"53\">\ud83e\uddf4 <strong data-start=\"3\" data-end=\"47\">PALACIO \u2013 Lawendowy krem do twarzy 50 ml<\/strong> \ud83d\udc9c\u2728<\/p>\n<p data-start=\"55\" data-end=\"381\">Zapewne Twoja sk\u00f3ra potrzebuje odrobiny koj\u0105cej mocy lawendy! <strong data-start=\"93\" data-end=\"124\">PALACIO Lavender Face Cream<\/strong> to wyj\u0105tkowy krem, kt\u00f3ry dzi\u0119ki zawarto\u015bci naturalnego olejku lawendowego oferuje efekt uspokojenia, relaksu i intensywnej regeneracji. Jest idealny do codziennej piel\u0119gnacji, szczeg\u00f3lnie w okresie letnim, gdy sk\u00f3ra wymaga ukojenia po ekspozycji na s\u0142o\u0144ce, wiatr czy stres.<\/p>\n<p data-start=\"383\" data-end=\"642\">Krem ten ma lekk\u0105, oddychaj\u0105c\u0105 konsystencj\u0119, kt\u00f3ra szybko si\u0119 wch\u0142ania, nie obci\u0105\u017caj\u0105c sk\u00f3ry, i pozostawia j\u0105 mi\u0119kk\u0105, g\u0142adk\u0105 oraz pe\u0142n\u0105 blasku. Dodatek pantenolu i kolagenu wspiera proces odbudowy, wzmacnia barier\u0119 ochronn\u0105 oraz pomaga utrzyma\u0107 elastyczno\u015b\u0107 i zdrowy wygl\u0105d sk\u00f3ry.<\/p>\n<p data-start=\"644\" data-end=\"672\">\ud83d\udc9c <strong data-start=\"647\" data-end=\"670\">Korzy\u015bci dla sk\u00f3ry:<\/strong><\/p>\n<ul data-start=\"673\" data-end=\"984\">\n<li data-start=\"673\" data-end=\"718\">\n<p data-start=\"675\" data-end=\"718\">\u0142agodzi i regeneruje sk\u00f3r\u0119 poddan\u0105 stresowi,<\/p>\n<\/li>\n<li data-start=\"719\" data-end=\"778\">\n<p data-start=\"721\" data-end=\"778\">poprawia elastyczno\u015b\u0107 oraz wzmacnia barier\u0119 hydrolipidow\u0105,<\/p>\n<\/li>\n<li data-start=\"779\" data-end=\"829\">\n<p data-start=\"781\" data-end=\"829\">pozostawia cer\u0119 nawil\u017con\u0105, mi\u0119kk\u0105 i promienn\u0105,<\/p>\n<\/li>\n<li data-start=\"830\" data-end=\"899\">\n<p data-start=\"832\" data-end=\"899\">charakteryzuje si\u0119 lekk\u0105, oddychaj\u0105c\u0105 formu\u0142\u0105, idealn\u0105 do codziennego u\u017cytku,<\/p>\n<\/li>\n<li data-start=\"900\" data-end=\"950\">\n<p data-start=\"902\" data-end=\"950\">jest odpowiedni dla sk\u00f3ry wra\u017cliwej i podra\u017cnionej,<\/p>\n<\/li>\n<li data-start=\"951\" data-end=\"984\">\n<p data-start=\"953\" data-end=\"984\"><strong data-start=\"953\" data-end=\"983\">dermatologicznie testowany<\/strong>.<\/p>\n<\/li>\n<\/ul>\n<p data-start=\"986\" data-end=\"1014\">\ud83c\udf3f <strong data-start=\"989\" data-end=\"1012\">Kluczowe sk\u0142adniki:<\/strong><\/p>\n<ul data-start=\"1015\" data-end=\"1212\">\n<li data-start=\"1015\" data-end=\"1091\">\n<p data-start=\"1017\" data-end=\"1091\"><strong data-start=\"1017\" data-end=\"1037\">olejek lawendowy<\/strong> \u2013 dzia\u0142a koj\u0105co, relaksuj\u0105co i aromaterapeutycznie,<\/p>\n<\/li>\n<li data-start=\"1092\" data-end=\"1156\">\n<p data-start=\"1094\" data-end=\"1156\"><strong data-start=\"1094\" data-end=\"1106\">pantenol<\/strong> \u2013 intensywnie nawil\u017ca i przyspiesza proces regeneracji,<\/p>\n<\/li>\n<li data-start=\"1157\" data-end=\"1212\">\n<p data-start=\"1159\" data-end=\"1212\"><strong data-start=\"1159\" data-end=\"1170\">kolagen<\/strong> \u2013 wyg\u0142adza i wspomaga elastyczno\u015b\u0107 sk\u00f3ry.<\/p>\n<\/li>\n<\/ul>\n<p data-start=\"1214\" data-end=\"1398\">\ud83e\uddf4 <strong data-start=\"1217\" data-end=\"1235\">Spos\u00f3b u\u017cycia:<\/strong><br data-start=\"1235\" data-end=\"1238\" \/>Aplikuj niewielk\u0105 ilo\u015b\u0107 kremu na oczyszczon\u0105 sk\u00f3r\u0119 twarzy, szyi i dekoltu, a nast\u0119pnie delikatnie wmasuj, a\u017c do pe\u0142nego wch\u0142oni\u0119cia. Zalecane jest stosowanie codziennie \u2013 rano i wieczorem.<\/p>\n<p data-start=\"1400\" data-end=\"1656\">\ud83c\udf38 <strong data-start=\"1403\" data-end=\"1449\">Lawenda \u2013 naturalna aromaterapia dla sk\u00f3ry i zmys\u0142\u00f3w<\/strong><br data-start=\"1449\" data-end=\"1452\" \/>Jej naturalne w\u0142a\u015bciwo\u015bci koj\u0105ce i antyseptyczne pomagaj\u0105 \u0142agodzi\u0107 podra\u017cnienia, zmniejsza\u0107 napi\u0119cie sk\u00f3ry i poprawia\u0107 jej komfort. Dodatkowo, relaksuj\u0105cy zapach lawendy dzia\u0142a odpr\u0119\u017caj\u0105co na ca\u0142y organizm.<\/p>\n<p data-start=\"1658\" data-end=\"1683\">\ud83d\udce6 <strong data-start=\"1661\" data-end=\"1675\">Gramatura:<\/strong> 50 ml<\/p>\n","protected":false},"excerpt":{"rendered":"<p>\ud83e\uddf4 PALACIO \u2013 Lawendowy krem do twarzy 50 ml \ud83d\udc9c\u2728 Zapewne Twoja sk\u00f3ra potrzebuje odrobiny koj\u0105cej mocy lawendy! PALACIO Lavender Face Cream to wyj\u0105tkowy krem, kt\u00f3ry dzi\u0119ki zawarto\u015bci naturalnego olejku lawendowego oferuje efekt uspokojenia, relaksu i intensywnej regeneracji. Jest idealny do codziennej piel\u0119gnacji, szczeg\u00f3lnie w okresie letnim, gdy sk\u00f3ra wymaga ukojenia po ekspozycji na s\u0142o\u0144ce, [&hellip;]<\/p>\n","protected":false},"featured_media":33483,"template":"","meta":[],"product_brand":[22],"product_cat":[21],"product_tag":[],"class_list":{"0":"post-2785","1":"product","2":"type-product","3":"status-publish","4":"has-post-thumbnail","6":"product_brand-palacio","7":"product_cat-palacio","9":"first","10":"instock","11":"taxable","12":"shipping-taxable","13":"purchasable","14":"product-type-simple"},"_links":{"self":[{"href":"https:\/\/27-215.pl\/index.php\/wp-json\/wp\/v2\/product\/2785","targetHints":{"allow":["GET"]}}],"collection":[{"href":"https:\/\/27-215.pl\/index.php\/wp-json\/wp\/v2\/product"}],"about":[{"href":"https:\/\/27-215.pl\/index.php\/wp-json\/wp\/v2\/types\/product"}],"wp:featuredmedia":[{"embeddable":true,"href":"https:\/\/27-215.pl\/index.php\/wp-json\/wp\/v2\/media\/33483"}],"wp:attachment":[{"href":"https:\/\/27-215.pl\/index.php\/wp-json\/wp\/v2\/media?parent=2785"}],"wp:term":[{"taxonomy":"product_brand","embeddable":true,"href":"https:\/\/27-215.pl\/index.php\/wp-json\/wp\/v2\/product_brand?post=2785"},{"taxonomy":"product_cat","embeddable":true,"href":"https:\/\/27-215.pl\/index.php\/wp-json\/wp\/v2\/product_cat?post=2785"},{"taxonomy":"product_tag","embeddable":true,"href":"https:\/\/27-215.pl\/index.php\/wp-json\/wp\/v2\/product_tag?post=2785"}],"curies":[{"name":"wp","href":"https:\/\/api.w.org\/{rel}","templated":true}]}}

<p data-start="0" data-end="53">🧴 <strong data-start="3" data-end="47">PALACIO – Lawendowy krem do twarzy 50 ml</strong> 💜✨</p>
<p data-start="55" data-end="381">Zapewne Twoja skóra potrzebuje odrobiny kojącej mocy lawendy! <strong data-start="93" data-end="124">PALACIO Lavender Face Cream</strong> to wyjątkowy krem, który dzięki zawartości naturalnego olejku lawendowego oferuje efekt uspokojenia, relaksu i intensywnej regeneracji. Jest idealny do codziennej pielęgnacji, szczególnie w okresie letnim, gdy skóra wymaga ukojenia po ekspozycji na słońce, wiatr czy stres.</p>
<p data-start="383" data-end="642">Krem ten ma lekką, oddychającą konsystencję, która szybko się wchłania, nie obciążając skóry, i pozostawia ją miękką, gładką oraz pełną blasku. Dodatek pantenolu i kolagenu wspiera proces odbudowy, wzmacnia barierę ochronną oraz pomaga utrzymać elastyczność i zdrowy wygląd skóry.</p>
<p data-start="644" data-end="672">💜 <strong data-start="647" data-end="670">Korzyści dla skóry:</strong></p>
<ul data-start="673" data-end="984">
<li data-start="673" data-end="718">
<p data-start="675" data-end="718">łagodzi i regeneruje skórę poddaną stresowi,</p>
</li>
<li data-start="719" data-end="778">
<p data-start="721" data-end="778">poprawia elastyczność oraz wzmacnia barierę hydrolipidową,</p>
</li>
<li data-start="779" data-end="829">
<p data-start="781" data-end="829">pozostawia cerę nawilżoną, miękką i promienną,</p>
</li>
<li data-start="830" data-end="899">
<p data-start="832" data-end="899">charakteryzuje się lekką, oddychającą formułą, idealną do codziennego użytku,</p>
</li>
<li data-start="900" data-end="950">
<p data-start="902" data-end="950">jest odpowiedni dla skóry wrażliwej i podrażnionej,</p>
</li>
<li data-start="951" data-end="984">
<p data-start="953" data-end="984"><strong data-start="953" data-end="983">dermatologicznie testowany</strong>.</p>
</li>
</ul>
<p data-start="986" data-end="1014">🌿 <strong data-start="989" data-end="1012">Kluczowe składniki:</strong></p>
<ul data-start="1015" data-end="1212">
<li data-start="1015" data-end="1091">
<p data-start="1017" data-end="1091"><strong data-start="1017" data-end="1037">olejek lawendowy</strong> – działa kojąco, relaksująco i aromaterapeutycznie,</p>
</li>
<li data-start="1092" data-end="1156">
<p data-start="1094" data-end="1156"><strong data-start="1094" data-end="1106">pantenol</strong> – intensywnie nawilża i przyspiesza proces regeneracji,</p>
</li>
<li data-start="1157" data-end="1212">
<p data-start="1159" data-end="1212"><strong data-start="1159" data-end="1170">kolagen</strong> – wygładza i wspomaga elastyczność skóry.</p>
</li>
</ul>
<p data-start="1214" data-end="1398">🧴 <strong data-start="1217" data-end="1235">Sposób użycia:</strong><br data-start="1235" data-end="1238" />Aplikuj niewielką ilość kremu na oczyszczoną skórę twarzy, szyi i dekoltu, a następnie delikatnie wmasuj, aż do pełnego wchłonięcia. Zalecane jest stosowanie codziennie – rano i wieczorem.</p>
<p data-start="1400" data-end="1656">🌸 <strong data-start="1403" data-end="1449">Lawenda – naturalna aromaterapia dla skóry i zmysłów</strong><br data-start="1449" data-end="1452" />Jej naturalne właściwości kojące i antyseptyczne pomagają łagodzić podrażnienia, zmniejszać napięcie skóry i poprawiać jej komfort. Dodatkowo, relaksujący zapach lawendy działa odprężająco na cały organizm.</p>
<p data-start="1658" data-end="1683">📦 <strong data-start="1661" data-end="1675">Gramatura:</strong> 50 ml</p>

<p>🧴 PALACIO – Lawendowy krem do twarzy 50 ml 💜✨ Zapewne Twoja skóra potrzebuje odrobiny kojącej mocy lawendy! PALACIO Lavender Face Cream to wyjątkowy krem, który dzięki zawartości naturalnego olejku lawendowego oferuje efekt uspokojenia, relaksu i intensywnej regeneracji. Jest idealny do codziennej pielęgnacji, szczególnie w okresie letnim, gdy skóra wymaga ukojenia po ekspozycji na słońce, [&hellip;]</p>
