{"id":33022,"date":"2024-06-12T19:21:17","date_gmt":"2024-06-12T17:21:17","guid":{"rendered":"https:\/\/www.27-215.pl\/?post_type=product&#038;p=33022"},"modified":"2026-04-05T12:36:22","modified_gmt":"2026-04-05T10:36:22","slug":"100x-wieczko-zakretka-na-sloik-wzor-p02","status":"publish","type":"product","link":"https:\/\/27-215.pl\/index.php\/produkt\/100x-wieczko-zakretka-na-sloik-wzor-p02\/","title":{"rendered":"100x wieczko zakr\u0119tka na s\u0142oik \u2022 wz\u00f3r P02"},"content":{"rendered":"<p>\u27a1\ufe0f <strong>Solidna konstrukcja<\/strong><br \/>\n\u2705 Zakr\u0119tka wykonana z trwa\u0142ego metalu zapewnia d\u0142ugowieczno\u015b\u0107 i odporno\u015b\u0107 na uszkodzenia mechaniczne. Nie przekr\u0119ca si\u0119 podczas u\u017cytkowania.<\/p>\n<p>\u27a1\ufe0f <strong>Perfekcyjne uszczelnienie<\/strong><br \/>\n\u2705 Precyzyjnie wykonane gwinty gwarantuj\u0105 doskona\u0142e uszczelnienie, chroni\u0105c zawarto\u015b\u0107 s\u0142oik\u00f3w przed powietrzem i wilgoci\u0105, co zapewnia bezpiecze\u0144stwo przechowywanych produkt\u00f3w.<\/p>\n<p>\u27a1\ufe0f <strong>Uniwersalne zastosowanie<\/strong><br \/>\n\u2705 Metalowa zakr\u0119tka o \u015brednicy \u230082 pasuje do wi\u0119kszo\u015bci standardowych s\u0142oik\u00f3w dost\u0119pnych na rynku, co czyni j\u0105 wszechstronnym rozwi\u0105zaniem.<\/p>\n<p>Wz\u00f3r: P02<br \/>\nIlo\u015b\u0107 sztuk: 100 szt.<br \/>\nTyp wieczka: Twist-off<br \/>\n\u015arednica: 82 mm<br \/>\nIlo\u015b\u0107 zaczep\u00f3w: 6<\/p>\n","protected":false},"excerpt":{"rendered":"<p>\u27a1\ufe0f Solidna konstrukcja \u2705 Zakr\u0119tka wykonana z trwa\u0142ego metalu zapewnia d\u0142ugowieczno\u015b\u0107 i odporno\u015b\u0107 na uszkodzenia mechaniczne. Nie przekr\u0119ca si\u0119 podczas u\u017cytkowania. \u27a1\ufe0f Perfekcyjne uszczelnienie \u2705 Precyzyjnie wykonane gwinty gwarantuj\u0105 doskona\u0142e uszczelnienie, chroni\u0105c zawarto\u015b\u0107 s\u0142oik\u00f3w przed powietrzem i wilgoci\u0105, co zapewnia bezpiecze\u0144stwo przechowywanych produkt\u00f3w. \u27a1\ufe0f Uniwersalne zastosowanie \u2705 Metalowa zakr\u0119tka o \u015brednicy \u230082 pasuje do wi\u0119kszo\u015bci [&hellip;]<\/p>\n","protected":false},"featured_media":33023,"template":"","meta":[],"product_brand":[],"product_cat":[75],"product_tag":[],"class_list":{"0":"post-33022","1":"product","2":"type-product","3":"status-publish","4":"has-post-thumbnail","6":"product_cat-wieczka","7":"product_shipping_class-wieczka","9":"first","10":"instock","11":"taxable","12":"shipping-taxable","13":"purchasable","14":"product-type-simple"},"_links":{"self":[{"href":"https:\/\/27-215.pl\/index.php\/wp-json\/wp\/v2\/product\/33022","targetHints":{"allow":["GET"]}}],"collection":[{"href":"https:\/\/27-215.pl\/index.php\/wp-json\/wp\/v2\/product"}],"about":[{"href":"https:\/\/27-215.pl\/index.php\/wp-json\/wp\/v2\/types\/product"}],"wp:featuredmedia":[{"embeddable":true,"href":"https:\/\/27-215.pl\/index.php\/wp-json\/wp\/v2\/media\/33023"}],"wp:attachment":[{"href":"https:\/\/27-215.pl\/index.php\/wp-json\/wp\/v2\/media?parent=33022"}],"wp:term":[{"taxonomy":"product_brand","embeddable":true,"href":"https:\/\/27-215.pl\/index.php\/wp-json\/wp\/v2\/product_brand?post=33022"},{"taxonomy":"product_cat","embeddable":true,"href":"https:\/\/27-215.pl\/index.php\/wp-json\/wp\/v2\/product_cat?post=33022"},{"taxonomy":"product_tag","embeddable":true,"href":"https:\/\/27-215.pl\/index.php\/wp-json\/wp\/v2\/product_tag?post=33022"}],"curies":[{"name":"wp","href":"https:\/\/api.w.org\/{rel}","templated":true}]}}