{"id":33244,"date":"2026-03-11T09:28:58","date_gmt":"2026-03-11T08:28:58","guid":{"rendered":"https:\/\/www.27-215.pl\/?post_type=product&#038;p=33244"},"modified":"2026-04-04T08:54:29","modified_gmt":"2026-04-04T06:54:29","slug":"cedzidlo-podwojne-oczka-05-x-16","status":"publish","type":"product","link":"https:\/\/27-215.pl\/index.php\/produkt\/cedzidlo-podwojne-oczka-05-x-16\/","title":{"rendered":"Cedzid\u0142o z podw\u00f3jnym oczkiem, wymiary 0,5 x 1,6"},"content":{"rendered":"<p>Cedzid\u0142o podw\u00f3jne zosta\u0142o wykonane z materia\u0142u ocynowanego. Wyr\u00f3\u017cnia si\u0119 ono dwoma sitami o oczkach o r\u00f3\u017cnej wielko\u015bci: 0,5 oraz 1,6.<\/p>\n<p>Dzi\u0119ki rozsuwanym ramionom, cedzid\u0142o mo\u017cna \u0142atwo dopasowa\u0107 do dowolnej wielko\u015bci odstojnika.<\/p>\n","protected":false},"excerpt":{"rendered":"<p>Cedzid\u0142o podw\u00f3jne zosta\u0142o wykonane z materia\u0142u ocynowanego. Wyr\u00f3\u017cnia si\u0119 ono dwoma sitami o oczkach o r\u00f3\u017cnej wielko\u015bci: 0,5 oraz 1,6. Dzi\u0119ki rozsuwanym ramionom, cedzid\u0142o mo\u017cna \u0142atwo dopasowa\u0107 do dowolnej wielko\u015bci odstojnika.<\/p>\n","protected":false},"featured_media":33435,"template":"","meta":[],"product_brand":[81],"product_cat":[80],"product_tag":[],"class_list":{"0":"post-33244","1":"product","2":"type-product","3":"status-publish","4":"has-post-thumbnail","6":"product_brand-kokoszka","7":"product_cat-cedzidla","9":"first","10":"instock","11":"taxable","12":"shipping-taxable","13":"purchasable","14":"product-type-simple"},"_links":{"self":[{"href":"https:\/\/27-215.pl\/index.php\/wp-json\/wp\/v2\/product\/33244","targetHints":{"allow":["GET"]}}],"collection":[{"href":"https:\/\/27-215.pl\/index.php\/wp-json\/wp\/v2\/product"}],"about":[{"href":"https:\/\/27-215.pl\/index.php\/wp-json\/wp\/v2\/types\/product"}],"wp:featuredmedia":[{"embeddable":true,"href":"https:\/\/27-215.pl\/index.php\/wp-json\/wp\/v2\/media\/33435"}],"wp:attachment":[{"href":"https:\/\/27-215.pl\/index.php\/wp-json\/wp\/v2\/media?parent=33244"}],"wp:term":[{"taxonomy":"product_brand","embeddable":true,"href":"https:\/\/27-215.pl\/index.php\/wp-json\/wp\/v2\/product_brand?post=33244"},{"taxonomy":"product_cat","embeddable":true,"href":"https:\/\/27-215.pl\/index.php\/wp-json\/wp\/v2\/product_cat?post=33244"},{"taxonomy":"product_tag","embeddable":true,"href":"https:\/\/27-215.pl\/index.php\/wp-json\/wp\/v2\/product_tag?post=33244"}],"curies":[{"name":"wp","href":"https:\/\/api.w.org\/{rel}","templated":true}]}}