{"id":33252,"date":"2026-03-11T09:40:15","date_gmt":"2026-03-11T08:40:15","guid":{"rendered":"https:\/\/www.27-215.pl\/?post_type=product&#038;p=33252"},"modified":"2026-04-30T09:32:46","modified_gmt":"2026-04-30T07:32:46","slug":"miotelka-pszczelarska-dluga","status":"publish","type":"product","link":"https:\/\/27-215.pl\/index.php\/produkt\/miotelka-pszczelarska-dluga\/","title":{"rendered":"D\u0142uga miote\u0142ka do pszczelarstwa"},"content":{"rendered":"<p>Do pracy na pasieczysku s\u0142u\u017cy p\u0142aska miote\u0142ka pasieczna, wykonana z naturalnego w\u0142osia, kt\u00f3ra zosta\u0142a oprawiona w drewniany uchwyt z trzonkiem. Z jej pomoc\u0105 mo\u017cna omie\u015bci\u0107 plastry i \u015bciany ula z pszcz\u00f3\u0142.<\/p>\n<p>Wymiary:<br \/>\nD\u0142ugo\u015b\u0107 ca\u0142kowita: 43 cm<br \/>\nD\u0142ugo\u015b\u0107 w\u0142osia: 5 cm<br \/>\nSzeroko\u015b\u0107 cz\u0119\u015bci w\u0142osowej: 24 cm<\/p>\n","protected":false},"excerpt":{"rendered":"<p>Do pracy na pasieczysku s\u0142u\u017cy p\u0142aska miote\u0142ka pasieczna, wykonana z naturalnego w\u0142osia, kt\u00f3ra zosta\u0142a oprawiona w drewniany uchwyt z trzonkiem. Z jej pomoc\u0105 mo\u017cna omie\u015bci\u0107 plastry i \u015bciany ula z pszcz\u00f3\u0142. Wymiary: D\u0142ugo\u015b\u0107 ca\u0142kowita: 43 cm D\u0142ugo\u015b\u0107 w\u0142osia: 5 cm Szeroko\u015b\u0107 cz\u0119\u015bci w\u0142osowej: 24 cm<\/p>\n","protected":false},"featured_media":33425,"template":"","meta":[],"product_brand":[81],"product_cat":[61],"product_tag":[],"class_list":{"0":"post-33252","1":"product","2":"type-product","3":"status-publish","4":"has-post-thumbnail","6":"product_brand-kokoszka","7":"product_cat-inny","9":"first","10":"instock","11":"taxable","12":"shipping-taxable","13":"purchasable","14":"product-type-simple"},"_links":{"self":[{"href":"https:\/\/27-215.pl\/index.php\/wp-json\/wp\/v2\/product\/33252","targetHints":{"allow":["GET"]}}],"collection":[{"href":"https:\/\/27-215.pl\/index.php\/wp-json\/wp\/v2\/product"}],"about":[{"href":"https:\/\/27-215.pl\/index.php\/wp-json\/wp\/v2\/types\/product"}],"wp:featuredmedia":[{"embeddable":true,"href":"https:\/\/27-215.pl\/index.php\/wp-json\/wp\/v2\/media\/33425"}],"wp:attachment":[{"href":"https:\/\/27-215.pl\/index.php\/wp-json\/wp\/v2\/media?parent=33252"}],"wp:term":[{"taxonomy":"product_brand","embeddable":true,"href":"https:\/\/27-215.pl\/index.php\/wp-json\/wp\/v2\/product_brand?post=33252"},{"taxonomy":"product_cat","embeddable":true,"href":"https:\/\/27-215.pl\/index.php\/wp-json\/wp\/v2\/product_cat?post=33252"},{"taxonomy":"product_tag","embeddable":true,"href":"https:\/\/27-215.pl\/index.php\/wp-json\/wp\/v2\/product_tag?post=33252"}],"curies":[{"name":"wp","href":"https:\/\/api.w.org\/{rel}","templated":true}]}}