{"id":33323,"date":"2026-03-14T21:04:49","date_gmt":"2026-03-14T20:04:49","guid":{"rendered":"https:\/\/www.27-215.pl\/?post_type=product&#038;p=33323"},"modified":"2026-04-04T08:55:15","modified_gmt":"2026-04-04T06:55:15","slug":"zasuwka-na-wylotek-ocynkowana","status":"publish","type":"product","link":"https:\/\/27-215.pl\/index.php\/produkt\/zasuwka-na-wylotek-ocynkowana\/","title":{"rendered":"Zasuwka na wylotek ocynkowana"},"content":{"rendered":"<p data-start=\"0\" data-end=\"29\"><strong data-start=\"0\" data-end=\"29\">Ocynkowana zasuwka do ula<\/strong><\/p>\n<p data-start=\"31\" data-end=\"264\">Ocynkowana zasuwka do ula to praktyczny element pasieczny s\u0142u\u017c\u0105cy do zamykania, otwierania oraz regulowania wielko\u015bci wylotka. Umo\u017cliwia kontrolowanie przelotu pszcz\u00f3\u0142, a jednocze\u015bnie chroni ul przed szkodnikami i innymi insektami.<\/p>\n<p data-start=\"266\" data-end=\"453\">Zasuwka pomaga r\u00f3wnie\u017c utrzyma\u0107 odpowiedni\u0105 wentylacj\u0119 w ulu, co jest szczeg\u00f3lnie wa\u017cne w okresie zimowym. Produkt polecany jest przede wszystkim do uli drewnianych oraz uli le\u017cakowych.<\/p>\n<p data-start=\"455\" data-end=\"538\">Monta\u017c jest bardzo prosty \u2013 wystarczy przymocowa\u0107 zasuwk\u0119 do ula za pomoc\u0105 gwo\u017adzi.<\/p>\n<p data-start=\"540\" data-end=\"551\"><strong data-start=\"540\" data-end=\"551\">Zalety:<\/strong><\/p>\n<ul data-start=\"552\" data-end=\"696\" data-is-last-node=\"\" data-is-only-node=\"\">\n<li data-section-id=\"ekel2q\" data-start=\"552\" data-end=\"584\">\n<p data-start=\"554\" data-end=\"584\">kontrolowany przelot pszcz\u00f3\u0142<\/p>\n<\/li>\n<li data-section-id=\"1s84v7j\" data-start=\"585\" data-end=\"618\">\n<p data-start=\"587\" data-end=\"618\">ochrona ula przed szkodnikami<\/p>\n<\/li>\n<li data-section-id=\"kvz4ri\" data-start=\"619\" data-end=\"641\">\n<p data-start=\"621\" data-end=\"641\">poprawa wentylacji<\/p>\n<\/li>\n<li data-section-id=\"1stl2e5\" data-start=\"642\" data-end=\"671\">\n<p data-start=\"644\" data-end=\"671\">u\u0142atwienie transportu ula<\/p>\n<\/li>\n<li data-section-id=\"1vz0xqf\" data-start=\"672\" data-end=\"696\" data-is-last-node=\"\">\n<p data-start=\"674\" data-end=\"696\" data-is-last-node=\"\">szybki i prosty monta\u017c<\/p>\n<\/li>\n<\/ul>\n","protected":false},"excerpt":{"rendered":"<p>Ocynkowana zasuwka do ula Ocynkowana zasuwka do ula to praktyczny element pasieczny s\u0142u\u017c\u0105cy do zamykania, otwierania oraz regulowania wielko\u015bci wylotka. Umo\u017cliwia kontrolowanie przelotu pszcz\u00f3\u0142, a jednocze\u015bnie chroni ul przed szkodnikami i innymi insektami. Zasuwka pomaga r\u00f3wnie\u017c utrzyma\u0107 odpowiedni\u0105 wentylacj\u0119 w ulu, co jest szczeg\u00f3lnie wa\u017cne w okresie zimowym. Produkt polecany jest przede wszystkim do uli [&hellip;]<\/p>\n","protected":false},"featured_media":33331,"template":"","meta":[],"product_brand":[82],"product_cat":[44],"product_tag":[],"class_list":{"0":"post-33323","1":"product","2":"type-product","3":"status-publish","4":"has-post-thumbnail","6":"product_brand-pietrzak-kubiak","7":"product_cat-zasuwki","9":"first","10":"outofstock","11":"taxable","12":"shipping-taxable","13":"purchasable","14":"product-type-variable"},"_links":{"self":[{"href":"https:\/\/27-215.pl\/index.php\/wp-json\/wp\/v2\/product\/33323","targetHints":{"allow":["GET"]}}],"collection":[{"href":"https:\/\/27-215.pl\/index.php\/wp-json\/wp\/v2\/product"}],"about":[{"href":"https:\/\/27-215.pl\/index.php\/wp-json\/wp\/v2\/types\/product"}],"wp:featuredmedia":[{"embeddable":true,"href":"https:\/\/27-215.pl\/index.php\/wp-json\/wp\/v2\/media\/33331"}],"wp:attachment":[{"href":"https:\/\/27-215.pl\/index.php\/wp-json\/wp\/v2\/media?parent=33323"}],"wp:term":[{"taxonomy":"product_brand","embeddable":true,"href":"https:\/\/27-215.pl\/index.php\/wp-json\/wp\/v2\/product_brand?post=33323"},{"taxonomy":"product_cat","embeddable":true,"href":"https:\/\/27-215.pl\/index.php\/wp-json\/wp\/v2\/product_cat?post=33323"},{"taxonomy":"product_tag","embeddable":true,"href":"https:\/\/27-215.pl\/index.php\/wp-json\/wp\/v2\/product_tag?post=33323"}],"curies":[{"name":"wp","href":"https:\/\/api.w.org\/{rel}","templated":true}]}}