{"id":33661,"date":"2026-05-12T22:36:52","date_gmt":"2026-05-12T20:36:52","guid":{"rendered":"https:\/\/27-215.pl\/?post_type=product&#038;p=33661"},"modified":"2026-05-12T22:40:15","modified_gmt":"2026-05-12T20:40:15","slug":"pierscien-do-sitopajaka","status":"publish","type":"product","link":"https:\/\/27-215.pl\/index.php\/produkt\/pierscien-do-sitopajaka\/","title":{"rendered":"Pier\u015bcie\u0144 do sitopaj\u0105ka"},"content":{"rendered":"<p data-start=\"11\" data-end=\"287\"><strong data-start=\"11\" data-end=\"48\">Pier\u015bcie\u0144 monta\u017cowy do sita paj\u0105k<\/strong> to praktyczny element wyposa\u017cenia ula, przeznaczony do szybkiego i stabilnego monta\u017cu sitka paj\u0105czka w powa\u0142ce. Pier\u015bcie\u0144 wykonany jest z tworzywa sztucznego, dzi\u0119ki czemu jest lekki, trwa\u0142y i odporny na typowe warunki panuj\u0105ce w pasiece.<\/p>\n<p data-start=\"289\" data-end=\"578\">Monta\u017c sitka jest prosty i wygodny \u2013 sito paj\u0105k mocuje si\u0119 w pier\u015bcieniu za pomoc\u0105 <strong data-start=\"372\" data-end=\"388\">3 zatrzask\u00f3w<\/strong>, bez potrzeby stosowania skomplikowanych narz\u0119dzi. Takie rozwi\u0105zanie u\u0142atwia obs\u0142ug\u0119 powa\u0142ki oraz pozwala szybko przygotowa\u0107 ul do wentylacji, podkarmiania lub kontroli przep\u0142ywu powietrza.<\/p>\n<p data-start=\"580\" data-end=\"869\">Pier\u015bcie\u0144 monta\u017cowy stosowany jest w otworach powa\u0142kowych. W po\u0142\u0105czeniu z sitkiem paj\u0105czkiem zapewnia odpowiedni\u0105 wentylacj\u0119 ula i prawid\u0142owy przep\u0142yw powietrza, ograniczaj\u0105c jednocze\u015bnie dost\u0119p pszcz\u00f3\u0142 do wybranych cz\u0119\u015bci powa\u0142ki. Mo\u017ce by\u0107 r\u00f3wnie\u017c wykorzystywany jako po\u0142awiacz propolisu.<\/p>\n<p data-start=\"871\" data-end=\"1094\">Produkt sprawdzi si\u0119 tak\u017ce jako podstawa pod podkarmiaczk\u0119, na przyk\u0142ad wiaderkow\u0105. To niewielki, ale bardzo funkcjonalny element, kt\u00f3ry zwi\u0119ksza mo\u017cliwo\u015bci wykorzystania powa\u0142ki w ulu i u\u0142atwia codzienn\u0105 prac\u0119 pszczelarza.<\/p>\n","protected":false},"excerpt":{"rendered":"<p>Pier\u015bcie\u0144 monta\u017cowy do sita paj\u0105k to praktyczny element wyposa\u017cenia ula, przeznaczony do szybkiego i stabilnego monta\u017cu sitka paj\u0105czka w powa\u0142ce. Pier\u015bcie\u0144 wykonany jest z tworzywa sztucznego, dzi\u0119ki czemu jest lekki, trwa\u0142y i odporny na typowe warunki panuj\u0105ce w pasiece. Monta\u017c sitka jest prosty i wygodny \u2013 sito paj\u0105k mocuje si\u0119 w pier\u015bcieniu za pomoc\u0105 3 [&hellip;]<\/p>\n","protected":false},"featured_media":33662,"template":"","meta":[],"product_brand":[],"product_cat":[41],"product_tag":[],"class_list":{"0":"post-33661","1":"product","2":"type-product","3":"status-publish","4":"has-post-thumbnail","6":"product_cat-inne","8":"first","9":"instock","10":"taxable","11":"shipping-taxable","12":"purchasable","13":"product-type-simple"},"_links":{"self":[{"href":"https:\/\/27-215.pl\/index.php\/wp-json\/wp\/v2\/product\/33661","targetHints":{"allow":["GET"]}}],"collection":[{"href":"https:\/\/27-215.pl\/index.php\/wp-json\/wp\/v2\/product"}],"about":[{"href":"https:\/\/27-215.pl\/index.php\/wp-json\/wp\/v2\/types\/product"}],"wp:featuredmedia":[{"embeddable":true,"href":"https:\/\/27-215.pl\/index.php\/wp-json\/wp\/v2\/media\/33662"}],"wp:attachment":[{"href":"https:\/\/27-215.pl\/index.php\/wp-json\/wp\/v2\/media?parent=33661"}],"wp:term":[{"taxonomy":"product_brand","embeddable":true,"href":"https:\/\/27-215.pl\/index.php\/wp-json\/wp\/v2\/product_brand?post=33661"},{"taxonomy":"product_cat","embeddable":true,"href":"https:\/\/27-215.pl\/index.php\/wp-json\/wp\/v2\/product_cat?post=33661"},{"taxonomy":"product_tag","embeddable":true,"href":"https:\/\/27-215.pl\/index.php\/wp-json\/wp\/v2\/product_tag?post=33661"}],"curies":[{"name":"wp","href":"https:\/\/api.w.org\/{rel}","templated":true}]}}