{"id":33674,"date":"2026-05-16T14:49:49","date_gmt":"2026-05-16T12:49:49","guid":{"rendered":"https:\/\/27-215.pl\/?post_type=product&#038;p=33674"},"modified":"2026-05-16T14:54:50","modified_gmt":"2026-05-16T12:54:50","slug":"varroa-easy-check","status":"publish","type":"product","link":"https:\/\/27-215.pl\/index.php\/produkt\/varroa-easy-check\/","title":{"rendered":"Varroa easy check"},"content":{"rendered":"<p data-start=\"0\" data-end=\"68\">Varroa Easy Check \u2013 szybki test poziomu warrozy w rodzinie pszczelej<\/p>\n<p data-start=\"70\" data-end=\"358\">Varroa Easy Check to praktyczne urz\u0105dzenie diagnostyczne do oceny stopnia pora\u017cenia pszcz\u00f3\u0142 roztoczem Varroa destructor. Pozwala w prosty i szybki spos\u00f3b sprawdzi\u0107, czy rodzina wymaga leczenia, dzi\u0119ki czemu mo\u017cesz podejmowa\u0107 decyzje na podstawie rzeczywistych wynik\u00f3w, a nie przypuszcze\u0144.<\/p>\n<p data-start=\"360\" data-end=\"411\">Tester umo\u017cliwia wykonanie badania trzema metodami:<\/p>\n<ul data-start=\"412\" data-end=\"548\">\n<li data-section-id=\"10d15zc\" data-start=\"412\" data-end=\"448\">alkoholow\u0105 \u2013 najbardziej dok\u0142adn\u0105,<\/li>\n<li data-section-id=\"1bf9eby\" data-start=\"449\" data-end=\"484\">cukrow\u0105 \u2013 bezpieczn\u0105 dla pszcz\u00f3\u0142,<\/li>\n<li data-section-id=\"p9j6br\" data-start=\"485\" data-end=\"548\">CO\u2082 \u2013 po zastosowaniu dodatkowego zestawu z dozownikiem gazu.<\/li>\n<\/ul>\n<p data-start=\"550\" data-end=\"765\">Urz\u0105dzenie bada pora\u017cenie foretyczne, czyli liczb\u0119 roztoczy znajduj\u0105cych si\u0119 bezpo\u015brednio na doros\u0142ych pszczo\u0142ach. To jedna z najskuteczniejszych metod monitorowania warrozy stosowanych w nowoczesnym pszczelarstwie.<\/p>\n<p data-start=\"767\" data-end=\"787\">Najwa\u017cniejsze cechy:<\/p>\n<ul data-start=\"788\" data-end=\"994\">\n<li data-section-id=\"12myc03\" data-start=\"788\" data-end=\"821\">szybki wynik w oko\u0142o 60 sekund,<\/li>\n<li data-section-id=\"w31uap\" data-start=\"822\" data-end=\"869\">mo\u017cliwo\u015b\u0107 badania pr\u00f3bki 200 lub 300 pszcz\u00f3\u0142,<\/li>\n<li data-section-id=\"1xlbzjb\" data-start=\"870\" data-end=\"900\">szczelny i wygodny pojemnik,<\/li>\n<li data-section-id=\"1qopwdy\" data-start=\"901\" data-end=\"938\">trwa\u0142e tworzywo odporne na alkohol,<\/li>\n<li data-section-id=\"191dy9v\" data-start=\"939\" data-end=\"994\">\u0142atwe liczenie paso\u017cyt\u00f3w przez przezroczyste \u015bcianki.<\/li>\n<\/ul>\n<p data-start=\"996\" data-end=\"1073\">W zestawie znajduje si\u0119 pojemnik z koszyczkiem do bada\u0144 p\u0142ynnych i pudrowych.<\/p>\n<p data-start=\"1075\" data-end=\"1257\" data-is-last-node=\"\" data-is-only-node=\"\">Regularne monitorowanie warrozy pozwala skuteczniej planowa\u0107 leczenie i ogranicza\u0107 straty w pasiece. Varroa Easy Check sprawdzi si\u0119 zar\u00f3wno w ma\u0142ych, jak i profesjonalnych pasiekach.<\/p>\n","protected":false},"excerpt":{"rendered":"<p>Varroa Easy Check \u2013 szybki test poziomu warrozy w rodzinie pszczelej Varroa Easy Check to praktyczne urz\u0105dzenie diagnostyczne do oceny stopnia pora\u017cenia pszcz\u00f3\u0142 roztoczem Varroa destructor. Pozwala w prosty i szybki spos\u00f3b sprawdzi\u0107, czy rodzina wymaga leczenia, dzi\u0119ki czemu mo\u017cesz podejmowa\u0107 decyzje na podstawie rzeczywistych wynik\u00f3w, a nie przypuszcze\u0144. Tester umo\u017cliwia wykonanie badania trzema metodami: [&hellip;]<\/p>\n","protected":false},"featured_media":33675,"template":"","meta":[],"product_brand":[],"product_cat":[61],"product_tag":[],"class_list":{"0":"post-33674","1":"product","2":"type-product","3":"status-publish","4":"has-post-thumbnail","6":"product_cat-inny","8":"first","9":"instock","10":"taxable","11":"shipping-taxable","12":"purchasable","13":"product-type-simple"},"_links":{"self":[{"href":"https:\/\/27-215.pl\/index.php\/wp-json\/wp\/v2\/product\/33674","targetHints":{"allow":["GET"]}}],"collection":[{"href":"https:\/\/27-215.pl\/index.php\/wp-json\/wp\/v2\/product"}],"about":[{"href":"https:\/\/27-215.pl\/index.php\/wp-json\/wp\/v2\/types\/product"}],"wp:featuredmedia":[{"embeddable":true,"href":"https:\/\/27-215.pl\/index.php\/wp-json\/wp\/v2\/media\/33675"}],"wp:attachment":[{"href":"https:\/\/27-215.pl\/index.php\/wp-json\/wp\/v2\/media?parent=33674"}],"wp:term":[{"taxonomy":"product_brand","embeddable":true,"href":"https:\/\/27-215.pl\/index.php\/wp-json\/wp\/v2\/product_brand?post=33674"},{"taxonomy":"product_cat","embeddable":true,"href":"https:\/\/27-215.pl\/index.php\/wp-json\/wp\/v2\/product_cat?post=33674"},{"taxonomy":"product_tag","embeddable":true,"href":"https:\/\/27-215.pl\/index.php\/wp-json\/wp\/v2\/product_tag?post=33674"}],"curies":[{"name":"wp","href":"https:\/\/api.w.org\/{rel}","templated":true}]}}