{"id":377,"date":"2025-01-25T11:11:25","date_gmt":"2025-01-25T10:11:25","guid":{"rendered":"https:\/\/www.27-215.pl\/?post_type=product&#038;p=377"},"modified":"2026-04-21T10:12:42","modified_gmt":"2026-04-21T08:12:42","slug":"alpa-francovka-lesna-60-ml","status":"publish","type":"product","link":"https:\/\/27-215.pl\/index.php\/produkt\/alpa-francovka-lesna-60-ml\/","title":{"rendered":"ALPA Francovka le\u015bna 60ml"},"content":{"rendered":"<p><b>Alpa Francovka Le\u015bna<\/b>\u00a0\u2013 to alkoholowy roztw\u00f3r naturalnego mentolu i wyci\u0105gu z igie\u0142 sosnowych o aromatycznym zapachu \u017cywicy. Poleca si\u0119 j\u0105 szczeg\u00f3lnie w profilaktyce i leczeniu\u00a0infekcji dr\u00f3g oddechowych, przezi\u0119bie\u0144\u00a0i\u00a0dolegliwo\u015bci grypopodobnych.\u00a0Ma w\u0142a\u015bciwo\u015bci\u00a0przeciwb\u00f3lowe, przeciwzapalne\u00a0oraz\u00a0regeneruj\u0105ce. Do stosowania na sk\u00f3r\u0119 jako dora\u017ana substancja na\u00a0b\u00f3le mi\u0119\u015bni, plec\u00f3w, staw\u00f3w, a tak\u017ce na\u00a0st\u0142uczenia, nadwyr\u0119\u017cenia\u00a0i\u00a0przem\u0119czenie mi\u0119\u015bni.\u00a0Ma dzia\u0142anie ch\u0142odz\u0105ce, gwarantuje miejscowe\u00a0znieczulenie\u00a0bol\u0105cej cz\u0119\u015bci cia\u0142a.<\/p>\n<div class=\"_1bo4a _xu6h2 _1ylmp _2d49e_YrWCD\">\n<div class=\"_1voj4 _z9prt _1xzdi _ai5yc _5d6n2 _15lj1\">\n<div class=\"_2d49e_5pK0q\">\n<p><b>Dzia\u0142anie:<\/b>\u00a0Dodatek ekstraktu \u017cywicznego z sosnowych igie\u0142 sprawia, \u017ce zaleca si\u0119 j\u0105 w szczeg\u00f3lnie w przypadku infekcji dr\u00f3g oddechowych, przezi\u0119bie\u0144 i dolegliwo\u015bci grypopodobnych. Stosowana do nacierania i masa\u017cu klatki piersiowej oraz plec\u00f3w, albo do inhalacji pobudza ukrwienie, dzia\u0142a rozgrzewaj\u0105co i wykrztu\u015bnie.<b>\u00a0<\/b>Podczas masa\u017cu wspomaga kr\u0105\u017cenie krwi, usuwa zm\u0119czenie po intensywnym wysi\u0142ku fizycznym. \u0141agodzi b\u00f3l i dyskomfort spowodowany reumatycznym zapaleniem staw\u00f3w i mi\u0119\u015bni, rw\u0105 kulszow\u0105, chorobami kr\u0119gos\u0142upa oraz w przypadku obrz\u0119ku n\u00f3g (st\u0142uczenia, opuchlizna, b\u00f3le mi\u0119\u015bniowe). Ma dzia\u0142anie znieczulaj\u0105ce. Dzia\u0142a dezynfekuj\u0105co, zapobiega potliwo\u015bci st\u00f3p.<\/p>\n<p><b>Zastosowanie:<\/b>\u00a0przezi\u0119bienie; grypa; kaszel; katar; problemy z drogami oddechowymi; b\u00f3l mi\u0119\u015bni; zapalenie mi\u0119\u015bni; napi\u0119te mi\u0119\u015bnie; \u0142agodzenie skurcz\u00f3w mi\u0119\u015bni; st\u0142uczenia; siniaki; odmro\u017cenia; b\u00f3l kr\u0119gos\u0142upa; napi\u0119ty kr\u0119gos\u0142up; urazy i nadwyr\u0119\u017cenia \u015bci\u0119gien i wi\u0119zade\u0142; zapalenie \u015bci\u0119gien; reumatyzm; artretyzm; b\u00f3l staw\u00f3w; zapalenie staw\u00f3w; choroby staw\u00f3w; rwa kulszowa; opuchlizna; regeneracja mi\u0119\u015bni po wysi\u0142ku; zakwasy; zapobieganie odle\u017cynom; b\u00f3l z\u0119b\u00f3w; b\u00f3l g\u0142owy; krwiaki; potliwo\u015b\u0107 st\u00f3p;<\/p>\n<p><b>Spos\u00f3b u\u017cycia i przeciwwskazania:<\/b>\u00a0W przypadku u\u017cytku zewn\u0119trznego, stosowa\u0107 w postaci ok\u0142ad\u00f3w (w formie rozcie\u0144czonej) b\u0105d\u017a do masa\u017cu miejscowego na obola\u0142e miejsca. W przypadku stosowania w leczeniu przezi\u0119bienia, grypy i dolegliwo\u015bci oddechowych nale\u017cy wykona\u0107 roztw\u00f3r do p\u0142ukania gard\u0142a \u2013 1 \u0142y\u017ceczka preparatu na szklank\u0119 ciep\u0142ej wody. Rozcie\u0144czony roztw\u00f3r mo\u017cna stosowa\u0107 r\u00f3wnie\u017c do inhalacji. Stosowa\u0107 na bol\u0105ce miejsca kilka razy dziennie. Produkt nieodpowiedni dla dzieci w wieku poni\u017cej 3 lat.\u00a0 Data wa\u017cno\u015bci znajduje si\u0119 na opakowaniu.<\/p>\n<\/div>\n<\/div>\n<\/div>\n<div class=\"_1bo4a _xu6h2 _1ylmp _2d49e_YrWCD\">\n<div class=\"_1voj4 _z9prt _1xzdi _ai5yc _5d6n2 _15lj1\">\n<div class=\"_2d49e_5pK0q\">\n<p><b>Sk\u0142adniki aktywne:<\/b><\/p>\n<ul>\n<li><b>alkohol<\/b>\u00a0\u2013 silnie dezynfekuje i zapobiegaj\u0105 rozwojowi bakterii<\/li>\n<li><b>mentol<\/b>\u00a0\u2013 ma dzia\u0142anie przeciwb\u00f3lowe oraz antyseptyczne; obni\u017ca wra\u017cliwo\u015b\u0107 nerw\u00f3w czuciowych, czego efektem jest zjawisko miejscowego znieczulenia; ma dzia\u0142anie ch\u0142odz\u0105ce powoduj\u0105ce zmniejszenie przep\u0142ywu krwi oraz zapotrzebowanie metaboliczne, co wp\u0142ywa na z\u0142agodzenie obecnych na ciele stan\u00f3w zapalnych oraz obrz\u0119k\u00f3w<\/li>\n<li><b>wyci\u0105g z igie\u0142 sosnowych<\/b>\u00a0\u2013 zawiera prozdrowotne\u00a0flawonoidy, garbniki, sole mineralne i olejki eteryczne. Dzia\u0142a stymuluj\u0105co na uk\u0142ad immunologiczny, dzi\u0119ki czemu stosuje si\u0119 go szczeg\u00f3lnie w profilaktyce i leczeniu infekcji dr\u00f3g oddechowych, przezi\u0119bie\u0144 i dolegliwo\u015bci grypopodobnych. Pobudza ukrwienie, dzia\u0142a rozgrzewaj\u0105co i wykrztu\u015bnie. Ma w\u0142a\u015bciwo\u015bci przeciwzapalne, przeciwbakteryjne, wykrztu\u015bne i odka\u017caj\u0105ce.<\/li>\n<\/ul>\n<p><b>Pojemno\u015b\u0107:<\/b>\u00a060 ml<\/p>\n<p><b>Sk\u0142ad INCI:<\/b>\u00a070% vol. Alcohol Denat., Menthol, Aqua, Needle Extract, menthol, Parfum, CI 19140, CI 28440, d-limonene<\/p>\n<\/div>\n<\/div>\n<\/div>\n","protected":false},"excerpt":{"rendered":"<p>Alpa Francovka Le\u015bna\u00a0\u2013 to alkoholowy roztw\u00f3r naturalnego mentolu i wyci\u0105gu z igie\u0142 sosnowych o aromatycznym zapachu \u017cywicy. Poleca si\u0119 j\u0105 szczeg\u00f3lnie w profilaktyce i leczeniu\u00a0infekcji dr\u00f3g oddechowych, przezi\u0119bie\u0144\u00a0i\u00a0dolegliwo\u015bci grypopodobnych.\u00a0Ma w\u0142a\u015bciwo\u015bci\u00a0przeciwb\u00f3lowe, przeciwzapalne\u00a0oraz\u00a0regeneruj\u0105ce. Do stosowania na sk\u00f3r\u0119 jako dora\u017ana substancja na\u00a0b\u00f3le mi\u0119\u015bni, plec\u00f3w, staw\u00f3w, a tak\u017ce na\u00a0st\u0142uczenia, nadwyr\u0119\u017cenia\u00a0i\u00a0przem\u0119czenie mi\u0119\u015bni.\u00a0Ma dzia\u0142anie ch\u0142odz\u0105ce, gwarantuje miejscowe\u00a0znieczulenie\u00a0bol\u0105cej cz\u0119\u015bci cia\u0142a. Dzia\u0142anie:\u00a0Dodatek ekstraktu [&hellip;]<\/p>\n","protected":false},"featured_media":378,"template":"","meta":[],"product_brand":[24],"product_cat":[23],"product_tag":[],"class_list":{"0":"post-377","1":"product","2":"type-product","3":"status-publish","4":"has-post-thumbnail","6":"product_brand-alpa","7":"product_cat-alpa","9":"first","10":"instock","11":"taxable","12":"shipping-taxable","13":"purchasable","14":"product-type-simple"},"_links":{"self":[{"href":"https:\/\/27-215.pl\/index.php\/wp-json\/wp\/v2\/product\/377","targetHints":{"allow":["GET"]}}],"collection":[{"href":"https:\/\/27-215.pl\/index.php\/wp-json\/wp\/v2\/product"}],"about":[{"href":"https:\/\/27-215.pl\/index.php\/wp-json\/wp\/v2\/types\/product"}],"wp:featuredmedia":[{"embeddable":true,"href":"https:\/\/27-215.pl\/index.php\/wp-json\/wp\/v2\/media\/378"}],"wp:attachment":[{"href":"https:\/\/27-215.pl\/index.php\/wp-json\/wp\/v2\/media?parent=377"}],"wp:term":[{"taxonomy":"product_brand","embeddable":true,"href":"https:\/\/27-215.pl\/index.php\/wp-json\/wp\/v2\/product_brand?post=377"},{"taxonomy":"product_cat","embeddable":true,"href":"https:\/\/27-215.pl\/index.php\/wp-json\/wp\/v2\/product_cat?post=377"},{"taxonomy":"product_tag","embeddable":true,"href":"https:\/\/27-215.pl\/index.php\/wp-json\/wp\/v2\/product_tag?post=377"}],"curies":[{"name":"wp","href":"https:\/\/api.w.org\/{rel}","templated":true}]}}