{"id":401,"date":"2025-01-25T12:47:49","date_gmt":"2025-01-25T11:47:49","guid":{"rendered":"https:\/\/www.27-215.pl\/?post_type=product&#038;p=401"},"modified":"2026-04-04T08:48:02","modified_gmt":"2026-04-04T06:48:02","slug":"palacio-krem-regeneracyjny-12-olejku-konopnego-125ml","status":"publish","type":"product","link":"https:\/\/27-215.pl\/index.php\/produkt\/palacio-krem-regeneracyjny-12-olejku-konopnego-125ml\/","title":{"rendered":"Palacio Krem regeneracyjny 12% olejku konopnego 125ml"},"content":{"rendered":"<p><strong>Krem regeneracyjny konopny Palacio<\/strong>\u00a0jest szczeg\u00f3lnie polecany dla sk\u00f3ry suchej, odwodnionej oraz wra\u017cliwej. Regularne stosowanie kremu poprawia kondycj\u0119 sk\u00f3ry, zwi\u0119ksza jej elastyczno\u015b\u0107, przywraca jej naturalny blask oraz wyg\u0142adza.\u00a0<strong>Olej konopny Bio i inne naturalne<\/strong>\u00a0sk\u0142adniki skutecznie redukuj\u0105 zaczerwienienia oraz podra\u017cnienia, co sprawia, \u017ce sk\u00f3ra staje si\u0119 bardziej komfortowa, mi\u0119kka i przyjemna w dotyku.<\/p>\n<p>Krem skutecznie nawil\u017ca sk\u00f3r\u0119, a tak\u017ce chroni j\u0105 przed negatywnymi czynnikami zewn\u0119trznymi, takimi jak wiatr, mr\u00f3z czy s\u0142o\u0144ce. Dzi\u0119ki swoim w\u0142a\u015bciwo\u015bciom regeneracyjnym doskonale sprawdza si\u0119 po opalaniu czy k\u0105pielach, przywracaj\u0105c sk\u00f3rze optymalny poziom nawil\u017cenia.<\/p>\n<p><em><strong>Zalety Stosowania Kremu Regeneracyjnego z olejem konopnym Palacio:<\/strong><\/em><\/p>\n<ul>\n<li><strong>Koi sk\u00f3r\u0119<\/strong>\u00a0&#8211; Krem dzia\u0142a koj\u0105co na podra\u017cnienia i zaczerwienienia, przyspieszaj\u0105c procesy regeneracji sk\u00f3ry.<\/li>\n<li><strong>Intensywnie nawil\u017ca<\/strong>\u00a0&#8211; Dzi\u0119ki olejowi konopnemu oraz uwodornionemu olejowi kokosowemu sk\u00f3ra jest nawil\u017cona przez d\u0142ugi czas.<\/li>\n<li><strong>Chroni przed czynnikami zewn\u0119trznymi<\/strong>\u00a0&#8211; Tworzy ochronny film, kt\u00f3ry zapobiega utracie wilgoci i chroni sk\u00f3r\u0119 przed negatywnym wp\u0142ywem \u015brodowiska.<\/li>\n<li><strong>Zwi\u0119ksza elastyczno\u015b\u0107 sk\u00f3ry<\/strong>\u00a0&#8211; Regularne stosowanie sprawia, \u017ce sk\u00f3ra staje si\u0119 bardziej spr\u0119\u017cysta i g\u0142adka.<\/li>\n<\/ul>\n","protected":false},"excerpt":{"rendered":"<p>Krem regeneracyjny konopny Palacio\u00a0jest szczeg\u00f3lnie polecany dla sk\u00f3ry suchej, odwodnionej oraz wra\u017cliwej. Regularne stosowanie kremu poprawia kondycj\u0119 sk\u00f3ry, zwi\u0119ksza jej elastyczno\u015b\u0107, przywraca jej naturalny blask oraz wyg\u0142adza.\u00a0Olej konopny Bio i inne naturalne\u00a0sk\u0142adniki skutecznie redukuj\u0105 zaczerwienienia oraz podra\u017cnienia, co sprawia, \u017ce sk\u00f3ra staje si\u0119 bardziej komfortowa, mi\u0119kka i przyjemna w dotyku. Krem skutecznie nawil\u017ca sk\u00f3r\u0119, a [&hellip;]<\/p>\n","protected":false},"featured_media":402,"template":"","meta":[],"product_brand":[22],"product_cat":[21],"product_tag":[],"class_list":{"0":"post-401","1":"product","2":"type-product","3":"status-publish","4":"has-post-thumbnail","6":"product_brand-palacio","7":"product_cat-palacio","9":"first","10":"instock","11":"taxable","12":"shipping-taxable","13":"purchasable","14":"product-type-simple"},"_links":{"self":[{"href":"https:\/\/27-215.pl\/index.php\/wp-json\/wp\/v2\/product\/401","targetHints":{"allow":["GET"]}}],"collection":[{"href":"https:\/\/27-215.pl\/index.php\/wp-json\/wp\/v2\/product"}],"about":[{"href":"https:\/\/27-215.pl\/index.php\/wp-json\/wp\/v2\/types\/product"}],"wp:featuredmedia":[{"embeddable":true,"href":"https:\/\/27-215.pl\/index.php\/wp-json\/wp\/v2\/media\/402"}],"wp:attachment":[{"href":"https:\/\/27-215.pl\/index.php\/wp-json\/wp\/v2\/media?parent=401"}],"wp:term":[{"taxonomy":"product_brand","embeddable":true,"href":"https:\/\/27-215.pl\/index.php\/wp-json\/wp\/v2\/product_brand?post=401"},{"taxonomy":"product_cat","embeddable":true,"href":"https:\/\/27-215.pl\/index.php\/wp-json\/wp\/v2\/product_cat?post=401"},{"taxonomy":"product_tag","embeddable":true,"href":"https:\/\/27-215.pl\/index.php\/wp-json\/wp\/v2\/product_tag?post=401"}],"curies":[{"name":"wp","href":"https:\/\/api.w.org\/{rel}","templated":true}]}}