{"id":432,"date":"2025-01-25T14:37:32","date_gmt":"2025-01-25T13:37:32","guid":{"rendered":"https:\/\/www.27-215.pl\/?post_type=product&#038;p=432"},"modified":"2026-04-04T08:48:35","modified_gmt":"2026-04-04T06:48:35","slug":"palacio-konopny-zel-pod-prysznic-3w1-500ml","status":"publish","type":"product","link":"https:\/\/27-215.pl\/index.php\/produkt\/palacio-konopny-zel-pod-prysznic-3w1-500ml\/","title":{"rendered":"Palacio Konopny \u017cel pod prysznic 3w1 500ml"},"content":{"rendered":"<h2>\u017bel pod prysznic Palacio Cannabis z rozmarynem 500 ml<\/h2>\n<p>Unikalny\u00a0<strong>\u017cel pod prysznic<\/strong>\u00a0czeskiego producenta\u00a0Palacio\u00a0<strong>z olejem z nasion konopi i ekstraktem z rozmarynu.<\/strong><br \/>\n<strong>Produkt 3 w 1 przeznaczony do w\u0142os\u00f3w, twarzy i cia\u0142a.<\/strong><br \/>\nDok\u0142adnie myje bez podra\u017cnienia i wysuszenia sk\u00f3ry.<br \/>\n\u017bel\u00a0Palacio Cannabis\u00a0Rosmarinus zapewnia kompleksow\u0105 piel\u0119gnacj\u0119 sk\u00f3ry i w\u0142os\u00f3w.<br \/>\nZapewnia w\u0142osom niezb\u0119dne nawil\u017cenie i po\u0142ysk, chroni sk\u00f3r\u0119 przed utrata wilgoci.<br \/>\nZawarty w nim\u00a0<strong>olej konopny t\u0142oczony na zimno<\/strong>\u00a0dzia\u0142a jak naturalny emolient i \u0142agodzi dzia\u0142anie sk\u0142adnik\u00f3w myj\u0105cych.<br \/>\n\u017bel pod prysznic 3 w 1 \u015bwietnie sprawdzi si\u0119 po treningu &#8211; zapach rozmarynu doskonale od\u015bwie\u017ca i energetyzuje.<\/p>\n<p>Cechy:<\/p>\n<ul>\n<li>produkt 3 w 1<\/li>\n<li>piel\u0119gnacja w\u0142os\u00f3w, twarzy i cia\u0142a<\/li>\n<li>dok\u0142adnie myje, ale nie podra\u017cnia sk\u00f3ry<\/li>\n<li>energetyzuj\u0105cy zapach rozmarynu<\/li>\n<li>testowany dermatologicznie<\/li>\n<li>wolny od paraben\u00f3w<\/li>\n<\/ul>\n<p><strong>Sk\u0142adniki:<\/strong><\/p>\n<ul>\n<li>olej konopny<\/li>\n<li>dobre tensydy<\/li>\n<li>zapach rozmarynu<\/li>\n<\/ul>\n<p><strong>Opakowanie: 500 ml<\/strong><\/p>\n","protected":false},"excerpt":{"rendered":"<p>\u017bel pod prysznic Palacio Cannabis z rozmarynem 500 ml Unikalny\u00a0\u017cel pod prysznic\u00a0czeskiego producenta\u00a0Palacio\u00a0z olejem z nasion konopi i ekstraktem z rozmarynu. Produkt 3 w 1 przeznaczony do w\u0142os\u00f3w, twarzy i cia\u0142a. Dok\u0142adnie myje bez podra\u017cnienia i wysuszenia sk\u00f3ry. \u017bel\u00a0Palacio Cannabis\u00a0Rosmarinus zapewnia kompleksow\u0105 piel\u0119gnacj\u0119 sk\u00f3ry i w\u0142os\u00f3w. Zapewnia w\u0142osom niezb\u0119dne nawil\u017cenie i po\u0142ysk, chroni sk\u00f3r\u0119 przed [&hellip;]<\/p>\n","protected":false},"featured_media":33069,"template":"","meta":[],"product_brand":[22],"product_cat":[21],"product_tag":[],"class_list":{"0":"post-432","1":"product","2":"type-product","3":"status-publish","4":"has-post-thumbnail","6":"product_brand-palacio","7":"product_cat-palacio","9":"first","10":"instock","11":"taxable","12":"shipping-taxable","13":"purchasable","14":"product-type-simple"},"_links":{"self":[{"href":"https:\/\/27-215.pl\/index.php\/wp-json\/wp\/v2\/product\/432","targetHints":{"allow":["GET"]}}],"collection":[{"href":"https:\/\/27-215.pl\/index.php\/wp-json\/wp\/v2\/product"}],"about":[{"href":"https:\/\/27-215.pl\/index.php\/wp-json\/wp\/v2\/types\/product"}],"wp:featuredmedia":[{"embeddable":true,"href":"https:\/\/27-215.pl\/index.php\/wp-json\/wp\/v2\/media\/33069"}],"wp:attachment":[{"href":"https:\/\/27-215.pl\/index.php\/wp-json\/wp\/v2\/media?parent=432"}],"wp:term":[{"taxonomy":"product_brand","embeddable":true,"href":"https:\/\/27-215.pl\/index.php\/wp-json\/wp\/v2\/product_brand?post=432"},{"taxonomy":"product_cat","embeddable":true,"href":"https:\/\/27-215.pl\/index.php\/wp-json\/wp\/v2\/product_cat?post=432"},{"taxonomy":"product_tag","embeddable":true,"href":"https:\/\/27-215.pl\/index.php\/wp-json\/wp\/v2\/product_tag?post=432"}],"curies":[{"name":"wp","href":"https:\/\/api.w.org\/{rel}","templated":true}]}}