{"id":436,"date":"2025-01-25T15:14:29","date_gmt":"2025-01-25T14:14:29","guid":{"rendered":"https:\/\/www.27-215.pl\/?post_type=product&#038;p=436"},"modified":"2026-04-04T08:48:01","modified_gmt":"2026-04-04T06:48:01","slug":"palacio-krem-do-twarzy-z-12-oleju-konopnego-50-ml","status":"publish","type":"product","link":"https:\/\/27-215.pl\/index.php\/produkt\/palacio-krem-do-twarzy-z-12-oleju-konopnego-50-ml\/","title":{"rendered":"PALACIO Cannabis \u2013 Od\u017cywczy krem do twarzy z olejem konopnym 50 ml"},"content":{"rendered":"<p data-start=\"258\" data-end=\"633\">Podaruj swojej sk\u00f3rze <strong data-start=\"280\" data-end=\"320\">24-godzinn\u0105 regeneracj\u0119 i od\u017cywienie<\/strong> \u2728 <strong data-start=\"323\" data-end=\"354\">PALACIO Cannabis Face Cream<\/strong> to bogaty krem do twarzy wzbogacony <strong data-start=\"391\" data-end=\"410\">olejem konopnym<\/strong>, kt\u00f3ry <strong data-start=\"418\" data-end=\"457\">g\u0142\u0119boko nawil\u017ca, koi i rewitalizuje<\/strong>. Idealny do codziennego stosowania, odpowiedni dla <strong data-start=\"509\" data-end=\"531\">ka\u017cdego typu sk\u00f3ry<\/strong> \u2013 pomaga poprawi\u0107 jej elastyczno\u015b\u0107, redukuje oznaki starzenia i przywraca zdrowy, promienny wygl\u0105d.<\/p>\n<p data-start=\"635\" data-end=\"921\">\ud83d\udc86\u200d\u2640\ufe0f <strong data-start=\"641\" data-end=\"667\">Regeneruje i koi sk\u00f3r\u0119<\/strong><br data-start=\"667\" data-end=\"670\" \/>\ud83d\udca7 <strong data-start=\"673\" data-end=\"695\">Nawil\u017ca i zmi\u0119kcza<\/strong><br data-start=\"695\" data-end=\"698\" \/>\ud83d\udee1\ufe0f <strong data-start=\"702\" data-end=\"754\">Chroni przed negatywnymi czynnikami zewn\u0119trznymi<\/strong><br data-start=\"754\" data-end=\"757\" \/>\ud83d\udca8 <strong data-start=\"760\" data-end=\"803\">Szybko si\u0119 wch\u0142ania, bez t\u0142ustego filmu<\/strong><br data-start=\"803\" data-end=\"806\" \/>\ud83c\udf38 <strong data-start=\"809\" data-end=\"840\">Delikatny, przyjemny zapach<\/strong><br data-start=\"840\" data-end=\"843\" \/>\ud83d\udd2c <strong data-start=\"846\" data-end=\"876\">Testowany dermatologicznie<\/strong><br data-start=\"876\" data-end=\"879\" \/>\u26a0\ufe0f <strong data-start=\"882\" data-end=\"921\">Nie stosowa\u0107 u dzieci poni\u017cej 3 lat<\/strong><\/p>\n<h3 data-start=\"923\" data-end=\"944\">\u2705 Dlaczego warto?<\/h3>\n<ul data-start=\"946\" data-end=\"1151\">\n<li data-start=\"946\" data-end=\"996\">\n<p data-start=\"948\" data-end=\"996\">Zapewnia intensywne nawil\u017cenie przez ca\u0142\u0105 dob\u0119<\/p>\n<\/li>\n<li data-start=\"997\" data-end=\"1038\">\n<p data-start=\"999\" data-end=\"1038\">Poprawia spr\u0119\u017cysto\u015b\u0107 i j\u0119drno\u015b\u0107 sk\u00f3ry<\/p>\n<\/li>\n<li data-start=\"1039\" data-end=\"1078\">\n<p data-start=\"1041\" data-end=\"1078\">Wspomaga walk\u0119 z oznakami starzenia<\/p>\n<\/li>\n<li data-start=\"1079\" data-end=\"1118\">\n<p data-start=\"1081\" data-end=\"1118\">Nadaje cerze zdrowy i \u015bwie\u017cy wygl\u0105d<\/p>\n<\/li>\n<li data-start=\"1119\" data-end=\"1151\">\n<p data-start=\"1121\" data-end=\"1151\">Odpowiedni tak\u017ce pod makija\u017c<\/p>\n<\/li>\n<\/ul>\n<h3 data-start=\"1153\" data-end=\"1178\">\ud83c\udf31 Sk\u0142adniki aktywne:<\/h3>\n<ul data-start=\"1180\" data-end=\"1509\">\n<li data-start=\"1180\" data-end=\"1249\">\n<p data-start=\"1182\" data-end=\"1249\"><strong data-start=\"1182\" data-end=\"1198\">Olej konopny<\/strong> \u2013 intensywnie nawil\u017ca, regeneruje i chroni sk\u00f3r\u0119<\/p>\n<\/li>\n<li data-start=\"1250\" data-end=\"1316\">\n<p data-start=\"1252\" data-end=\"1316\"><strong data-start=\"1252\" data-end=\"1269\">Olej kokosowy<\/strong> \u2013 od\u017cywia i zmi\u0119kcza, zapobiega przesuszeniu<\/p>\n<\/li>\n<li data-start=\"1317\" data-end=\"1384\">\n<p data-start=\"1319\" data-end=\"1384\"><strong data-start=\"1319\" data-end=\"1331\">Glyceryl<\/strong> \u2013 sk\u0142adnik nawil\u017caj\u0105cy, wspiera utrzymanie wilgoci<\/p>\n<\/li>\n<li data-start=\"1385\" data-end=\"1448\">\n<p data-start=\"1387\" data-end=\"1448\"><strong data-start=\"1387\" data-end=\"1399\">Lanolina<\/strong> \u2013 wyg\u0142adza, chroni i wzmacnia barier\u0119 lipidow\u0105<\/p>\n<\/li>\n<li data-start=\"1449\" data-end=\"1509\">\n<p data-start=\"1451\" data-end=\"1509\"><strong data-start=\"1451\" data-end=\"1462\">Perfumy<\/strong> \u2013 subtelny zapach dla przyjemnej piel\u0119gnacji<\/p>\n<\/li>\n<\/ul>\n<h3 data-start=\"1511\" data-end=\"1531\">\ud83e\uddf4 Jak stosowa\u0107?<\/h3>\n<p data-start=\"1533\" data-end=\"1753\">Na\u0142\u00f3\u017c niewielk\u0105 ilo\u015b\u0107 kremu na <strong data-start=\"1564\" data-end=\"1592\">oczyszczon\u0105 sk\u00f3r\u0119 twarzy<\/strong> i delikatnie wmasuj <strong data-start=\"1613\" data-end=\"1643\">okr\u0119\u017cnymi ruchami ku g\u00f3rze<\/strong>, a\u017c do ca\u0142kowitego wch\u0142oni\u0119cia.<br data-start=\"1675\" data-end=\"1678\" \/>\ud83d\udcc5 Stosuj <strong data-start=\"1688\" data-end=\"1720\">codziennie, rano i wieczorem<\/strong>, aby uzyska\u0107 najlepsze efekty.<\/p>\n<h3 data-start=\"1755\" data-end=\"1816\">\ud83c\udf3f Konopie \u2013 naturalna piel\u0119gnacja dla ka\u017cdego typu sk\u00f3ry<\/h3>\n<p data-start=\"1818\" data-end=\"2040\"><strong data-start=\"1818\" data-end=\"1834\">Olej konopny<\/strong> to bogactwo kwas\u00f3w omega-3 i omega-6, kt\u00f3re <strong data-start=\"1879\" data-end=\"1919\">nawil\u017caj\u0105, od\u017cywiaj\u0105 i chroni\u0105 sk\u00f3r\u0119<\/strong>. Pomaga redukowa\u0107 niedoskona\u0142o\u015bci, wzmacnia naturaln\u0105 barier\u0119 ochronn\u0105 i przywraca cerze r\u00f3wnowag\u0119 oraz zdrowy wygl\u0105d.<\/p>\n","protected":false},"excerpt":{"rendered":"<p>Podaruj swojej sk\u00f3rze 24-godzinn\u0105 regeneracj\u0119 i od\u017cywienie \u2728 PALACIO Cannabis Face Cream to bogaty krem do twarzy wzbogacony olejem konopnym, kt\u00f3ry g\u0142\u0119boko nawil\u017ca, koi i rewitalizuje. Idealny do codziennego stosowania, odpowiedni dla ka\u017cdego typu sk\u00f3ry \u2013 pomaga poprawi\u0107 jej elastyczno\u015b\u0107, redukuje oznaki starzenia i przywraca zdrowy, promienny wygl\u0105d. \ud83d\udc86\u200d\u2640\ufe0f Regeneruje i koi sk\u00f3r\u0119\ud83d\udca7 Nawil\u017ca i [&hellip;]<\/p>\n","protected":false},"featured_media":437,"template":"","meta":[],"product_brand":[22],"product_cat":[21],"product_tag":[],"class_list":{"0":"post-436","1":"product","2":"type-product","3":"status-publish","4":"has-post-thumbnail","6":"product_brand-palacio","7":"product_cat-palacio","9":"first","10":"instock","11":"taxable","12":"shipping-taxable","13":"purchasable","14":"product-type-simple"},"_links":{"self":[{"href":"https:\/\/27-215.pl\/index.php\/wp-json\/wp\/v2\/product\/436","targetHints":{"allow":["GET"]}}],"collection":[{"href":"https:\/\/27-215.pl\/index.php\/wp-json\/wp\/v2\/product"}],"about":[{"href":"https:\/\/27-215.pl\/index.php\/wp-json\/wp\/v2\/types\/product"}],"wp:featuredmedia":[{"embeddable":true,"href":"https:\/\/27-215.pl\/index.php\/wp-json\/wp\/v2\/media\/437"}],"wp:attachment":[{"href":"https:\/\/27-215.pl\/index.php\/wp-json\/wp\/v2\/media?parent=436"}],"wp:term":[{"taxonomy":"product_brand","embeddable":true,"href":"https:\/\/27-215.pl\/index.php\/wp-json\/wp\/v2\/product_brand?post=436"},{"taxonomy":"product_cat","embeddable":true,"href":"https:\/\/27-215.pl\/index.php\/wp-json\/wp\/v2\/product_cat?post=436"},{"taxonomy":"product_tag","embeddable":true,"href":"https:\/\/27-215.pl\/index.php\/wp-json\/wp\/v2\/product_tag?post=436"}],"curies":[{"name":"wp","href":"https:\/\/api.w.org\/{rel}","templated":true}]}}