{"id":440,"date":"2025-01-25T15:25:53","date_gmt":"2025-01-25T14:25:53","guid":{"rendered":"https:\/\/www.27-215.pl\/?post_type=product&#038;p=440"},"modified":"2026-04-04T08:48:16","modified_gmt":"2026-04-04T06:48:16","slug":"rose-rio-pasta-do-zebow-relaksujaca-z-lawenda-65-ml","status":"publish","type":"product","link":"https:\/\/27-215.pl\/index.php\/produkt\/rose-rio-pasta-do-zebow-relaksujaca-z-lawenda-65-ml\/","title":{"rendered":"Rose Rio Pasta do z\u0119b\u00f3w relaksuj\u0105ca z lawend\u0105 65 ml"},"content":{"rendered":"<p><strong>ROSE RIO RELAX Pasta do z\u0119b\u00f3w relaksuj\u0105ca z lawend\u0105<\/strong><\/p>\n<div class=\"product-description cms-content\">\n<p>W sk\u0142adzie pasty znajduj\u0105 si\u0119 naturalne sk\u0142adniki dla przyjemnej aromaterapii i relaksuj\u0105cej piel\u0119gnacji z\u0119b\u00f3w. Znajduj\u0105cy si\u0119 w sk\u0142adzie ksylitol dzia\u0142a przeciw pr\u00f3chnicy, zmniejsza nie\u015bwie\u017cy oddech i sucho\u015b\u0107 w ustach. Pasta nie zawiera fluoru, cukru oraz paraben\u00f3w.<\/p>\n<h2><strong>Cechy i w\u0142a\u015bciwo\u015bci pasty do z\u0119b\u00f3w Rose Rio Relax<\/strong><\/h2>\n<ul>\n<li>nie zawiera fluoru<\/li>\n<li>nie zawiera cukru<\/li>\n<li>nie zawiera paraben\u00f3w<\/li>\n<li>nawil\u017ca i utrzymuje zdrow\u0105 r\u00f3wnowag\u0119 sk\u00f3ry,<\/li>\n<li>dzia\u0142a relaksuj\u0105co i witalizuj\u0105co<\/li>\n<\/ul>\n<p><strong>Pojemno\u015b\u0107:<\/strong>\u00a065ml<\/p>\n<\/div>\n","protected":false},"excerpt":{"rendered":"<p>ROSE RIO RELAX Pasta do z\u0119b\u00f3w relaksuj\u0105ca z lawend\u0105 W sk\u0142adzie pasty znajduj\u0105 si\u0119 naturalne sk\u0142adniki dla przyjemnej aromaterapii i relaksuj\u0105cej piel\u0119gnacji z\u0119b\u00f3w. Znajduj\u0105cy si\u0119 w sk\u0142adzie ksylitol dzia\u0142a przeciw pr\u00f3chnicy, zmniejsza nie\u015bwie\u017cy oddech i sucho\u015b\u0107 w ustach. Pasta nie zawiera fluoru, cukru oraz paraben\u00f3w. Cechy i w\u0142a\u015bciwo\u015bci pasty do z\u0119b\u00f3w Rose Rio Relax nie [&hellip;]<\/p>\n","protected":false},"featured_media":441,"template":"","meta":[],"product_brand":[30],"product_cat":[29],"product_tag":[],"class_list":{"0":"post-440","1":"product","2":"type-product","3":"status-publish","4":"has-post-thumbnail","6":"product_brand-rose-rio","7":"product_cat-rose-rio","9":"first","10":"outofstock","11":"taxable","12":"shipping-taxable","13":"purchasable","14":"product-type-simple"},"_links":{"self":[{"href":"https:\/\/27-215.pl\/index.php\/wp-json\/wp\/v2\/product\/440","targetHints":{"allow":["GET"]}}],"collection":[{"href":"https:\/\/27-215.pl\/index.php\/wp-json\/wp\/v2\/product"}],"about":[{"href":"https:\/\/27-215.pl\/index.php\/wp-json\/wp\/v2\/types\/product"}],"wp:featuredmedia":[{"embeddable":true,"href":"https:\/\/27-215.pl\/index.php\/wp-json\/wp\/v2\/media\/441"}],"wp:attachment":[{"href":"https:\/\/27-215.pl\/index.php\/wp-json\/wp\/v2\/media?parent=440"}],"wp:term":[{"taxonomy":"product_brand","embeddable":true,"href":"https:\/\/27-215.pl\/index.php\/wp-json\/wp\/v2\/product_brand?post=440"},{"taxonomy":"product_cat","embeddable":true,"href":"https:\/\/27-215.pl\/index.php\/wp-json\/wp\/v2\/product_cat?post=440"},{"taxonomy":"product_tag","embeddable":true,"href":"https:\/\/27-215.pl\/index.php\/wp-json\/wp\/v2\/product_tag?post=440"}],"curies":[{"name":"wp","href":"https:\/\/api.w.org\/{rel}","templated":true}]}}