{"id":463,"date":"2025-01-26T11:46:00","date_gmt":"2025-01-26T10:46:00","guid":{"rendered":"https:\/\/www.27-215.pl\/?post_type=product&#038;p=463"},"modified":"2026-04-04T08:48:27","modified_gmt":"2026-04-04T06:48:27","slug":"alpa-krem-z-arnika-40g","status":"publish","type":"product","link":"https:\/\/27-215.pl\/index.php\/produkt\/alpa-krem-z-arnika-40g\/","title":{"rendered":"Alpa krem z arnik\u0105 40g"},"content":{"rendered":"<p><b>Alpa Arnika krem do masa\u017cu\u00a0<\/b>\u2013 to mikstura zio\u0142owa stworzona na bazie wyci\u0105g\u00f3w z arniki, mentolu, cynamonowca cejlo\u0144skiego i rozmarynu.Arnika zawiera zestaw substancji czynnych, kt\u00f3re dzia\u0142aj\u0105 leczniczo na wszystkie rany, ale dzia\u0142aj\u0105 pozytywnie r\u00f3wnie\u017c na \u017cylaki i przynosz\u0105 ulg\u0119 przy b\u00f3lach staw\u00f3w i n\u00f3g.\u00a0Cynamon i rozmaryn ograniczaj\u0105 b\u00f3le mi\u0119\u015bni i staw\u00f3w, a tak\u017ce maj\u0105 istotne dzia\u0142anie aromaterapeutyczne.\u00a0Krem dobrze si\u0119 wch\u0142ania.\u00a0Zawiera kreatyn\u0119, kt\u00f3ra dzia\u0142a regeneruj\u0105co na sk\u00f3r\u0119.<\/p>\n<p><b>Dzia\u0142anie<\/b>: Podczas masa\u017cu wspomaga kr\u0105\u017cenie krwi, usuwa zm\u0119czenie po intensywnym wysi\u0142ku fizycznym. \u0141agodzi b\u00f3l i dyskomfort spowodowany reumatycznym zapaleniem staw\u00f3w i mi\u0119\u015bni, rw\u0105 kulszow\u0105, chorobami kr\u0119gos\u0142upa oraz w przypadku obrz\u0119ku n\u00f3g (st\u0142uczenia, opuchlizna, b\u00f3le mi\u0119\u015bniowe). Uszczelnia naczynia krwiono\u015bne \u2013 zapobiega powstawaniu \u017cylak\u00f3w, zakrzep\u00f3w, obrz\u0119k\u00f3w i wylew\u00f3w podsk\u00f3rnych. Przyspiesza gojenie si\u0119 ran. Ma dzia\u0142anie znieczulaj\u0105ce.<\/p>\n<p><b>Zastosowanie<\/b>: b\u00f3l mi\u0119\u015bni; zapalenie mi\u0119\u015bni; napi\u0119te mi\u0119\u015bnie; \u0142agodzenie skurcz\u00f3w mi\u0119\u015bni; zwi\u0119kszenie wydolno\u015bci mi\u0119\u015bniowej; b\u00f3l kr\u0119gos\u0142upa; napi\u0119ty kr\u0119gos\u0142up; urazy i nadwyr\u0119\u017cenia \u015bci\u0119gien i wi\u0119zade\u0142; reumatyzm; artretyzm; b\u00f3l staw\u00f3w; zapalenie staw\u00f3w; choroby staw\u00f3w; rwa kulszowa; opuchlizna; regeneracja mi\u0119\u015bni po wysi\u0142ku; zakwasy; zapobieganie odle\u017cynom; b\u00f3l g\u0142owy; krwiaki; \u017cylaki; obrz\u0119ki sk\u00f3rne; wylewy podsk\u00f3rne; st\u0142uczenia; gojenie ran; problemy z kr\u0105\u017ceniem;<\/p>\n","protected":false},"excerpt":{"rendered":"<p>Alpa Arnika krem do masa\u017cu\u00a0\u2013 to mikstura zio\u0142owa stworzona na bazie wyci\u0105g\u00f3w z arniki, mentolu, cynamonowca cejlo\u0144skiego i rozmarynu.Arnika zawiera zestaw substancji czynnych, kt\u00f3re dzia\u0142aj\u0105 leczniczo na wszystkie rany, ale dzia\u0142aj\u0105 pozytywnie r\u00f3wnie\u017c na \u017cylaki i przynosz\u0105 ulg\u0119 przy b\u00f3lach staw\u00f3w i n\u00f3g.\u00a0Cynamon i rozmaryn ograniczaj\u0105 b\u00f3le mi\u0119\u015bni i staw\u00f3w, a tak\u017ce maj\u0105 istotne dzia\u0142anie [&hellip;]<\/p>\n","protected":false},"featured_media":465,"template":"","meta":[],"product_brand":[24],"product_cat":[23],"product_tag":[],"class_list":{"0":"post-463","1":"product","2":"type-product","3":"status-publish","4":"has-post-thumbnail","6":"product_brand-alpa","7":"product_cat-alpa","9":"first","10":"instock","11":"taxable","12":"shipping-taxable","13":"purchasable","14":"product-type-simple"},"_links":{"self":[{"href":"https:\/\/27-215.pl\/index.php\/wp-json\/wp\/v2\/product\/463","targetHints":{"allow":["GET"]}}],"collection":[{"href":"https:\/\/27-215.pl\/index.php\/wp-json\/wp\/v2\/product"}],"about":[{"href":"https:\/\/27-215.pl\/index.php\/wp-json\/wp\/v2\/types\/product"}],"wp:featuredmedia":[{"embeddable":true,"href":"https:\/\/27-215.pl\/index.php\/wp-json\/wp\/v2\/media\/465"}],"wp:attachment":[{"href":"https:\/\/27-215.pl\/index.php\/wp-json\/wp\/v2\/media?parent=463"}],"wp:term":[{"taxonomy":"product_brand","embeddable":true,"href":"https:\/\/27-215.pl\/index.php\/wp-json\/wp\/v2\/product_brand?post=463"},{"taxonomy":"product_cat","embeddable":true,"href":"https:\/\/27-215.pl\/index.php\/wp-json\/wp\/v2\/product_cat?post=463"},{"taxonomy":"product_tag","embeddable":true,"href":"https:\/\/27-215.pl\/index.php\/wp-json\/wp\/v2\/product_tag?post=463"}],"curies":[{"name":"wp","href":"https:\/\/api.w.org\/{rel}","templated":true}]}}