{"id":504,"date":"2025-01-26T11:49:03","date_gmt":"2025-01-26T10:49:03","guid":{"rendered":"https:\/\/www.27-215.pl\/?post_type=product&#038;p=504"},"modified":"2026-04-29T19:01:07","modified_gmt":"2026-04-29T17:01:07","slug":"putorius-masc-na-piety-i-odciski-150ml","status":"publish","type":"product","link":"https:\/\/27-215.pl\/index.php\/produkt\/putorius-masc-na-piety-i-odciski-150ml\/","title":{"rendered":"Putorius Ma\u015b\u0107 na pi\u0119ty i odciski 150ml"},"content":{"rendered":"<h2>Ma\u015b\u0107 zio\u0142owa na pi\u0119ty i odciski 150 ml<\/h2>\n<p>&nbsp;<\/p>\n<p><strong>Ma\u015b\u0107 zio\u0142owa na pi\u0119ty i odciski 150 ml<\/strong>\u00a0skutecznie chroni obszary cia\u0142a szczeg\u00f3lnie nara\u017cone na rogowacenie. Nieprzyjemnie sucha, sp\u0119kana i szorstka sk\u00f3ra natychmiast\u00a0<strong>staje si\u0119 wyg\u0142adzona i bardziej przyjemna w dotyku<\/strong>. Kompozycja olej\u00f3w ro\u015blinnych tworzy na niej dodatkow\u0105 warstw\u0119 ochronn\u0105 i sprawia, \u017ce ta\u00a0<strong>ma\u015b\u0107 zio\u0142owa na pi\u0119ty i odciski 150 ml\u00a0<\/strong>skutecznie ogranicza utrat\u0119 nawil\u017cenia oraz blokuje szkodliwe dzia\u0142anie czynnik\u00f3w zewn\u0119trznych, zapewniaj\u0105c d\u0142ugotrwa\u0142e efekty.<\/p>\n<p>&nbsp;<\/p>\n<p><strong>Ma\u015b\u0107 zio\u0142owa na pi\u0119ty i odciski 150 ml<\/strong>\u00a0wyr\u00f3\u017cnia si\u0119 wysok\u0105 zawarto\u015bci\u0105 naturalnych olejk\u00f3w ro\u015blinnych oraz gliceryny. Dzi\u0119ki temu zapewnia natychmiastowy i d\u0142ugotrwa\u0142y\u00a0<strong>efekt nawil\u017cenia oraz zmi\u0119kczenia zrogowacia\u0142ej i szorstkiej sk\u00f3ry w strefie \u0142okci, pi\u0119t, kolan, palc\u00f3w oraz odcisk\u00f3w<\/strong>. Dzia\u0142a przede wszystkim nawil\u017caj\u0105co, a w dalszej kolejno\u015bci r\u00f3wnie\u017c ochronnie. Mo\u017ce by\u0107 stosowany przez osoby w r\u00f3\u017cnym wieku i w zale\u017cno\u015bci od potrzeb. Doskonale nawil\u017ca te\u017c sk\u00f3r\u0119 d\u0142oni np. u os\u00f3b pracuj\u0105cych fizycznie.<\/p>\n<p>&nbsp;<\/p>\n<h2>\u2705 W\u0142a\u015bciwo\u015bci:<\/h2>\n<ul>\n<li>naturalny sk\u0142ad;<\/li>\n<li>zmi\u0119kcza sk\u00f3r\u0119 \u0142okci, kolan i pi\u0119t;<\/li>\n<li>niweluje odcisk\u00f3w i modzeli;<\/li>\n<li>sprawia, \u017ce sk\u00f3ra staje si\u0119 mi\u0119kka w dotyku;<\/li>\n<li>tworzy warstw\u0119 ochronn\u0105;<\/li>\n<li>pomaga zregenerowa\u0107 zniszczone stopy;<\/li>\n<li>eliminuje sw\u0119dzenie sk\u00f3ry;<\/li>\n<li>usuwa nieprzyjemne uczucie szorstkich pop\u0119kanych pi\u0119t;<\/li>\n<li>szybko si\u0119 wch\u0142ania;<\/li>\n<li>zmniejsza problem rogowacenia sk\u00f3ry w przysz\u0142o\u015bci;<\/li>\n<li>\u0142atwo si\u0119 rozprowadza;<\/li>\n<li>odpowiedni tak\u017ce do r\u0105k;<\/li>\n<li>zapewnia d\u0142ugotrwa\u0142y efekt nawil\u017cenia i zmi\u0119kczenia.<\/li>\n<\/ul>\n<p>&nbsp;<\/p>\n<h2>\u2705 Zastosowanie<b>:<\/b><\/h2>\n<ul>\n<li>zrogowacenia nask\u00f3rka w palc\u00f3w, \u0142okci, kolan, pi\u0119t<\/li>\n<li>odciski<\/li>\n<li>zniszczone stopy<\/li>\n<li>szorstkie pi\u0119ty<\/li>\n<li>modzele<\/li>\n<li>pop\u0119kane i suche pi\u0119ty<\/li>\n<li>przesuszona sk\u00f3ra<\/li>\n<li>sw\u0119dz\u0105ca sk\u00f3ra<\/li>\n<\/ul>\n<p>&nbsp;<\/p>\n<h2>\u2705 Ma\u015b\u0107 zio\u0142owa na pi\u0119ty i odciski \u2013 substancje aktywne:<\/h2>\n<ul>\n<li><strong>Gliceryna<\/strong>\u00a0\u2013 dzia\u0142a silnie nawil\u017caj\u0105co i zmi\u0119kczaj\u0105co. Tworzy na sk\u00f3rze barier\u0119 ochronn\u0105, kt\u00f3ra ogranicza utrat\u0119 wody i negatywn\u0105 aktywno\u015b\u0107 czynnik\u00f3w zewn\u0119trznych.<\/li>\n<li><strong>Pantenol<\/strong>\u00a0\u2013 \u0142agodzi podra\u017cnienia, nawil\u017ca i poprawia struktur\u0119 sk\u00f3ry, nadaje jej mi\u0119kko\u015b\u0107 i sprawia, \u017ce jest przyjemna w dotyku.<\/li>\n<li><strong>Olej ze s\u0142odkich migda\u0142\u00f3w<\/strong>\u00a0\u2013 to naturalny emolient, kt\u00f3ry ogranicza ucieczk\u0119 wody z nask\u00f3rka, zmi\u0119kcza, wyg\u0142adza i nawil\u017ca sk\u00f3r\u0119.<\/li>\n<\/ul>\n<p>&nbsp;<\/p>\n<h2>\u2705 Spos\u00f3b u\u017cycia:<\/h2>\n<p>Ma\u015b\u0107 nale\u017cy wmasowa\u0107 w suche i oczyszczone miejsca. Stosowa\u0107 1-2 razy dziennie lub w zale\u017cno\u015bci od potrzeb.<\/p>\n<p><b>Pojemno\u015b\u0107:<\/b>\u00a0150 ml<\/p>\n","protected":false},"excerpt":{"rendered":"<p>Ma\u015b\u0107 zio\u0142owa na pi\u0119ty i odciski 150 ml &nbsp; Ma\u015b\u0107 zio\u0142owa na pi\u0119ty i odciski 150 ml\u00a0skutecznie chroni obszary cia\u0142a szczeg\u00f3lnie nara\u017cone na rogowacenie. Nieprzyjemnie sucha, sp\u0119kana i szorstka sk\u00f3ra natychmiast\u00a0staje si\u0119 wyg\u0142adzona i bardziej przyjemna w dotyku. Kompozycja olej\u00f3w ro\u015blinnych tworzy na niej dodatkow\u0105 warstw\u0119 ochronn\u0105 i sprawia, \u017ce ta\u00a0ma\u015b\u0107 zio\u0142owa na pi\u0119ty i [&hellip;]<\/p>\n","protected":false},"featured_media":500,"template":"","meta":[],"product_brand":[26],"product_cat":[25],"product_tag":[],"class_list":{"0":"post-504","1":"product","2":"type-product","3":"status-publish","4":"has-post-thumbnail","6":"product_brand-putorius","7":"product_cat-putorius","9":"first","10":"instock","11":"taxable","12":"shipping-taxable","13":"purchasable","14":"product-type-simple"},"_links":{"self":[{"href":"https:\/\/27-215.pl\/index.php\/wp-json\/wp\/v2\/product\/504","targetHints":{"allow":["GET"]}}],"collection":[{"href":"https:\/\/27-215.pl\/index.php\/wp-json\/wp\/v2\/product"}],"about":[{"href":"https:\/\/27-215.pl\/index.php\/wp-json\/wp\/v2\/types\/product"}],"wp:featuredmedia":[{"embeddable":true,"href":"https:\/\/27-215.pl\/index.php\/wp-json\/wp\/v2\/media\/500"}],"wp:attachment":[{"href":"https:\/\/27-215.pl\/index.php\/wp-json\/wp\/v2\/media?parent=504"}],"wp:term":[{"taxonomy":"product_brand","embeddable":true,"href":"https:\/\/27-215.pl\/index.php\/wp-json\/wp\/v2\/product_brand?post=504"},{"taxonomy":"product_cat","embeddable":true,"href":"https:\/\/27-215.pl\/index.php\/wp-json\/wp\/v2\/product_cat?post=504"},{"taxonomy":"product_tag","embeddable":true,"href":"https:\/\/27-215.pl\/index.php\/wp-json\/wp\/v2\/product_tag?post=504"}],"curies":[{"name":"wp","href":"https:\/\/api.w.org\/{rel}","templated":true}]}}