{"id":507,"date":"2025-01-26T12:25:58","date_gmt":"2025-01-26T11:25:58","guid":{"rendered":"https:\/\/www.27-215.pl\/?post_type=product&#038;p=507"},"modified":"2026-04-04T08:48:25","modified_gmt":"2026-04-04T06:48:25","slug":"alpa-krem-konopny-dermalny-100ml","status":"publish","type":"product","link":"https:\/\/27-215.pl\/index.php\/produkt\/alpa-krem-konopny-dermalny-100ml\/","title":{"rendered":"Alpa Krem konopny dermalny 100ml"},"content":{"rendered":"<p><b>Alpa KONOPNY KREM DERMALNI do sk\u00f3ry suchej\u00a0 EGZEMA \u0141USZCZYCA 100ml<\/b><\/p>\n<p><b>Krem konopny<\/b>\u00a0z woskiem pszczelim i mas\u0142em shea, wzbogacony gliceryn\u0105, przeznaczony do piel\u0119gnacji sk\u00f3ry ca\u0142ego cia\u0142a, szczeg\u00f3lnie mocno przesuszonej.<\/p>\n<p>Wysokiej jako\u015bci<b>\u00a0olej konopny<\/b>\u00a0posiada doskona\u0142e w\u0142a\u015bciwo\u015bci zmi\u0119kczaj\u0105ce, \u0142agodz\u0105ce i nat\u0142uszczaj\u0105ce, a dzi\u0119ki zawarto\u015bci nienasyconych kwas\u00f3w t\u0142uszczowych omega 3 i 6 mo\u017ce z\u0142agodzi\u0107 objawy sk\u00f3rne zwi\u0105zane z sucho\u015bci\u0105 sk\u00f3ry, \u0142uszczyc\u0105 czy egzem\u0105 atopow\u0105 oraz wspom\u00f3c regeneracj\u0119 sk\u00f3ry.\u00a0<b>Wosk pszczeli<\/b>\u00a0ma w\u0142a\u015bciwo\u015bci wzmacniaj\u0105ce i odm\u0142adzaj\u0105ce.\u00a0<b>Mas\u0142o shea<\/b>\u00a0nadaje sk\u00f3rze mi\u0119kko\u015b\u0107 i elastyczno\u015b\u0107, a wraz z gliceryn\u0105 nawil\u017ca sk\u00f3r\u0119.<\/p>\n<p>Krem \u0142atwo si\u0119 wch\u0142ania i nie pozostawia t\u0142ustego uczucia. Przyjemne uczucie pot\u0119guje \u015bwie\u017cy zapach cytrus\u00f3w, kwiat\u00f3w i zi\u00f3\u0142.<\/p>\n<p><b>Spos\u00f3b u\u017cycia:\u00a0<\/b>Na\u0142\u00f3\u017c na sk\u00f3r\u0119 odpowiedni\u0105 ilo\u015b\u0107 kremu, wmasuj i pozostaw do wch\u0142oni\u0119cia.<\/p>\n<p><b>Pojemno\u015b\u0107:<\/b>\u00a0100ml<\/p>\n","protected":false},"excerpt":{"rendered":"<p>Alpa KONOPNY KREM DERMALNI do sk\u00f3ry suchej\u00a0 EGZEMA \u0141USZCZYCA 100ml Krem konopny\u00a0z woskiem pszczelim i mas\u0142em shea, wzbogacony gliceryn\u0105, przeznaczony do piel\u0119gnacji sk\u00f3ry ca\u0142ego cia\u0142a, szczeg\u00f3lnie mocno przesuszonej. Wysokiej jako\u015bci\u00a0olej konopny\u00a0posiada doskona\u0142e w\u0142a\u015bciwo\u015bci zmi\u0119kczaj\u0105ce, \u0142agodz\u0105ce i nat\u0142uszczaj\u0105ce, a dzi\u0119ki zawarto\u015bci nienasyconych kwas\u00f3w t\u0142uszczowych omega 3 i 6 mo\u017ce z\u0142agodzi\u0107 objawy sk\u00f3rne zwi\u0105zane z sucho\u015bci\u0105 sk\u00f3ry, [&hellip;]<\/p>\n","protected":false},"featured_media":508,"template":"","meta":[],"product_brand":[24],"product_cat":[23],"product_tag":[],"class_list":{"0":"post-507","1":"product","2":"type-product","3":"status-publish","4":"has-post-thumbnail","6":"product_brand-alpa","7":"product_cat-alpa","9":"first","10":"instock","11":"taxable","12":"shipping-taxable","13":"purchasable","14":"product-type-simple"},"_links":{"self":[{"href":"https:\/\/27-215.pl\/index.php\/wp-json\/wp\/v2\/product\/507","targetHints":{"allow":["GET"]}}],"collection":[{"href":"https:\/\/27-215.pl\/index.php\/wp-json\/wp\/v2\/product"}],"about":[{"href":"https:\/\/27-215.pl\/index.php\/wp-json\/wp\/v2\/types\/product"}],"wp:featuredmedia":[{"embeddable":true,"href":"https:\/\/27-215.pl\/index.php\/wp-json\/wp\/v2\/media\/508"}],"wp:attachment":[{"href":"https:\/\/27-215.pl\/index.php\/wp-json\/wp\/v2\/media?parent=507"}],"wp:term":[{"taxonomy":"product_brand","embeddable":true,"href":"https:\/\/27-215.pl\/index.php\/wp-json\/wp\/v2\/product_brand?post=507"},{"taxonomy":"product_cat","embeddable":true,"href":"https:\/\/27-215.pl\/index.php\/wp-json\/wp\/v2\/product_cat?post=507"},{"taxonomy":"product_tag","embeddable":true,"href":"https:\/\/27-215.pl\/index.php\/wp-json\/wp\/v2\/product_tag?post=507"}],"curies":[{"name":"wp","href":"https:\/\/api.w.org\/{rel}","templated":true}]}}