{"id":655,"date":"2025-06-12T14:23:22","date_gmt":"2025-06-12T12:23:22","guid":{"rendered":"https:\/\/www.27-215.pl\/?post_type=product&#038;p=655"},"modified":"2026-04-04T08:49:27","modified_gmt":"2026-04-04T06:49:27","slug":"uchwyt-do-drutu-z-hamulcem","status":"publish","type":"product","link":"https:\/\/27-215.pl\/index.php\/produkt\/uchwyt-do-drutu-z-hamulcem\/","title":{"rendered":"Uchwyt do drutu z hamulcem"},"content":{"rendered":"<p data-start=\"246\" data-end=\"570\">Solidny i stabilny <strong data-start=\"265\" data-end=\"297\">uchwyt do drutu<\/strong>\u00a0to niezb\u0119dne narz\u0119dzie w ka\u017cdej pasiece. U\u0142atwia rozwijanie i napinanie drutu podczas drutowania ramek, zapobiegaj\u0105c pl\u0105taniu i umo\u017cliwiaj\u0105c p\u0142ynne dozowanie. Produkt wykonany z trwa\u0142ych materia\u0142\u00f3w, wyposa\u017cony w specjalny hamulec, kt\u00f3ry pozwala kontrolowa\u0107 napi\u0119cie drutu. Uchwyt na rolki 0.25 kg, posiada mocowanie na dwie \u015brubki i mo\u017ce zosta\u0107 przykr\u0119cony np. do sto\u0142u.<\/p>\n<p data-start=\"572\" data-end=\"798\">\u2705 <strong data-start=\"574\" data-end=\"598\">Stabilna konstrukcja<\/strong> \u2013 pewne mocowanie do blatu<br data-start=\"625\" data-end=\"628\" \/>\u2705 <strong data-start=\"630\" data-end=\"653\">Hamulec z regulacj\u0105<\/strong> \u2013 precyzyjne dozowanie drutu<br data-start=\"682\" data-end=\"685\" \/>\u2705 <strong data-start=\"687\" data-end=\"706\">Wymienna szpula<\/strong> \u2013 mo\u017cliwo\u015b\u0107 stosowania r\u00f3\u017cnych nawoj\u00f3w<br data-start=\"745\" data-end=\"748\" \/>\u2705 <strong data-start=\"750\" data-end=\"776\">Wyprodukowany w Polsce<\/strong> \u2013 wysoka jako\u015b\u0107<\/p>\n","protected":false},"excerpt":{"rendered":"<p>Solidny i stabilny uchwyt do drutu\u00a0to niezb\u0119dne narz\u0119dzie w ka\u017cdej pasiece. U\u0142atwia rozwijanie i napinanie drutu podczas drutowania ramek, zapobiegaj\u0105c pl\u0105taniu i umo\u017cliwiaj\u0105c p\u0142ynne dozowanie. Produkt wykonany z trwa\u0142ych materia\u0142\u00f3w, wyposa\u017cony w specjalny hamulec, kt\u00f3ry pozwala kontrolowa\u0107 napi\u0119cie drutu. Uchwyt na rolki 0.25 kg, posiada mocowanie na dwie \u015brubki i mo\u017ce zosta\u0107 przykr\u0119cony np. do [&hellip;]<\/p>\n","protected":false},"featured_media":656,"template":"","meta":[],"product_brand":[42],"product_cat":[55],"product_tag":[],"class_list":{"0":"post-655","1":"product","2":"type-product","3":"status-publish","4":"has-post-thumbnail","6":"product_brand-chaxon","7":"product_cat-ramki","9":"first","10":"outofstock","11":"taxable","12":"shipping-taxable","13":"purchasable","14":"product-type-simple"},"_links":{"self":[{"href":"https:\/\/27-215.pl\/index.php\/wp-json\/wp\/v2\/product\/655","targetHints":{"allow":["GET"]}}],"collection":[{"href":"https:\/\/27-215.pl\/index.php\/wp-json\/wp\/v2\/product"}],"about":[{"href":"https:\/\/27-215.pl\/index.php\/wp-json\/wp\/v2\/types\/product"}],"wp:featuredmedia":[{"embeddable":true,"href":"https:\/\/27-215.pl\/index.php\/wp-json\/wp\/v2\/media\/656"}],"wp:attachment":[{"href":"https:\/\/27-215.pl\/index.php\/wp-json\/wp\/v2\/media?parent=655"}],"wp:term":[{"taxonomy":"product_brand","embeddable":true,"href":"https:\/\/27-215.pl\/index.php\/wp-json\/wp\/v2\/product_brand?post=655"},{"taxonomy":"product_cat","embeddable":true,"href":"https:\/\/27-215.pl\/index.php\/wp-json\/wp\/v2\/product_cat?post=655"},{"taxonomy":"product_tag","embeddable":true,"href":"https:\/\/27-215.pl\/index.php\/wp-json\/wp\/v2\/product_tag?post=655"}],"curies":[{"name":"wp","href":"https:\/\/api.w.org\/{rel}","templated":true}]}}