{"id":681,"date":"2025-06-12T16:11:48","date_gmt":"2025-06-12T14:11:48","guid":{"rendered":"https:\/\/www.27-215.pl\/?post_type=product&#038;p=681"},"modified":"2026-04-29T14:38:37","modified_gmt":"2026-04-29T12:38:37","slug":"krata-odgrodowa-metalowa-warszawska-zwykla","status":"publish","type":"product","link":"https:\/\/27-215.pl\/index.php\/produkt\/krata-odgrodowa-metalowa-warszawska-zwykla\/","title":{"rendered":"Krata odgrodowa metalowa &#8211; warszawska zwyk\u0142a"},"content":{"rendered":"<p>Metalowa krata odgrodowa pionowa (wieszana mi\u0119dzy ramkami) warszawska zwyk\u0142a.<\/p>\n<p>Wymiary: 45x25cm<\/p>\n","protected":false},"excerpt":{"rendered":"<p>Metalowa krata odgrodowa pionowa (wieszana mi\u0119dzy ramkami) warszawska zwyk\u0142a. Wymiary: 45x25cm<\/p>\n","protected":false},"featured_media":683,"template":"","meta":[],"product_brand":[],"product_cat":[46],"product_tag":[],"class_list":{"0":"post-681","1":"product","2":"type-product","3":"status-publish","4":"has-post-thumbnail","6":"product_cat-kraty","7":"product_shipping_class-brak-wysylki","9":"first","10":"instock","11":"taxable","12":"shipping-taxable","13":"purchasable","14":"product-type-simple"},"_links":{"self":[{"href":"https:\/\/27-215.pl\/index.php\/wp-json\/wp\/v2\/product\/681","targetHints":{"allow":["GET"]}}],"collection":[{"href":"https:\/\/27-215.pl\/index.php\/wp-json\/wp\/v2\/product"}],"about":[{"href":"https:\/\/27-215.pl\/index.php\/wp-json\/wp\/v2\/types\/product"}],"wp:featuredmedia":[{"embeddable":true,"href":"https:\/\/27-215.pl\/index.php\/wp-json\/wp\/v2\/media\/683"}],"wp:attachment":[{"href":"https:\/\/27-215.pl\/index.php\/wp-json\/wp\/v2\/media?parent=681"}],"wp:term":[{"taxonomy":"product_brand","embeddable":true,"href":"https:\/\/27-215.pl\/index.php\/wp-json\/wp\/v2\/product_brand?post=681"},{"taxonomy":"product_cat","embeddable":true,"href":"https:\/\/27-215.pl\/index.php\/wp-json\/wp\/v2\/product_cat?post=681"},{"taxonomy":"product_tag","embeddable":true,"href":"https:\/\/27-215.pl\/index.php\/wp-json\/wp\/v2\/product_tag?post=681"}],"curies":[{"name":"wp","href":"https:\/\/api.w.org\/{rel}","templated":true}]}}