{"id":715,"date":"2025-06-12T22:46:10","date_gmt":"2025-06-12T20:46:10","guid":{"rendered":"https:\/\/www.27-215.pl\/?post_type=product&#038;p=715"},"modified":"2026-04-20T12:25:44","modified_gmt":"2026-04-20T10:25:44","slug":"mata-filcowa-docieplenie-ula-wielkopolskiego","status":"publish","type":"product","link":"https:\/\/27-215.pl\/index.php\/produkt\/mata-filcowa-docieplenie-ula-wielkopolskiego\/","title":{"rendered":"Mata filcowa, docieplenie ula wielkopolskiego"},"content":{"rendered":"<p>Ocieplenie g\u00f3rne ula wielkopolskiego. Filc tapicerski o grubo\u015bci 1cm zapewnia dobr\u0105 izolacj\u0119 ciepln\u0105.<\/p>\n<p>Grubo\u015b\u0107: 1 cm<br \/>\nWymiar: 38&#215;38 cm<\/p>\n","protected":false},"excerpt":{"rendered":"<p>Ocieplenie g\u00f3rne ula wielkopolskiego. Filc tapicerski o grubo\u015bci 1cm zapewnia dobr\u0105 izolacj\u0119 ciepln\u0105. Grubo\u015b\u0107: 1 cm Wymiar: 38&#215;38 cm<\/p>\n","protected":false},"featured_media":716,"template":"","meta":[],"product_brand":[],"product_cat":[41],"product_tag":[],"class_list":{"0":"post-715","1":"product","2":"type-product","3":"status-publish","4":"has-post-thumbnail","6":"product_cat-inne","8":"first","9":"instock","10":"taxable","11":"shipping-taxable","12":"purchasable","13":"product-type-simple"},"_links":{"self":[{"href":"https:\/\/27-215.pl\/index.php\/wp-json\/wp\/v2\/product\/715","targetHints":{"allow":["GET"]}}],"collection":[{"href":"https:\/\/27-215.pl\/index.php\/wp-json\/wp\/v2\/product"}],"about":[{"href":"https:\/\/27-215.pl\/index.php\/wp-json\/wp\/v2\/types\/product"}],"wp:featuredmedia":[{"embeddable":true,"href":"https:\/\/27-215.pl\/index.php\/wp-json\/wp\/v2\/media\/716"}],"wp:attachment":[{"href":"https:\/\/27-215.pl\/index.php\/wp-json\/wp\/v2\/media?parent=715"}],"wp:term":[{"taxonomy":"product_brand","embeddable":true,"href":"https:\/\/27-215.pl\/index.php\/wp-json\/wp\/v2\/product_brand?post=715"},{"taxonomy":"product_cat","embeddable":true,"href":"https:\/\/27-215.pl\/index.php\/wp-json\/wp\/v2\/product_cat?post=715"},{"taxonomy":"product_tag","embeddable":true,"href":"https:\/\/27-215.pl\/index.php\/wp-json\/wp\/v2\/product_tag?post=715"}],"curies":[{"name":"wp","href":"https:\/\/api.w.org\/{rel}","templated":true}]}}