{"id":729,"date":"2025-06-13T10:27:05","date_gmt":"2025-06-13T08:27:05","guid":{"rendered":"https:\/\/www.27-215.pl\/?post_type=product&#038;p=729"},"modified":"2026-04-23T14:10:02","modified_gmt":"2026-04-23T12:10:02","slug":"paski-glicerynowe-z-kwasem-szczawiowym","status":"publish","type":"product","link":"https:\/\/27-215.pl\/index.php\/produkt\/paski-glicerynowe-z-kwasem-szczawiowym\/","title":{"rendered":"Paski glicerynowe z kwasem szczawiowym"},"content":{"rendered":"<p data-start=\"292\" data-end=\"591\">Skuteczne i bezpieczne <strong data-start=\"315\" data-end=\"365\">paski glicerynowe nas\u0105czone kwasem szczawiowym<\/strong>. Przeznaczone do walki z warroz\u0105 w spos\u00f3b naturalny i nieinwazyjny. Dzi\u0119ki stopniowemu uwalnianiu substancji aktywnej dzia\u0142aj\u0105 przez wiele dni, nie zaburzaj\u0105c funkcjonowania rodziny pszczelej.<\/p>\n<p data-start=\"593\" data-end=\"804\">\u2705 <strong data-start=\"595\" data-end=\"614\">Naturalny sk\u0142ad<\/strong> \u2013 kwas szczawiowy i gliceryna<br data-start=\"644\" data-end=\"647\" \/>\u2705 <strong data-start=\"649\" data-end=\"674\">D\u0142ugotrwa\u0142e dzia\u0142anie<\/strong> \u2013 nawet do kilku tygodni<br data-start=\"699\" data-end=\"702\" \/>\u2705 <strong data-start=\"704\" data-end=\"738\">Bezpieczne dla pszcz\u00f3\u0142 i matki<\/strong><br data-start=\"738\" data-end=\"741\" \/>\u2705 <strong data-start=\"743\" data-end=\"764\">\u0141atwe w aplikacji<\/strong> \u2013 wystarczy zawiesi\u0107 w k\u0142\u0119bie pszczelim<\/p>\n<p data-start=\"811\" data-end=\"830\"><strong data-start=\"811\" data-end=\"828\">Zastosowanie:<\/strong><\/p>\n<ul data-start=\"831\" data-end=\"991\">\n<li data-start=\"831\" data-end=\"863\">\n<p data-start=\"833\" data-end=\"863\">biologiczna kontrola warrozy<\/p>\n<\/li>\n<li data-start=\"864\" data-end=\"938\">\n<p data-start=\"866\" data-end=\"938\">do stosowania w sezonie bezczerwiowym lub przy ograniczonym czerwieniu<\/p>\n<\/li>\n<li data-start=\"939\" data-end=\"991\">\n<p data-start=\"941\" data-end=\"991\">alternatywa dla chemicznych \u015brodk\u00f3w warroab\u00f3jczych<\/p>\n<\/li>\n<\/ul>\n","protected":false},"excerpt":{"rendered":"<p>Skuteczne i bezpieczne paski glicerynowe nas\u0105czone kwasem szczawiowym. Przeznaczone do walki z warroz\u0105 w spos\u00f3b naturalny i nieinwazyjny. Dzi\u0119ki stopniowemu uwalnianiu substancji aktywnej dzia\u0142aj\u0105 przez wiele dni, nie zaburzaj\u0105c funkcjonowania rodziny pszczelej. \u2705 Naturalny sk\u0142ad \u2013 kwas szczawiowy i gliceryna\u2705 D\u0142ugotrwa\u0142e dzia\u0142anie \u2013 nawet do kilku tygodni\u2705 Bezpieczne dla pszcz\u00f3\u0142 i matki\u2705 \u0141atwe w aplikacji [&hellip;]<\/p>\n","protected":false},"featured_media":730,"template":"","meta":[],"product_brand":[49],"product_cat":[36],"product_tag":[],"class_list":{"0":"post-729","1":"product","2":"type-product","3":"status-publish","4":"has-post-thumbnail","6":"product_brand-bio-api","7":"product_cat-chemia-pszczelarska","9":"first","10":"instock","11":"taxable","12":"shipping-taxable","13":"purchasable","14":"product-type-simple"},"_links":{"self":[{"href":"https:\/\/27-215.pl\/index.php\/wp-json\/wp\/v2\/product\/729","targetHints":{"allow":["GET"]}}],"collection":[{"href":"https:\/\/27-215.pl\/index.php\/wp-json\/wp\/v2\/product"}],"about":[{"href":"https:\/\/27-215.pl\/index.php\/wp-json\/wp\/v2\/types\/product"}],"wp:featuredmedia":[{"embeddable":true,"href":"https:\/\/27-215.pl\/index.php\/wp-json\/wp\/v2\/media\/730"}],"wp:attachment":[{"href":"https:\/\/27-215.pl\/index.php\/wp-json\/wp\/v2\/media?parent=729"}],"wp:term":[{"taxonomy":"product_brand","embeddable":true,"href":"https:\/\/27-215.pl\/index.php\/wp-json\/wp\/v2\/product_brand?post=729"},{"taxonomy":"product_cat","embeddable":true,"href":"https:\/\/27-215.pl\/index.php\/wp-json\/wp\/v2\/product_cat?post=729"},{"taxonomy":"product_tag","embeddable":true,"href":"https:\/\/27-215.pl\/index.php\/wp-json\/wp\/v2\/product_tag?post=729"}],"curies":[{"name":"wp","href":"https:\/\/api.w.org\/{rel}","templated":true}]}}