{"id":866,"date":"2025-06-20T20:17:27","date_gmt":"2025-06-20T18:17:27","guid":{"rendered":"https:\/\/www.27-215.pl\/?post_type=product&#038;p=866"},"modified":"2026-04-04T08:50:43","modified_gmt":"2026-04-04T06:50:43","slug":"nozevit-plus-50ml","status":"publish","type":"product","link":"https:\/\/27-215.pl\/index.php\/produkt\/nozevit-plus-50ml\/","title":{"rendered":"Nozevit+ 50ml"},"content":{"rendered":"<p data-start=\"243\" data-end=\"565\"><strong data-start=\"243\" data-end=\"261\">Nozevit+ 50 ml<\/strong> to ulepszona wersja znanego preparatu Nozevit, opracowana z my\u015bl\u0105 o <strong data-start=\"330\" data-end=\"404\">profilaktyce i wsparciu pszcz\u00f3\u0142 w walce z chorobami uk\u0142adu pokarmowego<\/strong>, w tym z nosemoz\u0105. Zawiera wy\u0142\u0105cznie <strong data-start=\"442\" data-end=\"474\">naturalne sk\u0142adniki ro\u015blinne<\/strong>, a jego dzia\u0142anie zosta\u0142o rozszerzone o dodatkowe ekstrakty wzmacniaj\u0105ce organizm pszcz\u00f3\u0142. Nowa formu\u0142a zawiera te same sk\u0142adniki aktywne, co Nozevit, plus witaminy, olejki eteryczne i kwas cytrynowy.<\/p>\n<p data-start=\"567\" data-end=\"830\">\u2705 Nowa, silniejsza formu\u0142a<br data-start=\"593\" data-end=\"596\" \/>\u2705 100% sk\u0142adnik\u00f3w naturalnego pochodzenia \ud83c\udf3f<br data-start=\"640\" data-end=\"643\" \/>\u2705 Wspiera zdrowie jelit pszcz\u00f3\u0142 i poprawia ich kondycj\u0119<br data-start=\"698\" data-end=\"701\" \/>\u2705 Do stosowania z syropem lub przez oprysk<br data-start=\"743\" data-end=\"746\" \/>\u2705 Idealny do stosowania po zimowli i w okresie zwi\u0119kszonego stresu rodzin pszczelich<\/p>\n<p data-start=\"837\" data-end=\"856\"><strong data-start=\"837\" data-end=\"854\">Zastosowanie:<\/strong><\/p>\n<ul data-start=\"857\" data-end=\"965\">\n<li data-start=\"857\" data-end=\"897\">\n<p data-start=\"859\" data-end=\"897\">profilaktyka i wsparcie przy nosemie<\/p>\n<\/li>\n<li data-start=\"898\" data-end=\"932\">\n<p data-start=\"900\" data-end=\"932\">podniesienie odporno\u015bci rodzin<\/p>\n<\/li>\n<li data-start=\"933\" data-end=\"965\">\n<p data-start=\"935\" data-end=\"965\">bezpieczny dla matek i czerwiu<\/p>\n<\/li>\n<\/ul>\n<p>&nbsp;<\/p>\n","protected":false},"excerpt":{"rendered":"<p>Nozevit+ 50 ml to ulepszona wersja znanego preparatu Nozevit, opracowana z my\u015bl\u0105 o profilaktyce i wsparciu pszcz\u00f3\u0142 w walce z chorobami uk\u0142adu pokarmowego, w tym z nosemoz\u0105. Zawiera wy\u0142\u0105cznie naturalne sk\u0142adniki ro\u015blinne, a jego dzia\u0142anie zosta\u0142o rozszerzone o dodatkowe ekstrakty wzmacniaj\u0105ce organizm pszcz\u00f3\u0142. Nowa formu\u0142a zawiera te same sk\u0142adniki aktywne, co Nozevit, plus witaminy, olejki [&hellip;]<\/p>\n","protected":false},"featured_media":867,"template":"","meta":[],"product_brand":[],"product_cat":[35],"product_tag":[],"class_list":{"0":"post-866","1":"product","2":"type-product","3":"status-publish","4":"has-post-thumbnail","6":"product_cat-dodatki-paszowe","8":"first","9":"instock","10":"taxable","11":"shipping-taxable","12":"purchasable","13":"product-type-simple"},"_links":{"self":[{"href":"https:\/\/27-215.pl\/index.php\/wp-json\/wp\/v2\/product\/866","targetHints":{"allow":["GET"]}}],"collection":[{"href":"https:\/\/27-215.pl\/index.php\/wp-json\/wp\/v2\/product"}],"about":[{"href":"https:\/\/27-215.pl\/index.php\/wp-json\/wp\/v2\/types\/product"}],"wp:featuredmedia":[{"embeddable":true,"href":"https:\/\/27-215.pl\/index.php\/wp-json\/wp\/v2\/media\/867"}],"wp:attachment":[{"href":"https:\/\/27-215.pl\/index.php\/wp-json\/wp\/v2\/media?parent=866"}],"wp:term":[{"taxonomy":"product_brand","embeddable":true,"href":"https:\/\/27-215.pl\/index.php\/wp-json\/wp\/v2\/product_brand?post=866"},{"taxonomy":"product_cat","embeddable":true,"href":"https:\/\/27-215.pl\/index.php\/wp-json\/wp\/v2\/product_cat?post=866"},{"taxonomy":"product_tag","embeddable":true,"href":"https:\/\/27-215.pl\/index.php\/wp-json\/wp\/v2\/product_tag?post=866"}],"curies":[{"name":"wp","href":"https:\/\/api.w.org\/{rel}","templated":true}]}}