{"id":930,"date":"2025-07-07T17:55:27","date_gmt":"2025-07-07T15:55:27","guid":{"rendered":"https:\/\/www.27-215.pl\/?post_type=product&#038;p=930"},"modified":"2026-04-04T08:50:57","modified_gmt":"2026-04-04T06:50:57","slug":"ogrody-dla-pszczol-i-dla-ciebie","status":"publish","type":"product","link":"https:\/\/27-215.pl\/index.php\/produkt\/ogrody-dla-pszczol-i-dla-ciebie\/","title":{"rendered":"Ogrody dla pszcz\u00f3\u0142 i dla Ciebie"},"content":{"rendered":"<p>Cz\u0142owiek mo\u017ce przyczyni\u0107 si\u0119 do ochrony pszcz\u00f3\u0142 poprzez tworzenie dla nich \u201eszwedzkiego bufetu&#8221; w swoich ogrodach. W ko\u0144cu doskonale zdajemy sobie spraw\u0119 jak wa\u017cne s\u0105 dla nas owady zapylaj\u0105ce. Cz\u0119sto zapominamy te\u017c, \u017ce ogrody to tak\u017ce doskona\u0142e miejsce do odpoczynku (hamak + ksi\u0105\u017cka + lemoniada = perfekcja), jak r\u00f3wnie\u017c pi\u0119kne enklawy kwitn\u0105cych ro\u015blin, kt\u00f3re mog\u0105 nam tak\u017ce dostarcza\u0107 warzyw, owoc\u00f3w i zi\u00f3\u0142. W broszurce zawar\u0142am tylko sugerowane odmiany i gatunki ro\u015blin, kt\u00f3re mo\u017cesz posadzi\u0107 w swoim ogrodzie. S\u0105 uszeregowane wed\u0142ug miesi\u0119cy, w kt\u00f3rych zazwyczaj zaczynaj\u0105 kwitn\u0105\u0107. My\u015bl\u0105c o pszczo\u0142ach, nie zapominajmy o sobie. Dlatego powiedz stanowcze \u201eNIE!&#8221; wypiel\u0119gnowanym trawnikom!<\/p>\n<p>Wydawnictwo: BEE &#038; HONEY<br \/>\nAutor: Martyna Walerowicz<br \/>\nRok wydania: 2018<br \/>\nLiczba stron: 25<br \/>\nOprawa: mi\u0119kka<br \/>\nWymiary: 145 x 205 mm<br \/>\nZdj\u0119cie ksi\u0105\u017cki pogl\u0105dowe<br \/>\nISBN: 978-83-947516-7-8<\/p>\n","protected":false},"excerpt":{"rendered":"<p>Cz\u0142owiek mo\u017ce przyczyni\u0107 si\u0119 do ochrony pszcz\u00f3\u0142 poprzez tworzenie dla nich \u201eszwedzkiego bufetu&#8221; w swoich ogrodach. W ko\u0144cu doskonale zdajemy sobie spraw\u0119 jak wa\u017cne s\u0105 dla nas owady zapylaj\u0105ce. Cz\u0119sto zapominamy te\u017c, \u017ce ogrody to tak\u017ce doskona\u0142e miejsce do odpoczynku (hamak + ksi\u0105\u017cka + lemoniada = perfekcja), jak r\u00f3wnie\u017c pi\u0119kne enklawy kwitn\u0105cych ro\u015blin, kt\u00f3re mog\u0105 [&hellip;]<\/p>\n","protected":false},"featured_media":931,"template":"","meta":[],"product_brand":[],"product_cat":[18],"product_tag":[],"class_list":{"0":"post-930","1":"product","2":"type-product","3":"status-publish","4":"has-post-thumbnail","6":"product_cat-literatura","8":"first","9":"outofstock","10":"taxable","11":"shipping-taxable","12":"purchasable","13":"product-type-simple"},"_links":{"self":[{"href":"https:\/\/27-215.pl\/index.php\/wp-json\/wp\/v2\/product\/930","targetHints":{"allow":["GET"]}}],"collection":[{"href":"https:\/\/27-215.pl\/index.php\/wp-json\/wp\/v2\/product"}],"about":[{"href":"https:\/\/27-215.pl\/index.php\/wp-json\/wp\/v2\/types\/product"}],"wp:featuredmedia":[{"embeddable":true,"href":"https:\/\/27-215.pl\/index.php\/wp-json\/wp\/v2\/media\/931"}],"wp:attachment":[{"href":"https:\/\/27-215.pl\/index.php\/wp-json\/wp\/v2\/media?parent=930"}],"wp:term":[{"taxonomy":"product_brand","embeddable":true,"href":"https:\/\/27-215.pl\/index.php\/wp-json\/wp\/v2\/product_brand?post=930"},{"taxonomy":"product_cat","embeddable":true,"href":"https:\/\/27-215.pl\/index.php\/wp-json\/wp\/v2\/product_cat?post=930"},{"taxonomy":"product_tag","embeddable":true,"href":"https:\/\/27-215.pl\/index.php\/wp-json\/wp\/v2\/product_tag?post=930"}],"curies":[{"name":"wp","href":"https:\/\/api.w.org\/{rel}","templated":true}]}}