{"id":946,"date":"2025-07-07T20:23:26","date_gmt":"2025-07-07T18:23:26","guid":{"rendered":"https:\/\/www.27-215.pl\/?post_type=product&#038;p=946"},"modified":"2026-04-04T08:50:54","modified_gmt":"2026-04-04T06:50:54","slug":"dluto-nierdzewne-ze-skrobakiem-czerwone","status":"publish","type":"product","link":"https:\/\/27-215.pl\/index.php\/produkt\/dluto-nierdzewne-ze-skrobakiem-czerwone\/","title":{"rendered":"D\u0142uto nierdzewne ze skrobakiem czerwone"},"content":{"rendered":"<p>Por\u0119czne d\u0142uto pasieczne to narz\u0119dzie, kt\u00f3re musi by\u0107 na wyposa\u017ceniu ka\u017cdej pasieki. Dzi\u0119ki lakierowanej po\u0142owie d\u0142uta na czerwony kolor \u0142atwiej znale\u017a\u0107 je np. w trawie.<\/p>\n<p>D\u0142ugo\u015b\u0107 ca\u0142kowita: 24 cm<br \/>\nSzeroko\u015b\u0107 ostrza: 4 cm<\/p>\n<p>&nbsp;<\/p>\n","protected":false},"excerpt":{"rendered":"<p>Por\u0119czne d\u0142uto pasieczne to narz\u0119dzie, kt\u00f3re musi by\u0107 na wyposa\u017ceniu ka\u017cdej pasieki. Dzi\u0119ki lakierowanej po\u0142owie d\u0142uta na czerwony kolor \u0142atwiej znale\u017a\u0107 je np. w trawie. D\u0142ugo\u015b\u0107 ca\u0142kowita: 24 cm Szeroko\u015b\u0107 ostrza: 4 cm &nbsp;<\/p>\n","protected":false},"featured_media":947,"template":"","meta":[],"product_brand":[],"product_cat":[57],"product_tag":[],"class_list":{"0":"post-946","1":"product","2":"type-product","3":"status-publish","4":"has-post-thumbnail","6":"product_cat-dluta","8":"first","9":"instock","10":"taxable","11":"shipping-taxable","12":"purchasable","13":"product-type-simple"},"_links":{"self":[{"href":"https:\/\/27-215.pl\/index.php\/wp-json\/wp\/v2\/product\/946","targetHints":{"allow":["GET"]}}],"collection":[{"href":"https:\/\/27-215.pl\/index.php\/wp-json\/wp\/v2\/product"}],"about":[{"href":"https:\/\/27-215.pl\/index.php\/wp-json\/wp\/v2\/types\/product"}],"wp:featuredmedia":[{"embeddable":true,"href":"https:\/\/27-215.pl\/index.php\/wp-json\/wp\/v2\/media\/947"}],"wp:attachment":[{"href":"https:\/\/27-215.pl\/index.php\/wp-json\/wp\/v2\/media?parent=946"}],"wp:term":[{"taxonomy":"product_brand","embeddable":true,"href":"https:\/\/27-215.pl\/index.php\/wp-json\/wp\/v2\/product_brand?post=946"},{"taxonomy":"product_cat","embeddable":true,"href":"https:\/\/27-215.pl\/index.php\/wp-json\/wp\/v2\/product_cat?post=946"},{"taxonomy":"product_tag","embeddable":true,"href":"https:\/\/27-215.pl\/index.php\/wp-json\/wp\/v2\/product_tag?post=946"}],"curies":[{"name":"wp","href":"https:\/\/api.w.org\/{rel}","templated":true}]}}