{"id":956,"date":"2025-07-07T20:34:10","date_gmt":"2025-07-07T18:34:10","guid":{"rendered":"https:\/\/www.27-215.pl\/?post_type=product&#038;p=956"},"modified":"2026-04-04T08:50:57","modified_gmt":"2026-04-04T06:50:57","slug":"podkurzacz-ocynkowany-z-wkladem-duzy","status":"publish","type":"product","link":"https:\/\/27-215.pl\/index.php\/produkt\/podkurzacz-ocynkowany-z-wkladem-duzy\/","title":{"rendered":"Podkurzacz ocynkowany z wk\u0142adem &#8211; du\u017cy"},"content":{"rendered":"<p>Du\u017cy podkurzacz zapewniaj\u0105cy d\u0142ug\u0105 i nieprzerwan\u0105 prac\u0119 podczas przegl\u0105d\u00f3w na pasiece.<\/p>\n<p>Wyposa\u017cony w specjalny zbiornik w kt\u00f3rym odbywa si\u0119 spalanie pr\u00f3chna, zi\u00f3\u0142 czy pelletu.<\/p>\n<p>Mieszek wykonany ze sk\u00f3ry.<\/p>\n<p>\u015arednica korpusu: 9 cm<br \/>\nWysoko\u015b\u0107 korpusu: 19 cm<br \/>\nWysoko\u015b\u0107 ca\u0142kowita: 31 cm<\/p>\n<p>\u015arednica zbiornika: 8,5 cm<br \/>\nWysoko\u015b\u0107 zbiornika: 15 cm<\/p>\n<p>Rozmiar miecha: 10,5 x 19 cm<\/p>\n","protected":false},"excerpt":{"rendered":"<p>Du\u017cy podkurzacz zapewniaj\u0105cy d\u0142ug\u0105 i nieprzerwan\u0105 prac\u0119 podczas przegl\u0105d\u00f3w na pasiece. Wyposa\u017cony w specjalny zbiornik w kt\u00f3rym odbywa si\u0119 spalanie pr\u00f3chna, zi\u00f3\u0142 czy pelletu. Mieszek wykonany ze sk\u00f3ry. \u015arednica korpusu: 9 cm Wysoko\u015b\u0107 korpusu: 19 cm Wysoko\u015b\u0107 ca\u0142kowita: 31 cm \u015arednica zbiornika: 8,5 cm Wysoko\u015b\u0107 zbiornika: 15 cm Rozmiar miecha: 10,5 x 19 cm<\/p>\n","protected":false},"featured_media":957,"template":"","meta":[],"product_brand":[],"product_cat":[58],"product_tag":[],"class_list":{"0":"post-956","1":"product","2":"type-product","3":"status-publish","4":"has-post-thumbnail","6":"product_cat-podkurzacze","8":"first","9":"instock","10":"taxable","11":"shipping-taxable","12":"purchasable","13":"product-type-simple"},"_links":{"self":[{"href":"https:\/\/27-215.pl\/index.php\/wp-json\/wp\/v2\/product\/956","targetHints":{"allow":["GET"]}}],"collection":[{"href":"https:\/\/27-215.pl\/index.php\/wp-json\/wp\/v2\/product"}],"about":[{"href":"https:\/\/27-215.pl\/index.php\/wp-json\/wp\/v2\/types\/product"}],"wp:featuredmedia":[{"embeddable":true,"href":"https:\/\/27-215.pl\/index.php\/wp-json\/wp\/v2\/media\/957"}],"wp:attachment":[{"href":"https:\/\/27-215.pl\/index.php\/wp-json\/wp\/v2\/media?parent=956"}],"wp:term":[{"taxonomy":"product_brand","embeddable":true,"href":"https:\/\/27-215.pl\/index.php\/wp-json\/wp\/v2\/product_brand?post=956"},{"taxonomy":"product_cat","embeddable":true,"href":"https:\/\/27-215.pl\/index.php\/wp-json\/wp\/v2\/product_cat?post=956"},{"taxonomy":"product_tag","embeddable":true,"href":"https:\/\/27-215.pl\/index.php\/wp-json\/wp\/v2\/product_tag?post=956"}],"curies":[{"name":"wp","href":"https:\/\/api.w.org\/{rel}","templated":true}]}}